{"id":842,"date":"2019-02-01T22:06:04","date_gmt":"2019-02-01T21:06:04","guid":{"rendered":"https:\/\/www.georgesnaef.com\/?page_id=842"},"modified":"2019-02-01T22:06:04","modified_gmt":"2019-02-01T21:06:04","slug":"nos-collections","status":"publish","type":"page","link":"https:\/\/www.naef.douce-france.net\/index.php\/nos-collections\/","title":{"rendered":"Nos collections"},"content":{"rendered":"<div align=\"center\">\n<h3>Les \u00e9ditions Georges Naef d\u00e9clinent leurs publications en cinq collections dont quatre th\u00e9matiques<\/h3>\n<h4>&nbsp;<\/h4>\n<h4 style=\"text-align: left;\"><a href=\"https:\/\/www.georgesnaef.com\/esprit-des-arts\/\">L&rsquo;Esprit des Arts<\/a>&nbsp;&#8211; Un regard nouveau et r\u00e9f\u00e9renc\u00e9 sur les grands sujets du monde des arts.<\/h4>\n<h4 style=\"text-align: left;\"><a href=\"https:\/\/www.georgesnaef.com\/aventure-du-monde\/\">L&rsquo;Aventure du monde<\/a>&nbsp;&#8211; Civilisations, \u00e9cosyst\u00e8mes et grands hommes qui ont marqu\u00e9s l&rsquo;histoire de l&rsquo;humanit\u00e9&#8230;<\/h4>\n<h4 style=\"text-align: left;\"><a href=\"https:\/\/www.georgesnaef.com\/terres-de-passion\/\">Terre de passion<\/a>&nbsp; &#8211;&nbsp; Paysages f\u00e9\u00e9riques, communaut\u00e9s de vie fig\u00e9es dans leurs traditions&#8230;<\/h4>\n<h4 style=\"text-align: left;\"><a href=\"https:\/\/www.georgesnaef.com\/evasion\/\">\u00c9vasion<\/a> &#8211;&nbsp;Endroits de r\u00eaves, appels aux voyages et a l&rsquo;\u00e9vasion.<\/h4>\n<h4 style=\"text-align: left;\"><a href=\"https:\/\/www.georgesnaef.com\/hors-collection\/\">Hors-collection<\/a> &#8211;&nbsp;Ouvrages passionnants et atypiques<\/h4>\n<\/div>\n\n\n<div class=\"wide\"><ul id=\"liste-galeries\">\n<li><a href=\"https:\/\/www.georgesnaef.com\/esprit-des-arts\/\"><img decoding=\"async\" src=\"http:\/\/www.naef.douce-france.net\/wp-content\/uploads\/2019\/04\/esprit-des-arts.jpg\" alt=\"collection-espritdesarts\"><\/a><\/li>\n<li><a href=\"https:\/\/www.georgesnaef.com\/aventure-du-monde\/\"><img decoding=\"async\" src=\"http:\/\/www.naef.douce-france.net\/wp-content\/uploads\/2019\/04\/aventuredumonde-v2.jpg\" alt=\"collections-aventure\"><\/a><\/li>\n<li><a href=\"https:\/\/www.georgesnaef.com\/terres-de-passion\/\"><img decoding=\"async\" src=\"http:\/\/www.naef.douce-france.net\/wp-content\/uploads\/2019\/04\/terresdepassion.jpg\" alt=\"terrespassion\"><\/a><\/li>\n<li><a href=\"https:\/\/www.georgesnaef.com\/evasion\/\"><img decoding=\"async\" src=\"http:\/\/www.naef.douce-france.net\/wp-content\/uploads\/2019\/04\/evasion-v2.jpg\" alt=\"collection-evasion\"><\/a><\/li>\n<li><a href=\"https:\/\/www.georgesnaef.com\/hors-collection\/\"><img decoding=\"async\" src=\"http:\/\/www.naef.douce-france.net\/wp-content\/uploads\/2019\/04\/hors-collection-v2.jpg\" alt=\"horscollection\"><\/a><\/li>\n<li><\/li>\n<\/ul>\n<\/div>\n","protected":false},"excerpt":{"rendered":"<p>Les \u00e9ditions Georges Naef d\u00e9clinent leurs publications en cinq collections dont quatre th\u00e9matiques &nbsp; L&rsquo;Esprit des Arts&nbsp;&#8211; Un regard nouveau et r\u00e9f\u00e9renc\u00e9 sur les grands sujets du monde des arts. L&rsquo;Aventure du monde&nbsp;&#8211; Civilisations, \u00e9cosyst\u00e8mes et grands hommes qui ont marqu\u00e9s l&rsquo;histoire de l&rsquo;humanit\u00e9&#8230; Terre de passion&nbsp; &#8211;&nbsp; Paysages f\u00e9\u00e9riques, communaut\u00e9s de vie fig\u00e9es dans [&hellip;]<\/p>\n","protected":false},"author":2,"featured_media":0,"parent":0,"menu_order":0,"comment_status":"closed","ping_status":"closed","template":"page-templates\/page-nosidebars.php","meta":{"ngg_post_thumbnail":0,"footnotes":""},"class_list":["post-842","page","type-page","status-publish","hentry"],"_links":{"self":[{"href":"https:\/\/www.naef.douce-france.net\/index.php\/wp-json\/wp\/v2\/pages\/842","targetHints":{"allow":["GET"]}}],"collection":[{"href":"https:\/\/www.naef.douce-france.net\/index.php\/wp-json\/wp\/v2\/pages"}],"about":[{"href":"https:\/\/www.naef.douce-france.net\/index.php\/wp-json\/wp\/v2\/types\/page"}],"author":[{"embeddable":true,"href":"https:\/\/www.naef.douce-france.net\/index.php\/wp-json\/wp\/v2\/users\/2"}],"replies":[{"embeddable":true,"href":"https:\/\/www.naef.douce-france.net\/index.php\/wp-json\/wp\/v2\/comments?post=842"}],"version-history":[{"count":0,"href":"https:\/\/www.naef.douce-france.net\/index.php\/wp-json\/wp\/v2\/pages\/842\/revisions"}],"wp:attachment":[{"href":"https:\/\/www.naef.douce-france.net\/index.php\/wp-json\/wp\/v2\/media?parent=842"}],"curies":[{"name":"wp","href":"https:\/\/api.w.org\/{rel}","templated":true}]}}

<div align="center">
<h3>Les éditions Georges Naef déclinent leurs publications en cinq collections dont quatre thématiques</h3>
<h4>&nbsp;</h4>
<h4 style="text-align: left;"><a href="https://www.georgesnaef.com/esprit-des-arts/">L&rsquo;Esprit des Arts</a>&nbsp;&#8211; Un regard nouveau et référencé sur les grands sujets du monde des arts.</h4>
<h4 style="text-align: left;"><a href="https://www.georgesnaef.com/aventure-du-monde/">L&rsquo;Aventure du monde</a>&nbsp;&#8211; Civilisations, écosystèmes et grands hommes qui ont marqués l&rsquo;histoire de l&rsquo;humanité&#8230;</h4>
<h4 style="text-align: left;"><a href="https://www.georgesnaef.com/terres-de-passion/">Terre de passion</a>&nbsp; &#8211;&nbsp; Paysages féériques, communautés de vie figées dans leurs traditions&#8230;</h4>
<h4 style="text-align: left;"><a href="https://www.georgesnaef.com/evasion/">Évasion</a> &#8211;&nbsp;Endroits de rêves, appels aux voyages et a l&rsquo;évasion.</h4>
<h4 style="text-align: left;"><a href="https://www.georgesnaef.com/hors-collection/">Hors-collection</a> &#8211;&nbsp;Ouvrages passionnants et atypiques</h4>
</div>


<div class="wide"><ul id="liste-galeries">
<li><a href="https://www.georgesnaef.com/esprit-des-arts/"><img decoding="async" src="http://www.naef.douce-france.net/wp-content/uploads/2019/04/esprit-des-arts.jpg" alt="collection-espritdesarts"></a></li>
<li><a href="https://www.georgesnaef.com/aventure-du-monde/"><img decoding="async" src="http://www.naef.douce-france.net/wp-content/uploads/2019/04/aventuredumonde-v2.jpg" alt="collections-aventure"></a></li>
<li><a href="https://www.georgesnaef.com/terres-de-passion/"><img decoding="async" src="http://www.naef.douce-france.net/wp-content/uploads/2019/04/terresdepassion.jpg" alt="terrespassion"></a></li>
<li><a href="https://www.georgesnaef.com/evasion/"><img decoding="async" src="http://www.naef.douce-france.net/wp-content/uploads/2019/04/evasion-v2.jpg" alt="collection-evasion"></a></li>
<li><a href="https://www.georgesnaef.com/hors-collection/"><img decoding="async" src="http://www.naef.douce-france.net/wp-content/uploads/2019/04/hors-collection-v2.jpg" alt="horscollection"></a></li>
<li></li>
</ul>
</div>

<p>Les éditions Georges Naef déclinent leurs publications en cinq collections dont quatre thématiques &nbsp; L&rsquo;Esprit des Arts&nbsp;&#8211; Un regard nouveau et référencé sur les grands sujets du monde des arts. L&rsquo;Aventure du monde&nbsp;&#8211; Civilisations, écosystèmes et grands hommes qui ont marqués l&rsquo;histoire de l&rsquo;humanité&#8230; Terre de passion&nbsp; &#8211;&nbsp; Paysages féériques, communautés de vie figées dans [&hellip;]</p>
