{"id":744,"date":"2019-01-16T09:20:37","date_gmt":"2019-01-16T08:20:37","guid":{"rendered":"https:\/\/www.georgesnaef.com\/?page_id=744"},"modified":"2019-01-16T09:20:37","modified_gmt":"2019-01-16T08:20:37","slug":"la-merveilleuses-provence-des-peintres","status":"publish","type":"page","link":"https:\/\/www.naef.douce-france.net\/index.php\/la-merveilleuses-provence-des-peintres\/","title":{"rendered":"La Merveilleuses Provence des Peintres"},"content":{"rendered":"<p><span style=\"font-size: 10pt;\"><span style=\"font-family: arial, helvetica, sans-serif; color: #000080;\"><strong><em><img loading=\"lazy\" decoding=\"async\" class=\"size-medium wp-image-745 alignleft\" src=\"https:\/\/www.georgesnaef.com\/wp-content\/uploads\/2019\/01\/provence-265x300.jpg\" alt=\"\" width=\"265\" height=\"300\" srcset=\"https:\/\/www.naef.douce-france.net\/wp-content\/uploads\/2019\/01\/provence-265x300.jpg 265w, https:\/\/www.naef.douce-france.net\/wp-content\/uploads\/2019\/01\/provence-904x1024.jpg 904w, https:\/\/www.naef.douce-france.net\/wp-content\/uploads\/2019\/01\/provence-768x870.jpg 768w, https:\/\/www.naef.douce-france.net\/wp-content\/uploads\/2019\/01\/provence-1356x1536.jpg 1356w, https:\/\/www.naef.douce-france.net\/wp-content\/uploads\/2019\/01\/provence.jpg 1759w\" sizes=\"auto, (max-width: 265px) 100vw, 265px\" \/>Andr\u00e9 Aluzer di Genova<\/em><\/strong><\/span><\/span><span style=\"font-family: arial, helvetica, sans-serif; font-size: 10pt;\"><br \/>\nLa Provence, la magie de sa lumi\u00e8re, ses monuments et ses paysages mythiques m\u00e9ritent le regard \u00e9merveill\u00e9 des peintres.<br \/>\nPour notre bonheur, ils ont c\u00e9l\u00e9br\u00e9 le g\u00e9ant Mont Ventoux et l&rsquo;alti\u00e8re Sainte Victoire. Ils ont v\u00e9n\u00e9r\u00e9 le Pont du Gard et la basilique Saint-Victor&#8230; Ils se sont attard\u00e9s sur les deux rives du Rh\u00f4ne, aimant autant celle de Villeneuve que celle d&rsquo;Avignon. Ils ne se sont pas content\u00e9s d&rsquo;Arles et de la Camargue, ils ont investi les Alpilles et la Montagnette pour interroger le rocher des Baux.<\/span><\/p>\n<p><span style=\"font-family: arial, helvetica, sans-serif; font-size: 12pt;\"><strong>Epuis\u00e9<\/strong><\/span><\/p>\n","protected":false},"excerpt":{"rendered":"<p>Andr\u00e9 Aluzer di Genova La Provence, la magie de sa lumi\u00e8re, ses monuments et ses paysages mythiques m\u00e9ritent le regard \u00e9merveill\u00e9 des peintres. Pour notre bonheur, ils ont c\u00e9l\u00e9br\u00e9 le g\u00e9ant Mont Ventoux et l&rsquo;alti\u00e8re Sainte Victoire. Ils ont v\u00e9n\u00e9r\u00e9 le Pont du Gard et la basilique Saint-Victor&#8230; Ils se sont attard\u00e9s sur les deux [&hellip;]<\/p>\n","protected":false},"author":2,"featured_media":0,"parent":0,"menu_order":0,"comment_status":"closed","ping_status":"closed","template":"","meta":{"ngg_post_thumbnail":0,"footnotes":""},"class_list":["post-744","page","type-page","status-publish","hentry"],"_links":{"self":[{"href":"https:\/\/www.naef.douce-france.net\/index.php\/wp-json\/wp\/v2\/pages\/744","targetHints":{"allow":["GET"]}}],"collection":[{"href":"https:\/\/www.naef.douce-france.net\/index.php\/wp-json\/wp\/v2\/pages"}],"about":[{"href":"https:\/\/www.naef.douce-france.net\/index.php\/wp-json\/wp\/v2\/types\/page"}],"author":[{"embeddable":true,"href":"https:\/\/www.naef.douce-france.net\/index.php\/wp-json\/wp\/v2\/users\/2"}],"replies":[{"embeddable":true,"href":"https:\/\/www.naef.douce-france.net\/index.php\/wp-json\/wp\/v2\/comments?post=744"}],"version-history":[{"count":0,"href":"https:\/\/www.naef.douce-france.net\/index.php\/wp-json\/wp\/v2\/pages\/744\/revisions"}],"wp:attachment":[{"href":"https:\/\/www.naef.douce-france.net\/index.php\/wp-json\/wp\/v2\/media?parent=744"}],"curies":[{"name":"wp","href":"https:\/\/api.w.org\/{rel}","templated":true}]}}

<p><span style="font-size: 10pt;"><span style="font-family: arial, helvetica, sans-serif; color: #000080;"><strong><em><img loading="lazy" decoding="async" class="size-medium wp-image-745 alignleft" src="https://www.georgesnaef.com/wp-content/uploads/2019/01/provence-265x300.jpg" alt="" width="265" height="300" srcset="https://www.naef.douce-france.net/wp-content/uploads/2019/01/provence-265x300.jpg 265w, https://www.naef.douce-france.net/wp-content/uploads/2019/01/provence-904x1024.jpg 904w, https://www.naef.douce-france.net/wp-content/uploads/2019/01/provence-768x870.jpg 768w, https://www.naef.douce-france.net/wp-content/uploads/2019/01/provence-1356x1536.jpg 1356w, https://www.naef.douce-france.net/wp-content/uploads/2019/01/provence.jpg 1759w" sizes="auto, (max-width: 265px) 100vw, 265px" />André Aluzer di Genova</em></strong></span></span><span style="font-family: arial, helvetica, sans-serif; font-size: 10pt;"><br />
La Provence, la magie de sa lumière, ses monuments et ses paysages mythiques méritent le regard émerveillé des peintres.<br />
Pour notre bonheur, ils ont célébré le géant Mont Ventoux et l&rsquo;altière Sainte Victoire. Ils ont vénéré le Pont du Gard et la basilique Saint-Victor&#8230; Ils se sont attardés sur les deux rives du Rhône, aimant autant celle de Villeneuve que celle d&rsquo;Avignon. Ils ne se sont pas contentés d&rsquo;Arles et de la Camargue, ils ont investi les Alpilles et la Montagnette pour interroger le rocher des Baux.</span></p>
<p><span style="font-family: arial, helvetica, sans-serif; font-size: 12pt;"><strong>Epuisé</strong></span></p>

<p>André Aluzer di Genova La Provence, la magie de sa lumière, ses monuments et ses paysages mythiques méritent le regard émerveillé des peintres. Pour notre bonheur, ils ont célébré le géant Mont Ventoux et l&rsquo;altière Sainte Victoire. Ils ont vénéré le Pont du Gard et la basilique Saint-Victor&#8230; Ils se sont attardés sur les deux [&hellip;]</p>
