{"id":728,"date":"2019-01-16T08:51:36","date_gmt":"2019-01-16T07:51:36","guid":{"rendered":"https:\/\/www.georgesnaef.com\/?page_id=728"},"modified":"2019-01-16T08:51:36","modified_gmt":"2019-01-16T07:51:36","slug":"le-grand-livre-de-la-peinture","status":"publish","type":"page","link":"https:\/\/www.naef.douce-france.net\/index.php\/le-grand-livre-de-la-peinture\/","title":{"rendered":"Le Grand Livre de la Peinture"},"content":{"rendered":"<p><span style=\"font-size: 10pt;\"><span style=\"font-family: arial, helvetica, sans-serif; color: #000080;\"><strong><em><img loading=\"lazy\" decoding=\"async\" class=\"size-medium wp-image-729 alignleft\" src=\"https:\/\/www.georgesnaef.com\/wp-content\/uploads\/2019\/01\/peinture-300x230.jpg\" alt=\"\" width=\"300\" height=\"230\" srcset=\"https:\/\/www.naef.douce-france.net\/wp-content\/uploads\/2019\/01\/peinture-300x230.jpg 300w, https:\/\/www.naef.douce-france.net\/wp-content\/uploads\/2019\/01\/peinture-1024x785.jpg 1024w, https:\/\/www.naef.douce-france.net\/wp-content\/uploads\/2019\/01\/peinture-768x589.jpg 768w, https:\/\/www.naef.douce-france.net\/wp-content\/uploads\/2019\/01\/peinture-1536x1178.jpg 1536w, https:\/\/www.naef.douce-france.net\/wp-content\/uploads\/2019\/01\/peinture-2048x1570.jpg 2048w\" sizes=\"auto, (max-width: 300px) 100vw, 300px\" \/>Textes de :<br \/>\nMichel de Gr\u00e8ce<br \/>\nPontus Hulten<br \/>\nUlrich Krempel<br \/>\nYoko Masuda<br \/>\nJanice Parente<br \/>\nPierre Restani<br \/>\n<\/em><\/strong><\/span><\/span><span style=\"font-family: arial, helvetica, sans-serif; font-size: 10pt;\">2 volumes de plus de 450 pages pr\u00e9sent\u00e9 dans un luxueux coffret de format 25cm par 32cm repr\u00e9sentant les courants artistiques les plus importants de l\u2019art pictural.<\/span><\/p>\n<p><span style=\"font-family: arial, helvetica, sans-serif; font-size: 12pt;\"><strong>\u20ac 148.- &#8211;&nbsp; &nbsp;CHF 179.- &#8211; (Coffret 2 volumes)<\/strong><\/span><\/p>\n","protected":false},"excerpt":{"rendered":"<p>Textes de : Michel de Gr\u00e8ce Pontus Hulten Ulrich Krempel Yoko Masuda Janice Parente Pierre Restani 2 volumes de plus de 450 pages pr\u00e9sent\u00e9 dans un luxueux coffret de format 25cm par 32cm repr\u00e9sentant les courants artistiques les plus importants de l\u2019art pictural. \u20ac 148.- &#8211;&nbsp; &nbsp;CHF 179.- &#8211; (Coffret 2 volumes)<\/p>\n","protected":false},"author":2,"featured_media":0,"parent":0,"menu_order":0,"comment_status":"closed","ping_status":"closed","template":"","meta":{"ngg_post_thumbnail":0,"footnotes":""},"class_list":["post-728","page","type-page","status-publish","hentry"],"_links":{"self":[{"href":"https:\/\/www.naef.douce-france.net\/index.php\/wp-json\/wp\/v2\/pages\/728","targetHints":{"allow":["GET"]}}],"collection":[{"href":"https:\/\/www.naef.douce-france.net\/index.php\/wp-json\/wp\/v2\/pages"}],"about":[{"href":"https:\/\/www.naef.douce-france.net\/index.php\/wp-json\/wp\/v2\/types\/page"}],"author":[{"embeddable":true,"href":"https:\/\/www.naef.douce-france.net\/index.php\/wp-json\/wp\/v2\/users\/2"}],"replies":[{"embeddable":true,"href":"https:\/\/www.naef.douce-france.net\/index.php\/wp-json\/wp\/v2\/comments?post=728"}],"version-history":[{"count":0,"href":"https:\/\/www.naef.douce-france.net\/index.php\/wp-json\/wp\/v2\/pages\/728\/revisions"}],"wp:attachment":[{"href":"https:\/\/www.naef.douce-france.net\/index.php\/wp-json\/wp\/v2\/media?parent=728"}],"curies":[{"name":"wp","href":"https:\/\/api.w.org\/{rel}","templated":true}]}}

<p><span style="font-size: 10pt;"><span style="font-family: arial, helvetica, sans-serif; color: #000080;"><strong><em><img loading="lazy" decoding="async" class="size-medium wp-image-729 alignleft" src="https://www.georgesnaef.com/wp-content/uploads/2019/01/peinture-300x230.jpg" alt="" width="300" height="230" srcset="https://www.naef.douce-france.net/wp-content/uploads/2019/01/peinture-300x230.jpg 300w, https://www.naef.douce-france.net/wp-content/uploads/2019/01/peinture-1024x785.jpg 1024w, https://www.naef.douce-france.net/wp-content/uploads/2019/01/peinture-768x589.jpg 768w, https://www.naef.douce-france.net/wp-content/uploads/2019/01/peinture-1536x1178.jpg 1536w, https://www.naef.douce-france.net/wp-content/uploads/2019/01/peinture-2048x1570.jpg 2048w" sizes="auto, (max-width: 300px) 100vw, 300px" />Textes de :<br />
Michel de Grèce<br />
Pontus Hulten<br />
Ulrich Krempel<br />
Yoko Masuda<br />
Janice Parente<br />
Pierre Restani<br />
</em></strong></span></span><span style="font-family: arial, helvetica, sans-serif; font-size: 10pt;">2 volumes de plus de 450 pages présenté dans un luxueux coffret de format 25cm par 32cm représentant les courants artistiques les plus importants de l’art pictural.</span></p>
<p><span style="font-family: arial, helvetica, sans-serif; font-size: 12pt;"><strong>€ 148.- &#8211;&nbsp; &nbsp;CHF 179.- &#8211; (Coffret 2 volumes)</strong></span></p>

<p>Textes de : Michel de Grèce Pontus Hulten Ulrich Krempel Yoko Masuda Janice Parente Pierre Restani 2 volumes de plus de 450 pages présenté dans un luxueux coffret de format 25cm par 32cm représentant les courants artistiques les plus importants de l’art pictural. € 148.- &#8211;&nbsp; &nbsp;CHF 179.- &#8211; (Coffret 2 volumes)</p>
