{"id":711,"date":"2019-01-16T08:07:38","date_gmt":"2019-01-16T07:07:38","guid":{"rendered":"https:\/\/www.georgesnaef.com\/?page_id=711"},"modified":"2019-01-16T08:07:38","modified_gmt":"2019-01-16T07:07:38","slug":"la-descente-du-nil","status":"publish","type":"page","link":"https:\/\/www.naef.douce-france.net\/index.php\/la-descente-du-nil\/","title":{"rendered":"L&rsquo;Egypte. La Descente du Nil"},"content":{"rendered":"<p><span style=\"font-size: 10pt;\"><span style=\"font-family: arial, helvetica, sans-serif; color: #000080;\"><strong><em><img loading=\"lazy\" decoding=\"async\" class=\"size-medium wp-image-712 alignleft\" src=\"https:\/\/www.georgesnaef.com\/wp-content\/uploads\/2019\/01\/nil-300x279.jpg\" alt=\"\" width=\"300\" height=\"279\" srcset=\"https:\/\/www.naef.douce-france.net\/wp-content\/uploads\/2019\/01\/nil-300x279.jpg 300w, https:\/\/www.naef.douce-france.net\/wp-content\/uploads\/2019\/01\/nil-1024x951.jpg 1024w, https:\/\/www.naef.douce-france.net\/wp-content\/uploads\/2019\/01\/nil-768x713.jpg 768w, https:\/\/www.naef.douce-france.net\/wp-content\/uploads\/2019\/01\/nil-1536x1426.jpg 1536w, https:\/\/www.naef.douce-france.net\/wp-content\/uploads\/2019\/01\/nil-2048x1901.jpg 2048w\" sizes=\"auto, (max-width: 300px) 100vw, 300px\" \/>Antoine Lorgnier<br \/>\n<\/em><\/strong><\/span><\/span><span style=\"font-family: arial, helvetica, sans-serif; font-size: 10pt;\">\u00ab\u00a0L&rsquo; Egypte est un don du Nil\u00a0\u00bb aimait dire H\u00e9rodote.<br \/>\nJamais la brillante civilisation des pharaons n&rsquo;aurait en effet pu na\u00eetre et se d\u00e9velopper sans ce fleuve et ses crues b\u00e9n\u00e9fiques. Mais ce serait m\u00e9conna\u00eetre le r\u00f4le du d\u00e9sert qui, en entourant la vall\u00e9e fertile de ses sables br\u00fblants, la prot\u00e9gea des invasions. Descendre le Nil aujourd&rsquo;hui, c&rsquo;est parcourir le temps historique mais aussi g\u00e9ographique d&rsquo;un pays charg\u00e9 de magie.<\/span><\/p>\n<p><span style=\"font-family: arial, helvetica, sans-serif; font-size: 12pt;\"><strong>\u20ac 24.&#8211;&nbsp; &nbsp;CHF 29.&#8211;<\/strong><\/span><\/p>\n","protected":false},"excerpt":{"rendered":"<p>Antoine Lorgnier \u00ab\u00a0L&rsquo; Egypte est un don du Nil\u00a0\u00bb aimait dire H\u00e9rodote. Jamais la brillante civilisation des pharaons n&rsquo;aurait en effet pu na\u00eetre et se d\u00e9velopper sans ce fleuve et ses crues b\u00e9n\u00e9fiques. Mais ce serait m\u00e9conna\u00eetre le r\u00f4le du d\u00e9sert qui, en entourant la vall\u00e9e fertile de ses sables br\u00fblants, la prot\u00e9gea des invasions. [&hellip;]<\/p>\n","protected":false},"author":2,"featured_media":0,"parent":0,"menu_order":0,"comment_status":"closed","ping_status":"closed","template":"","meta":{"ngg_post_thumbnail":0,"footnotes":""},"class_list":["post-711","page","type-page","status-publish","hentry"],"_links":{"self":[{"href":"https:\/\/www.naef.douce-france.net\/index.php\/wp-json\/wp\/v2\/pages\/711","targetHints":{"allow":["GET"]}}],"collection":[{"href":"https:\/\/www.naef.douce-france.net\/index.php\/wp-json\/wp\/v2\/pages"}],"about":[{"href":"https:\/\/www.naef.douce-france.net\/index.php\/wp-json\/wp\/v2\/types\/page"}],"author":[{"embeddable":true,"href":"https:\/\/www.naef.douce-france.net\/index.php\/wp-json\/wp\/v2\/users\/2"}],"replies":[{"embeddable":true,"href":"https:\/\/www.naef.douce-france.net\/index.php\/wp-json\/wp\/v2\/comments?post=711"}],"version-history":[{"count":0,"href":"https:\/\/www.naef.douce-france.net\/index.php\/wp-json\/wp\/v2\/pages\/711\/revisions"}],"wp:attachment":[{"href":"https:\/\/www.naef.douce-france.net\/index.php\/wp-json\/wp\/v2\/media?parent=711"}],"curies":[{"name":"wp","href":"https:\/\/api.w.org\/{rel}","templated":true}]}}