{"id":657,"date":"2019-01-14T14:51:55","date_gmt":"2019-01-14T13:51:55","guid":{"rendered":"https:\/\/www.georgesnaef.com\/?page_id=657"},"modified":"2019-01-14T14:51:55","modified_gmt":"2019-01-14T13:51:55","slug":"la-grande-histoire-de-la-peinture-moderne","status":"publish","type":"page","link":"https:\/\/www.naef.douce-france.net\/index.php\/la-grande-histoire-de-la-peinture-moderne\/","title":{"rendered":"La grande histoire de la peinture moderne"},"content":{"rendered":"<p><span style=\"font-size: 10pt;\"><span style=\"font-family: arial, helvetica, sans-serif; color: #000080;\"><strong><em><img loading=\"lazy\" decoding=\"async\" class=\"size-medium wp-image-659 alignleft\" src=\"https:\/\/www.georgesnaef.com\/wp-content\/uploads\/2019\/01\/peinture-moderne-1-237x300.jpg\" alt=\"\" width=\"237\" height=\"300\">Skira<br \/>\n<\/em><\/strong><\/span><\/span><span style=\"font-family: arial, helvetica, sans-serif; font-size: 10pt;\"><strong>(6 volumes)<\/strong><br \/>\n&#8211; Le temps des r\u00e9v\u00e9lations fauvisme, expressionnisme, cubisme<br \/>\n&#8211; La succession de l&rsquo;impressionnisme<br \/>\n&#8211; Les grandes figures de l&rsquo;entre deux guerres<br \/>\n&#8211; L&rsquo;aventure de l&rsquo;art abstrait de l&rsquo;esth\u00e9tique \u00e0 l&rsquo;\u00e9thique<br \/>\n&#8211; De l&rsquo;invention de l&rsquo;abstraction au surr\u00e9alisme<br \/>\n&#8211; Tendances d&rsquo;aujourd&rsquo;hui<\/span><\/p>\n<p><span style=\"font-family: arial, helvetica, sans-serif; font-size: 12pt;\"><strong>\u20ac 148.- &#8211;&nbsp; &nbsp;CHF 179.- &#8211; (Coffret 6 volumes)<\/strong><\/span><\/p>\n","protected":false},"excerpt":{"rendered":"<p>Skira (6 volumes) &#8211; Le temps des r\u00e9v\u00e9lations fauvisme, expressionnisme, cubisme &#8211; La succession de l&rsquo;impressionnisme &#8211; Les grandes figures de l&rsquo;entre deux guerres &#8211; L&rsquo;aventure de l&rsquo;art abstrait de l&rsquo;esth\u00e9tique \u00e0 l&rsquo;\u00e9thique &#8211; De l&rsquo;invention de l&rsquo;abstraction au surr\u00e9alisme &#8211; Tendances d&rsquo;aujourd&rsquo;hui \u20ac 148.- &#8211;&nbsp; &nbsp;CHF 179.- &#8211; (Coffret 6 volumes)<\/p>\n","protected":false},"author":2,"featured_media":0,"parent":0,"menu_order":0,"comment_status":"closed","ping_status":"closed","template":"","meta":{"ngg_post_thumbnail":0,"footnotes":""},"class_list":["post-657","page","type-page","status-publish","hentry"],"_links":{"self":[{"href":"https:\/\/www.naef.douce-france.net\/index.php\/wp-json\/wp\/v2\/pages\/657","targetHints":{"allow":["GET"]}}],"collection":[{"href":"https:\/\/www.naef.douce-france.net\/index.php\/wp-json\/wp\/v2\/pages"}],"about":[{"href":"https:\/\/www.naef.douce-france.net\/index.php\/wp-json\/wp\/v2\/types\/page"}],"author":[{"embeddable":true,"href":"https:\/\/www.naef.douce-france.net\/index.php\/wp-json\/wp\/v2\/users\/2"}],"replies":[{"embeddable":true,"href":"https:\/\/www.naef.douce-france.net\/index.php\/wp-json\/wp\/v2\/comments?post=657"}],"version-history":[{"count":0,"href":"https:\/\/www.naef.douce-france.net\/index.php\/wp-json\/wp\/v2\/pages\/657\/revisions"}],"wp:attachment":[{"href":"https:\/\/www.naef.douce-france.net\/index.php\/wp-json\/wp\/v2\/media?parent=657"}],"curies":[{"name":"wp","href":"https:\/\/api.w.org\/{rel}","templated":true}]}}

<p><span style="font-size: 10pt;"><span style="font-family: arial, helvetica, sans-serif; color: #000080;"><strong><em><img loading="lazy" decoding="async" class="size-medium wp-image-659 alignleft" src="https://www.georgesnaef.com/wp-content/uploads/2019/01/peinture-moderne-1-237x300.jpg" alt="" width="237" height="300">Skira<br />
</em></strong></span></span><span style="font-family: arial, helvetica, sans-serif; font-size: 10pt;"><strong>(6 volumes)</strong><br />
&#8211; Le temps des révélations fauvisme, expressionnisme, cubisme<br />
&#8211; La succession de l&rsquo;impressionnisme<br />
&#8211; Les grandes figures de l&rsquo;entre deux guerres<br />
&#8211; L&rsquo;aventure de l&rsquo;art abstrait de l&rsquo;esthétique à l&rsquo;éthique<br />
&#8211; De l&rsquo;invention de l&rsquo;abstraction au surréalisme<br />
&#8211; Tendances d&rsquo;aujourd&rsquo;hui</span></p>
<p><span style="font-family: arial, helvetica, sans-serif; font-size: 12pt;"><strong>€ 148.- &#8211;&nbsp; &nbsp;CHF 179.- &#8211; (Coffret 6 volumes)</strong></span></p>

<p>Skira (6 volumes) &#8211; Le temps des révélations fauvisme, expressionnisme, cubisme &#8211; La succession de l&rsquo;impressionnisme &#8211; Les grandes figures de l&rsquo;entre deux guerres &#8211; L&rsquo;aventure de l&rsquo;art abstrait de l&rsquo;esthétique à l&rsquo;éthique &#8211; De l&rsquo;invention de l&rsquo;abstraction au surréalisme &#8211; Tendances d&rsquo;aujourd&rsquo;hui € 148.- &#8211;&nbsp; &nbsp;CHF 179.- &#8211; (Coffret 6 volumes)</p>
