{"id":637,"date":"2019-01-11T10:04:49","date_gmt":"2019-01-11T09:04:49","guid":{"rendered":"https:\/\/www.georgesnaef.com\/?page_id=637"},"modified":"2019-01-11T10:04:49","modified_gmt":"2019-01-11T09:04:49","slug":"aux-armes-geneve","status":"publish","type":"page","link":"https:\/\/www.naef.douce-france.net\/index.php\/aux-armes-geneve\/","title":{"rendered":"Aux Armes Gen\u00e8ve"},"content":{"rendered":"<p><span style=\"font-size: 10pt;\"><span style=\"font-family: arial, helvetica, sans-serif; color: #000080;\"><strong><em><img loading=\"lazy\" decoding=\"async\" class=\"size-medium wp-image-638 alignleft\" src=\"https:\/\/www.georgesnaef.com\/wp-content\/uploads\/2019\/01\/armes-gen\u00e8ve-196x300.jpg\" alt=\"\" width=\"196\" height=\"300\">Henri Babel<br \/>\n<\/em><\/strong><\/span><\/span><span style=\"font-family: arial, helvetica, sans-serif; font-size: 10pt;\">Docteur en th\u00e9ologie, humaniste et homme de terrain, Henri Babel a r\u00e9sum\u00e9 dans ces pages ses vue sur Gen\u00e8ve.<br \/>\nIl appelle \u00e0 prendre pleine conscience de la sp\u00e9cificit\u00e9 et la vocation de notre cit\u00e9 illustr\u00e9e par l&rsquo;aigle symbole des valeurs spirituelles dans le contexte d&rsquo;un monde en voie d&rsquo;irr\u00e9versible globalisation.<br \/>\nGen\u00e8ve est \u00e0 ses yeux le lieu id\u00e9al de rencontre et de dialogue ou pourrait s&rsquo;\u00e9laborer une vision du monde \u00e0 la hauteur des enjeux de l&rsquo;avenir.<\/span><\/p>\n<p><span style=\"font-family: arial, helvetica, sans-serif; font-size: 12pt;\"><strong>\u20ac 24.&#8211;&nbsp; &nbsp;CHF 29.&#8211;<\/strong><\/span><\/p>\n","protected":false},"excerpt":{"rendered":"<p>Henri Babel Docteur en th\u00e9ologie, humaniste et homme de terrain, Henri Babel a r\u00e9sum\u00e9 dans ces pages ses vue sur Gen\u00e8ve. Il appelle \u00e0 prendre pleine conscience de la sp\u00e9cificit\u00e9 et la vocation de notre cit\u00e9 illustr\u00e9e par l&rsquo;aigle symbole des valeurs spirituelles dans le contexte d&rsquo;un monde en voie d&rsquo;irr\u00e9versible globalisation. Gen\u00e8ve est \u00e0 [&hellip;]<\/p>\n","protected":false},"author":2,"featured_media":0,"parent":0,"menu_order":0,"comment_status":"closed","ping_status":"closed","template":"","meta":{"ngg_post_thumbnail":0,"footnotes":""},"class_list":["post-637","page","type-page","status-publish","hentry"],"_links":{"self":[{"href":"https:\/\/www.naef.douce-france.net\/index.php\/wp-json\/wp\/v2\/pages\/637","targetHints":{"allow":["GET"]}}],"collection":[{"href":"https:\/\/www.naef.douce-france.net\/index.php\/wp-json\/wp\/v2\/pages"}],"about":[{"href":"https:\/\/www.naef.douce-france.net\/index.php\/wp-json\/wp\/v2\/types\/page"}],"author":[{"embeddable":true,"href":"https:\/\/www.naef.douce-france.net\/index.php\/wp-json\/wp\/v2\/users\/2"}],"replies":[{"embeddable":true,"href":"https:\/\/www.naef.douce-france.net\/index.php\/wp-json\/wp\/v2\/comments?post=637"}],"version-history":[{"count":0,"href":"https:\/\/www.naef.douce-france.net\/index.php\/wp-json\/wp\/v2\/pages\/637\/revisions"}],"wp:attachment":[{"href":"https:\/\/www.naef.douce-france.net\/index.php\/wp-json\/wp\/v2\/media?parent=637"}],"curies":[{"name":"wp","href":"https:\/\/api.w.org\/{rel}","templated":true}]}}

Aux Armes Genève

<p><span style="font-size: 10pt;"><span style="font-family: arial, helvetica, sans-serif; color: #000080;"><strong><em><img loading="lazy" decoding="async" class="size-medium wp-image-638 alignleft" src="https://www.georgesnaef.com/wp-content/uploads/2019/01/armes-genève-196x300.jpg" alt="" width="196" height="300">Henri Babel<br />
</em></strong></span></span><span style="font-family: arial, helvetica, sans-serif; font-size: 10pt;">Docteur en théologie, humaniste et homme de terrain, Henri Babel a résumé dans ces pages ses vue sur Genève.<br />
Il appelle à prendre pleine conscience de la spécificité et la vocation de notre cité illustrée par l&rsquo;aigle symbole des valeurs spirituelles dans le contexte d&rsquo;un monde en voie d&rsquo;irréversible globalisation.<br />
Genève est à ses yeux le lieu idéal de rencontre et de dialogue ou pourrait s&rsquo;élaborer une vision du monde à la hauteur des enjeux de l&rsquo;avenir.</span></p>
<p><span style="font-family: arial, helvetica, sans-serif; font-size: 12pt;"><strong>€ 24.&#8211;&nbsp; &nbsp;CHF 29.&#8211;</strong></span></p>

<p>Henri Babel Docteur en théologie, humaniste et homme de terrain, Henri Babel a résumé dans ces pages ses vue sur Genève. Il appelle à prendre pleine conscience de la spécificité et la vocation de notre cité illustrée par l&rsquo;aigle symbole des valeurs spirituelles dans le contexte d&rsquo;un monde en voie d&rsquo;irréversible globalisation. Genève est à [&hellip;]</p>
