{"id":623,"date":"2019-01-10T16:10:11","date_gmt":"2019-01-10T15:10:11","guid":{"rendered":"https:\/\/www.georgesnaef.com\/?page_id=623"},"modified":"2019-01-10T16:10:11","modified_gmt":"2019-01-10T15:10:11","slug":"saint-emilion-quand-les-pierres-parlent","status":"publish","type":"page","link":"https:\/\/www.naef.douce-france.net\/index.php\/saint-emilion-quand-les-pierres-parlent\/","title":{"rendered":"Saint-\u00c9milion \u2013 Quand les pierres parlent"},"content":{"rendered":"<p><span style=\"font-size: 10pt;\"><span style=\"font-family: arial, helvetica, sans-serif; color: #000080;\"><strong><em><img loading=\"lazy\" decoding=\"async\" class=\"size-medium wp-image-1653 alignleft\" src=\"https:\/\/www.georgesnaef.com\/wp-content\/uploads\/2021\/06\/St-EMILION-GB-188x300.jpg\" alt=\"\" width=\"188\" height=\"300\" srcset=\"https:\/\/www.naef.douce-france.net\/wp-content\/uploads\/2021\/06\/St-EMILION-GB-188x300.jpg 188w, https:\/\/www.naef.douce-france.net\/wp-content\/uploads\/2021\/06\/St-EMILION-GB.jpg 400w\" sizes=\"auto, (max-width: 188px) 100vw, 188px\" \/>Fran\u00e7ois Querre, Jacques de Givry<br \/>\n<\/em><\/strong><\/span><\/span><span style=\"font-family: arial, helvetica, sans-serif; font-size: 10pt;\">Voici une excursion peu ordinaire aux \u00ab racines \u00bb de Saint-\u00c9milion en suivant une sorte de jeu de piste, grav\u00e9 par les fondateurs du site dans le rocher comme dans un livre de pierre.<br \/>\nDans les profondeurs de l\u2019\u00e9glise monolithe se trouvent sculpt\u00e9es&nbsp; d\u2019\u00e9tranges figures qui rev\u00eataient manifestement une importance capitale au Moyen Age. Les d\u00e9chiffrer est une aventure excitante qui permet aux auteurs de ce livre de d\u00e9voiler le myst\u00e8re de Saint-Emilion.<br \/>\nNouvelle \u00e9dition mise \u00e0 jour : 2021<br \/>\nExcite en version Fran\u00e7ais et Anglaise<br \/>\n<span style=\"font-size: 14pt;\"><a href=\"https:\/\/www.georgesnaef.com\/produit\/saint-emilion-quand-les-pierres-parlent\/\"><strong>ACHETER<\/strong><\/a><\/span><br \/>\n<\/span><\/p>\n<p><span style=\"font-family: arial, helvetica, sans-serif; font-size: 12pt;\"><strong>\u20ac 19.80.&#8211;&nbsp; &nbsp;CHF 24.&#8211;<\/strong><\/span><\/p>\n","protected":false},"excerpt":{"rendered":"<p>Fran\u00e7ois Querre, Jacques de Givry Voici une excursion peu ordinaire aux \u00ab racines \u00bb de Saint-\u00c9milion en suivant une sorte de jeu de piste, grav\u00e9 par les fondateurs du site dans le rocher comme dans un livre de pierre. Dans les profondeurs de l\u2019\u00e9glise monolithe se trouvent sculpt\u00e9es&nbsp; d\u2019\u00e9tranges figures qui rev\u00eataient manifestement une importance [&hellip;]<\/p>\n","protected":false},"author":2,"featured_media":0,"parent":0,"menu_order":0,"comment_status":"closed","ping_status":"closed","template":"","meta":{"ngg_post_thumbnail":0,"footnotes":""},"class_list":["post-623","page","type-page","status-publish","hentry"],"_links":{"self":[{"href":"https:\/\/www.naef.douce-france.net\/index.php\/wp-json\/wp\/v2\/pages\/623","targetHints":{"allow":["GET"]}}],"collection":[{"href":"https:\/\/www.naef.douce-france.net\/index.php\/wp-json\/wp\/v2\/pages"}],"about":[{"href":"https:\/\/www.naef.douce-france.net\/index.php\/wp-json\/wp\/v2\/types\/page"}],"author":[{"embeddable":true,"href":"https:\/\/www.naef.douce-france.net\/index.php\/wp-json\/wp\/v2\/users\/2"}],"replies":[{"embeddable":true,"href":"https:\/\/www.naef.douce-france.net\/index.php\/wp-json\/wp\/v2\/comments?post=623"}],"version-history":[{"count":0,"href":"https:\/\/www.naef.douce-france.net\/index.php\/wp-json\/wp\/v2\/pages\/623\/revisions"}],"wp:attachment":[{"href":"https:\/\/www.naef.douce-france.net\/index.php\/wp-json\/wp\/v2\/media?parent=623"}],"curies":[{"name":"wp","href":"https:\/\/api.w.org\/{rel}","templated":true}]}}

Saint-Émilion – Quand les pierres parlent

<p><span style="font-size: 10pt;"><span style="font-family: arial, helvetica, sans-serif; color: #000080;"><strong><em><img loading="lazy" decoding="async" class="size-medium wp-image-1653 alignleft" src="https://www.georgesnaef.com/wp-content/uploads/2021/06/St-EMILION-GB-188x300.jpg" alt="" width="188" height="300" srcset="https://www.naef.douce-france.net/wp-content/uploads/2021/06/St-EMILION-GB-188x300.jpg 188w, https://www.naef.douce-france.net/wp-content/uploads/2021/06/St-EMILION-GB.jpg 400w" sizes="auto, (max-width: 188px) 100vw, 188px" />François Querre, Jacques de Givry<br />
</em></strong></span></span><span style="font-family: arial, helvetica, sans-serif; font-size: 10pt;">Voici une excursion peu ordinaire aux « racines » de Saint-Émilion en suivant une sorte de jeu de piste, gravé par les fondateurs du site dans le rocher comme dans un livre de pierre.<br />
Dans les profondeurs de l’église monolithe se trouvent sculptées&nbsp; d’étranges figures qui revêtaient manifestement une importance capitale au Moyen Age. Les déchiffrer est une aventure excitante qui permet aux auteurs de ce livre de dévoiler le mystère de Saint-Emilion.<br />
Nouvelle édition mise à jour : 2021<br />
Excite en version Français et Anglaise<br />
<span style="font-size: 14pt;"><a href="https://www.georgesnaef.com/produit/saint-emilion-quand-les-pierres-parlent/"><strong>ACHETER</strong></a></span><br />
</span></p>
<p><span style="font-family: arial, helvetica, sans-serif; font-size: 12pt;"><strong>€ 19.80.&#8211;&nbsp; &nbsp;CHF 24.&#8211;</strong></span></p>

<p>François Querre, Jacques de Givry Voici une excursion peu ordinaire aux « racines » de Saint-Émilion en suivant une sorte de jeu de piste, gravé par les fondateurs du site dans le rocher comme dans un livre de pierre. Dans les profondeurs de l’église monolithe se trouvent sculptées&nbsp; d’étranges figures qui revêtaient manifestement une importance [&hellip;]</p>
