{"id":604,"date":"2019-01-10T14:56:59","date_gmt":"2019-01-10T13:56:59","guid":{"rendered":"https:\/\/www.georgesnaef.com\/?page_id=604"},"modified":"2019-01-10T14:56:59","modified_gmt":"2019-01-10T13:56:59","slug":"place-jemaa-el-fna","status":"publish","type":"page","link":"https:\/\/www.naef.douce-france.net\/index.php\/place-jemaa-el-fna\/","title":{"rendered":"Place Jemaa El Fna"},"content":{"rendered":"<p><span style=\"font-size: 10pt;\"><span style=\"font-family: arial, helvetica, sans-serif; color: #000080;\"><strong><em><img loading=\"lazy\" decoding=\"async\" class=\"size-medium wp-image-605 alignleft\" src=\"https:\/\/www.georgesnaef.com\/wp-content\/uploads\/2019\/01\/place-jemaa-el-fna-marrakech-300x300.jpg\" alt=\"\" width=\"300\" height=\"300\" srcset=\"https:\/\/www.naef.douce-france.net\/wp-content\/uploads\/2019\/01\/place-jemaa-el-fna-marrakech-300x300.jpg 300w, https:\/\/www.naef.douce-france.net\/wp-content\/uploads\/2019\/01\/place-jemaa-el-fna-marrakech-150x150.jpg 150w, https:\/\/www.naef.douce-france.net\/wp-content\/uploads\/2019\/01\/place-jemaa-el-fna-marrakech.jpg 513w\" sizes=\"auto, (max-width: 300px) 100vw, 300px\" \/>Tebbaa Ouidad<br \/>\n<\/em><\/strong><\/span><\/span><span style=\"font-family: arial, helvetica, sans-serif; font-size: 10pt;\">Le spectacle de la place Jem\u00e2a el Fna se r\u00e9p\u00e8te tous les jours, et chaque jours il est diff\u00e9rent. Les voix, les sons, les expressions changent, tout comme le public qui voit, \u00e9coute, sent; go\u00fbte, touche. Le patrimoine oral s&rsquo;inscrit dans un autre patrimoine que l&rsquo;on peut qualifier d&rsquo;immat\u00e9riel beaucoup plus vaste. La Place, en tant qu&rsquo;espace physique, abrite un riche patrimoine oral et immat\u00e9riel.<\/span><\/p>\n<p><span style=\"font-family: arial, helvetica, sans-serif; font-size: 12pt;\"><strong>\u20ac 24.&#8211;&nbsp; &nbsp;CHF 29.&#8211;<\/strong><\/span><\/p>\n","protected":false},"excerpt":{"rendered":"<p>Tebbaa Ouidad Le spectacle de la place Jem\u00e2a el Fna se r\u00e9p\u00e8te tous les jours, et chaque jours il est diff\u00e9rent. Les voix, les sons, les expressions changent, tout comme le public qui voit, \u00e9coute, sent; go\u00fbte, touche. Le patrimoine oral s&rsquo;inscrit dans un autre patrimoine que l&rsquo;on peut qualifier d&rsquo;immat\u00e9riel beaucoup plus vaste. La [&hellip;]<\/p>\n","protected":false},"author":2,"featured_media":0,"parent":0,"menu_order":0,"comment_status":"closed","ping_status":"closed","template":"","meta":{"ngg_post_thumbnail":0,"footnotes":""},"class_list":["post-604","page","type-page","status-publish","hentry"],"_links":{"self":[{"href":"https:\/\/www.naef.douce-france.net\/index.php\/wp-json\/wp\/v2\/pages\/604","targetHints":{"allow":["GET"]}}],"collection":[{"href":"https:\/\/www.naef.douce-france.net\/index.php\/wp-json\/wp\/v2\/pages"}],"about":[{"href":"https:\/\/www.naef.douce-france.net\/index.php\/wp-json\/wp\/v2\/types\/page"}],"author":[{"embeddable":true,"href":"https:\/\/www.naef.douce-france.net\/index.php\/wp-json\/wp\/v2\/users\/2"}],"replies":[{"embeddable":true,"href":"https:\/\/www.naef.douce-france.net\/index.php\/wp-json\/wp\/v2\/comments?post=604"}],"version-history":[{"count":0,"href":"https:\/\/www.naef.douce-france.net\/index.php\/wp-json\/wp\/v2\/pages\/604\/revisions"}],"wp:attachment":[{"href":"https:\/\/www.naef.douce-france.net\/index.php\/wp-json\/wp\/v2\/media?parent=604"}],"curies":[{"name":"wp","href":"https:\/\/api.w.org\/{rel}","templated":true}]}}

<p><span style="font-size: 10pt;"><span style="font-family: arial, helvetica, sans-serif; color: #000080;"><strong><em><img loading="lazy" decoding="async" class="size-medium wp-image-605 alignleft" src="https://www.georgesnaef.com/wp-content/uploads/2019/01/place-jemaa-el-fna-marrakech-300x300.jpg" alt="" width="300" height="300" srcset="https://www.naef.douce-france.net/wp-content/uploads/2019/01/place-jemaa-el-fna-marrakech-300x300.jpg 300w, https://www.naef.douce-france.net/wp-content/uploads/2019/01/place-jemaa-el-fna-marrakech-150x150.jpg 150w, https://www.naef.douce-france.net/wp-content/uploads/2019/01/place-jemaa-el-fna-marrakech.jpg 513w" sizes="auto, (max-width: 300px) 100vw, 300px" />Tebbaa Ouidad<br />
</em></strong></span></span><span style="font-family: arial, helvetica, sans-serif; font-size: 10pt;">Le spectacle de la place Jemâa el Fna se répète tous les jours, et chaque jours il est différent. Les voix, les sons, les expressions changent, tout comme le public qui voit, écoute, sent; goûte, touche. Le patrimoine oral s&rsquo;inscrit dans un autre patrimoine que l&rsquo;on peut qualifier d&rsquo;immatériel beaucoup plus vaste. La Place, en tant qu&rsquo;espace physique, abrite un riche patrimoine oral et immatériel.</span></p>
<p><span style="font-family: arial, helvetica, sans-serif; font-size: 12pt;"><strong>€ 24.&#8211;&nbsp; &nbsp;CHF 29.&#8211;</strong></span></p>

<p>Tebbaa Ouidad Le spectacle de la place Jemâa el Fna se répète tous les jours, et chaque jours il est différent. Les voix, les sons, les expressions changent, tout comme le public qui voit, écoute, sent; goûte, touche. Le patrimoine oral s&rsquo;inscrit dans un autre patrimoine que l&rsquo;on peut qualifier d&rsquo;immatériel beaucoup plus vaste. La [&hellip;]</p>
