{"id":599,"date":"2019-01-10T14:41:20","date_gmt":"2019-01-10T13:41:20","guid":{"rendered":"https:\/\/www.georgesnaef.com\/?page_id=599"},"modified":"2019-01-10T14:41:20","modified_gmt":"2019-01-10T13:41:20","slug":"rio-de-janeiro-bresil-2","status":"publish","type":"page","link":"https:\/\/www.naef.douce-france.net\/index.php\/rio-de-janeiro-bresil-2\/","title":{"rendered":"Rio de Janeiro &#8211; Br\u00e9sil"},"content":{"rendered":"<p><span style=\"font-size: 10pt;\"><span style=\"font-family: arial, helvetica, sans-serif; color: #000080;\"><strong><em><img loading=\"lazy\" decoding=\"async\" class=\"size-medium wp-image-308 alignleft\" src=\"https:\/\/www.georgesnaef.com\/wp-content\/uploads\/2018\/12\/Rio-de-Janeiro-Br\u00e9sil-300x277.jpg\" alt=\"\" width=\"300\" height=\"277\">Hugues Foug\u00e8re<br \/>\n<\/em><\/strong><\/span><\/span><span style=\"font-family: arial, helvetica, sans-serif; font-size: 10pt;\">Sertie dans l&rsquo;une des plus belles baies du monde, Rio de Janeiro fait partie de ces villes dont le nom seul est une invitation au voyage, un voyage de r\u00eave dont les escales s&rsquo;appellent Copacabana, Pain de Sucre, Ipanema, Carnaval et Corcovado. Longtemps chant\u00e9e puis d\u00e9laiss\u00e9e pour cause d&rsquo;ins\u00e9curit\u00e9, Rio de Janeiro redevient une destination \u00e0 la mode. Avec raison. Jamais la ville n&rsquo;a \u00e9t\u00e9 aussi ouverte aux voyageurs. Les plages, le carnaval, et m\u00eame le prestigieux stade de Maracana offrent sans le moindre risque la chaleur de leur sable et de leur ambiance au c\u0153ur de l&rsquo;hiver europ\u00e9en.<\/span><\/p>\n<p><span style=\"font-family: arial, helvetica, sans-serif; font-size: 12pt;\"><strong>\u20ac 24.&#8211;&nbsp; &nbsp;CHF 29.&#8211;<\/strong><\/span><\/p>\n","protected":false},"excerpt":{"rendered":"<p>Hugues Foug\u00e8re Sertie dans l&rsquo;une des plus belles baies du monde, Rio de Janeiro fait partie de ces villes dont le nom seul est une invitation au voyage, un voyage de r\u00eave dont les escales s&rsquo;appellent Copacabana, Pain de Sucre, Ipanema, Carnaval et Corcovado. Longtemps chant\u00e9e puis d\u00e9laiss\u00e9e pour cause d&rsquo;ins\u00e9curit\u00e9, Rio de Janeiro redevient [&hellip;]<\/p>\n","protected":false},"author":2,"featured_media":0,"parent":0,"menu_order":0,"comment_status":"closed","ping_status":"closed","template":"","meta":{"ngg_post_thumbnail":0,"footnotes":""},"class_list":["post-599","page","type-page","status-publish","hentry"],"_links":{"self":[{"href":"https:\/\/www.naef.douce-france.net\/index.php\/wp-json\/wp\/v2\/pages\/599","targetHints":{"allow":["GET"]}}],"collection":[{"href":"https:\/\/www.naef.douce-france.net\/index.php\/wp-json\/wp\/v2\/pages"}],"about":[{"href":"https:\/\/www.naef.douce-france.net\/index.php\/wp-json\/wp\/v2\/types\/page"}],"author":[{"embeddable":true,"href":"https:\/\/www.naef.douce-france.net\/index.php\/wp-json\/wp\/v2\/users\/2"}],"replies":[{"embeddable":true,"href":"https:\/\/www.naef.douce-france.net\/index.php\/wp-json\/wp\/v2\/comments?post=599"}],"version-history":[{"count":0,"href":"https:\/\/www.naef.douce-france.net\/index.php\/wp-json\/wp\/v2\/pages\/599\/revisions"}],"wp:attachment":[{"href":"https:\/\/www.naef.douce-france.net\/index.php\/wp-json\/wp\/v2\/media?parent=599"}],"curies":[{"name":"wp","href":"https:\/\/api.w.org\/{rel}","templated":true}]}}

Rio de Janeiro &#8211; Brésil

<p><span style="font-size: 10pt;"><span style="font-family: arial, helvetica, sans-serif; color: #000080;"><strong><em><img loading="lazy" decoding="async" class="size-medium wp-image-308 alignleft" src="https://www.georgesnaef.com/wp-content/uploads/2018/12/Rio-de-Janeiro-Brésil-300x277.jpg" alt="" width="300" height="277">Hugues Fougère<br />
</em></strong></span></span><span style="font-family: arial, helvetica, sans-serif; font-size: 10pt;">Sertie dans l&rsquo;une des plus belles baies du monde, Rio de Janeiro fait partie de ces villes dont le nom seul est une invitation au voyage, un voyage de rêve dont les escales s&rsquo;appellent Copacabana, Pain de Sucre, Ipanema, Carnaval et Corcovado. Longtemps chantée puis délaissée pour cause d&rsquo;insécurité, Rio de Janeiro redevient une destination à la mode. Avec raison. Jamais la ville n&rsquo;a été aussi ouverte aux voyageurs. Les plages, le carnaval, et même le prestigieux stade de Maracana offrent sans le moindre risque la chaleur de leur sable et de leur ambiance au cœur de l&rsquo;hiver européen.</span></p>
<p><span style="font-family: arial, helvetica, sans-serif; font-size: 12pt;"><strong>€ 24.&#8211;&nbsp; &nbsp;CHF 29.&#8211;</strong></span></p>

<p>Hugues Fougère Sertie dans l&rsquo;une des plus belles baies du monde, Rio de Janeiro fait partie de ces villes dont le nom seul est une invitation au voyage, un voyage de rêve dont les escales s&rsquo;appellent Copacabana, Pain de Sucre, Ipanema, Carnaval et Corcovado. Longtemps chantée puis délaissée pour cause d&rsquo;insécurité, Rio de Janeiro redevient [&hellip;]</p>
