{"id":594,"date":"2019-01-10T14:32:24","date_gmt":"2019-01-10T13:32:24","guid":{"rendered":"https:\/\/www.georgesnaef.com\/?page_id=594"},"modified":"2019-01-10T14:32:24","modified_gmt":"2019-01-10T13:32:24","slug":"malte-une-terre-chargee-dhistoire-2","status":"publish","type":"page","link":"https:\/\/www.naef.douce-france.net\/index.php\/malte-une-terre-chargee-dhistoire-2\/","title":{"rendered":"Malte : une terre charg\u00e9e d&rsquo;histoire"},"content":{"rendered":"<p><span style=\"font-size: 10pt;\"><span style=\"font-family: arial, helvetica, sans-serif; color: #000080;\"><strong><em><img loading=\"lazy\" decoding=\"async\" class=\"size-medium wp-image-301 alignleft\" src=\"https:\/\/www.georgesnaef.com\/wp-content\/uploads\/2018\/12\/Malte-Une-terre-charg\u00e9e-dhistoire-300x277.jpg\" alt=\"\" width=\"300\" height=\"277\">Antoine Lorgnier; Charles Rossignol<br \/>\n<\/em><\/strong><\/span><\/span><span style=\"font-family: arial, helvetica, sans-serif; font-size: 10pt;\">Terre d&rsquo;histoire pos\u00e9e au c\u0153ur de la M\u00e9diterran\u00e9e, l&rsquo;\u00eele de Malte revient sur le devant de la sc\u00e8ne avec son entr\u00e9e dans l&rsquo;Union Europ\u00e9enne. Un ancrage qui puise ses origines dans la nuit des temps. Pas un pays qui n&rsquo;ait tent\u00e9 de conqu\u00e9rir, d&rsquo;asseoir sa supr\u00e9matie sur ces cailloux livr\u00e9s \u00e0 la morsure des vagues et du vent du large mais situ\u00e9s \u00e0 un carrefour maritime strat\u00e9gique. Ulysse, saint Paul, les chevaliers de l&rsquo;Ordre y ont laiss\u00e9 leur empreinte. Les \u00eeles de Malte, Comino et Gozo croulent d\u00e9sormais sous les tr\u00e9sors architecturaux et les vestiges de ces civilisations pass\u00e9es.<\/span><\/p>\n<p><span style=\"font-family: arial, helvetica, sans-serif; font-size: 12pt;\"><strong>\u20ac 24.&#8211;&nbsp; &nbsp;CHF 29.&#8211;<\/strong><\/span><\/p>\n","protected":false},"excerpt":{"rendered":"<p>Antoine Lorgnier; Charles Rossignol Terre d&rsquo;histoire pos\u00e9e au c\u0153ur de la M\u00e9diterran\u00e9e, l&rsquo;\u00eele de Malte revient sur le devant de la sc\u00e8ne avec son entr\u00e9e dans l&rsquo;Union Europ\u00e9enne. Un ancrage qui puise ses origines dans la nuit des temps. Pas un pays qui n&rsquo;ait tent\u00e9 de conqu\u00e9rir, d&rsquo;asseoir sa supr\u00e9matie sur ces cailloux livr\u00e9s \u00e0 [&hellip;]<\/p>\n","protected":false},"author":2,"featured_media":0,"parent":0,"menu_order":0,"comment_status":"closed","ping_status":"closed","template":"","meta":{"ngg_post_thumbnail":0,"footnotes":""},"class_list":["post-594","page","type-page","status-publish","hentry"],"_links":{"self":[{"href":"https:\/\/www.naef.douce-france.net\/index.php\/wp-json\/wp\/v2\/pages\/594","targetHints":{"allow":["GET"]}}],"collection":[{"href":"https:\/\/www.naef.douce-france.net\/index.php\/wp-json\/wp\/v2\/pages"}],"about":[{"href":"https:\/\/www.naef.douce-france.net\/index.php\/wp-json\/wp\/v2\/types\/page"}],"author":[{"embeddable":true,"href":"https:\/\/www.naef.douce-france.net\/index.php\/wp-json\/wp\/v2\/users\/2"}],"replies":[{"embeddable":true,"href":"https:\/\/www.naef.douce-france.net\/index.php\/wp-json\/wp\/v2\/comments?post=594"}],"version-history":[{"count":0,"href":"https:\/\/www.naef.douce-france.net\/index.php\/wp-json\/wp\/v2\/pages\/594\/revisions"}],"wp:attachment":[{"href":"https:\/\/www.naef.douce-france.net\/index.php\/wp-json\/wp\/v2\/media?parent=594"}],"curies":[{"name":"wp","href":"https:\/\/api.w.org\/{rel}","templated":true}]}}

Malte : une terre chargée d&rsquo;histoire

<p><span style="font-size: 10pt;"><span style="font-family: arial, helvetica, sans-serif; color: #000080;"><strong><em><img loading="lazy" decoding="async" class="size-medium wp-image-301 alignleft" src="https://www.georgesnaef.com/wp-content/uploads/2018/12/Malte-Une-terre-chargée-dhistoire-300x277.jpg" alt="" width="300" height="277">Antoine Lorgnier; Charles Rossignol<br />
</em></strong></span></span><span style="font-family: arial, helvetica, sans-serif; font-size: 10pt;">Terre d&rsquo;histoire posée au cœur de la Méditerranée, l&rsquo;île de Malte revient sur le devant de la scène avec son entrée dans l&rsquo;Union Européenne. Un ancrage qui puise ses origines dans la nuit des temps. Pas un pays qui n&rsquo;ait tenté de conquérir, d&rsquo;asseoir sa suprématie sur ces cailloux livrés à la morsure des vagues et du vent du large mais situés à un carrefour maritime stratégique. Ulysse, saint Paul, les chevaliers de l&rsquo;Ordre y ont laissé leur empreinte. Les îles de Malte, Comino et Gozo croulent désormais sous les trésors architecturaux et les vestiges de ces civilisations passées.</span></p>
<p><span style="font-family: arial, helvetica, sans-serif; font-size: 12pt;"><strong>€ 24.&#8211;&nbsp; &nbsp;CHF 29.&#8211;</strong></span></p>

<p>Antoine Lorgnier; Charles Rossignol Terre d&rsquo;histoire posée au cœur de la Méditerranée, l&rsquo;île de Malte revient sur le devant de la scène avec son entrée dans l&rsquo;Union Européenne. Un ancrage qui puise ses origines dans la nuit des temps. Pas un pays qui n&rsquo;ait tenté de conquérir, d&rsquo;asseoir sa suprématie sur ces cailloux livrés à [&hellip;]</p>
