{"id":587,"date":"2019-01-07T15:54:41","date_gmt":"2019-01-07T14:54:41","guid":{"rendered":"https:\/\/www.georgesnaef.com\/?page_id=587"},"modified":"2019-01-07T15:54:41","modified_gmt":"2019-01-07T14:54:41","slug":"saint-emilion-miroir-du-vin","status":"publish","type":"page","link":"https:\/\/www.naef.douce-france.net\/index.php\/saint-emilion-miroir-du-vin\/","title":{"rendered":"Saint Emilion, Miroir du Vin"},"content":{"rendered":"<p><span style=\"font-size: 10pt;\"><span style=\"font-family: arial, helvetica, sans-serif; color: #000080;\"><strong><em><img loading=\"lazy\" decoding=\"async\" class=\"size-medium wp-image-588 alignleft\" src=\"https:\/\/www.georgesnaef.com\/wp-content\/uploads\/2019\/01\/st-emilion-300x300.jpg\" alt=\"\" width=\"300\" height=\"300\" srcset=\"https:\/\/www.naef.douce-france.net\/wp-content\/uploads\/2019\/01\/st-emilion-300x300.jpg 300w, https:\/\/www.naef.douce-france.net\/wp-content\/uploads\/2019\/01\/st-emilion-1024x1021.jpg 1024w, https:\/\/www.naef.douce-france.net\/wp-content\/uploads\/2019\/01\/st-emilion-150x150.jpg 150w, https:\/\/www.naef.douce-france.net\/wp-content\/uploads\/2019\/01\/st-emilion-768x765.jpg 768w, https:\/\/www.naef.douce-france.net\/wp-content\/uploads\/2019\/01\/st-emilion.jpg 1204w\" sizes=\"auto, (max-width: 300px) 100vw, 300px\" \/>Fran\u00e7ois Querre<br \/>\n<\/em><\/strong><\/span><\/span><span style=\"font-family: arial, helvetica, sans-serif; font-size: 10pt;\">Le vin de Saint-\u00c9milion chante sur des l\u00e8vres gourmandes dans le monde entier.&nbsp; Mais sa gloire ne r\u00e9side pas seulement dans les coupes profondes du vin de Bordeaux o\u00f9 sa couronne festoie.<br \/>\nElle se r\u00e9v\u00e8le aussi radieusement dans son pays d\u2019origine, v\u00e9ritable terre de l\u00e9gende qui semble issue de l\u2019imagination d\u2019un enchanteur, comme si les doigts de la vigne avaient amoureusement model\u00e9 chaque d\u00e9tail du panorama, les vignobles, les demeures, les ch\u00e2teaux, invitant le voyageur \u00e0 une merveilleuse fl\u00e2nerie \u00e0 la rencontre du magicien des lieux, l\u2019Esprit du Terroir.<br \/>\nLe g\u00e9nie qui s\u2019exprime dans l\u2019art de vivre est le m\u00eame qui s\u2019exprime dans le vin.<br \/>\nSaint-\u00c9milion est le miroir du vin, ce vin qui, aux dires des alchimistes, \u00ab marie les \u00e9toiles d\u2019en haut et les \u00e9toiles d\u2019en bas \u00bb et n\u2019a pas son pareil pour relier l\u2019homme aux forces intimes de la nature.<\/span><\/p>\n<p><span style=\"font-family: arial, helvetica, sans-serif; font-size: 12pt;\"><strong>\u20ac 42.&#8211;&nbsp; &nbsp;CHF 59.&#8211;<\/strong><\/span><\/p>\n","protected":false},"excerpt":{"rendered":"<p>Fran\u00e7ois Querre Le vin de Saint-\u00c9milion chante sur des l\u00e8vres gourmandes dans le monde entier.&nbsp; Mais sa gloire ne r\u00e9side pas seulement dans les coupes profondes du vin de Bordeaux o\u00f9 sa couronne festoie. Elle se r\u00e9v\u00e8le aussi radieusement dans son pays d\u2019origine, v\u00e9ritable terre de l\u00e9gende qui semble issue de l\u2019imagination d\u2019un enchanteur, comme [&hellip;]<\/p>\n","protected":false},"author":2,"featured_media":0,"parent":0,"menu_order":0,"comment_status":"closed","ping_status":"closed","template":"","meta":{"ngg_post_thumbnail":0,"footnotes":""},"class_list":["post-587","page","type-page","status-publish","hentry"],"_links":{"self":[{"href":"https:\/\/www.naef.douce-france.net\/index.php\/wp-json\/wp\/v2\/pages\/587","targetHints":{"allow":["GET"]}}],"collection":[{"href":"https:\/\/www.naef.douce-france.net\/index.php\/wp-json\/wp\/v2\/pages"}],"about":[{"href":"https:\/\/www.naef.douce-france.net\/index.php\/wp-json\/wp\/v2\/types\/page"}],"author":[{"embeddable":true,"href":"https:\/\/www.naef.douce-france.net\/index.php\/wp-json\/wp\/v2\/users\/2"}],"replies":[{"embeddable":true,"href":"https:\/\/www.naef.douce-france.net\/index.php\/wp-json\/wp\/v2\/comments?post=587"}],"version-history":[{"count":0,"href":"https:\/\/www.naef.douce-france.net\/index.php\/wp-json\/wp\/v2\/pages\/587\/revisions"}],"wp:attachment":[{"href":"https:\/\/www.naef.douce-france.net\/index.php\/wp-json\/wp\/v2\/media?parent=587"}],"curies":[{"name":"wp","href":"https:\/\/api.w.org\/{rel}","templated":true}]}}

<p><span style="font-size: 10pt;"><span style="font-family: arial, helvetica, sans-serif; color: #000080;"><strong><em><img loading="lazy" decoding="async" class="size-medium wp-image-588 alignleft" src="https://www.georgesnaef.com/wp-content/uploads/2019/01/st-emilion-300x300.jpg" alt="" width="300" height="300" srcset="https://www.naef.douce-france.net/wp-content/uploads/2019/01/st-emilion-300x300.jpg 300w, https://www.naef.douce-france.net/wp-content/uploads/2019/01/st-emilion-1024x1021.jpg 1024w, https://www.naef.douce-france.net/wp-content/uploads/2019/01/st-emilion-150x150.jpg 150w, https://www.naef.douce-france.net/wp-content/uploads/2019/01/st-emilion-768x765.jpg 768w, https://www.naef.douce-france.net/wp-content/uploads/2019/01/st-emilion.jpg 1204w" sizes="auto, (max-width: 300px) 100vw, 300px" />François Querre<br />
</em></strong></span></span><span style="font-family: arial, helvetica, sans-serif; font-size: 10pt;">Le vin de Saint-Émilion chante sur des lèvres gourmandes dans le monde entier.&nbsp; Mais sa gloire ne réside pas seulement dans les coupes profondes du vin de Bordeaux où sa couronne festoie.<br />
Elle se révèle aussi radieusement dans son pays d’origine, véritable terre de légende qui semble issue de l’imagination d’un enchanteur, comme si les doigts de la vigne avaient amoureusement modelé chaque détail du panorama, les vignobles, les demeures, les châteaux, invitant le voyageur à une merveilleuse flânerie à la rencontre du magicien des lieux, l’Esprit du Terroir.<br />
Le génie qui s’exprime dans l’art de vivre est le même qui s’exprime dans le vin.<br />
Saint-Émilion est le miroir du vin, ce vin qui, aux dires des alchimistes, « marie les étoiles d’en haut et les étoiles d’en bas » et n’a pas son pareil pour relier l’homme aux forces intimes de la nature.</span></p>
<p><span style="font-family: arial, helvetica, sans-serif; font-size: 12pt;"><strong>€ 42.&#8211;&nbsp; &nbsp;CHF 59.&#8211;</strong></span></p>

<p>François Querre Le vin de Saint-Émilion chante sur des lèvres gourmandes dans le monde entier.&nbsp; Mais sa gloire ne réside pas seulement dans les coupes profondes du vin de Bordeaux où sa couronne festoie. Elle se révèle aussi radieusement dans son pays d’origine, véritable terre de légende qui semble issue de l’imagination d’un enchanteur, comme [&hellip;]</p>
