{"id":574,"date":"2019-01-07T15:29:50","date_gmt":"2019-01-07T14:29:50","guid":{"rendered":"https:\/\/www.georgesnaef.com\/?page_id=574"},"modified":"2019-01-07T15:29:50","modified_gmt":"2019-01-07T14:29:50","slug":"peuples-meconnus-de-chine","status":"publish","type":"page","link":"https:\/\/www.naef.douce-france.net\/index.php\/peuples-meconnus-de-chine\/","title":{"rendered":"Peuples m\u00e9connus de Chine"},"content":{"rendered":"<p><span style=\"font-size: 10pt;\"><span style=\"font-family: arial, helvetica, sans-serif; color: #000080;\"><strong><em><img loading=\"lazy\" decoding=\"async\" class=\"size-medium wp-image-575 alignleft\" src=\"https:\/\/www.georgesnaef.com\/wp-content\/uploads\/2019\/01\/chine-300x284.jpg\" alt=\"\" width=\"300\" height=\"284\" srcset=\"https:\/\/www.naef.douce-france.net\/wp-content\/uploads\/2019\/01\/chine-300x284.jpg 300w, https:\/\/www.naef.douce-france.net\/wp-content\/uploads\/2019\/01\/chine.jpg 475w\" sizes=\"auto, (max-width: 300px) 100vw, 300px\" \/>&nbsp;Marie-Th\u00e9 Roux, Etienne Roux<br \/>\n<\/em><\/strong><\/span><\/span><span style=\"font-family: arial, helvetica, sans-serif; font-size: 10pt;\">Yunnan, Sichuan, Guizhou, trois provinces l\u00e9gendaires de la Chine profonde que Marie-Th\u00e9 et Etienne Roux ont arpent\u00e9es ces derni\u00e8res ann\u00e9es sur les traces des ethnies \u00a0\u00bb racine \u00a0\u00bb telles que les Miao, les Dong, les Yi, les Yao, les Buyi, ou encore les Zhuang. Parcourant les chemins abrupts et les routes empoussi\u00e9r\u00e9es, les Montagnes Fra\u00eeches ou les Monts Gr\u00eal\u00e9s, ils ont d\u00e9couvert la richesse de ces populations qui portent encore le costume traditionnel, v\u00e9n\u00e8rent leurs anc\u00eatres ou recourent au chamanisme \u00e0 chaque \u00e9tape de la vie.&nbsp;<br \/>\nCavaliers \u00e9m\u00e9rites montant \u00e0 cru sur de petits chevaux fougueux, f\u00e9es brodeuses qui passent plus de trois ans \u00e0 la confection de leur costume de mariage, danseurs imitant les \u00e9volutions des insectes et des oiseaux ou encore charpentiers funambules d\u00e9fiant les lois de la pesanteur, ce p\u00e9riple propose de saisissants documents qui contrastent avec notre quotidien de plus en plus vou\u00e9 \u00e0 la standardisation.&nbsp;<br \/>\nLa vie s&rsquo;\u00e9coule lentement au rythme des f\u00eates et des saisons, des semailles et des moissons, des amours et de la mort. Un hymne \u00e0 l&rsquo;authenticit\u00e9 des gestes, au lien profond entre la terre et l&rsquo;homme et \u00e0 tout ce qui a \u00e9lev\u00e9 ces populations fi\u00e8res au rang de d\u00e9miurges de la nature.<\/span><\/p>\n<p><span style=\"font-family: arial, helvetica, sans-serif; font-size: 12pt;\"><strong>\u20ac 42.- &#8211;&nbsp; &nbsp;CHF 54.- &#8211;<\/strong><\/span><\/p>\n","protected":false},"excerpt":{"rendered":"<p>&nbsp;Marie-Th\u00e9 Roux, Etienne Roux Yunnan, Sichuan, Guizhou, trois provinces l\u00e9gendaires de la Chine profonde que Marie-Th\u00e9 et Etienne Roux ont arpent\u00e9es ces derni\u00e8res ann\u00e9es sur les traces des ethnies \u00a0\u00bb racine \u00a0\u00bb telles que les Miao, les Dong, les Yi, les Yao, les Buyi, ou encore les Zhuang. Parcourant les chemins abrupts et les routes [&hellip;]<\/p>\n","protected":false},"author":2,"featured_media":0,"parent":0,"menu_order":0,"comment_status":"closed","ping_status":"closed","template":"","meta":{"ngg_post_thumbnail":0,"footnotes":""},"class_list":["post-574","page","type-page","status-publish","hentry"],"_links":{"self":[{"href":"https:\/\/www.naef.douce-france.net\/index.php\/wp-json\/wp\/v2\/pages\/574","targetHints":{"allow":["GET"]}}],"collection":[{"href":"https:\/\/www.naef.douce-france.net\/index.php\/wp-json\/wp\/v2\/pages"}],"about":[{"href":"https:\/\/www.naef.douce-france.net\/index.php\/wp-json\/wp\/v2\/types\/page"}],"author":[{"embeddable":true,"href":"https:\/\/www.naef.douce-france.net\/index.php\/wp-json\/wp\/v2\/users\/2"}],"replies":[{"embeddable":true,"href":"https:\/\/www.naef.douce-france.net\/index.php\/wp-json\/wp\/v2\/comments?post=574"}],"version-history":[{"count":0,"href":"https:\/\/www.naef.douce-france.net\/index.php\/wp-json\/wp\/v2\/pages\/574\/revisions"}],"wp:attachment":[{"href":"https:\/\/www.naef.douce-france.net\/index.php\/wp-json\/wp\/v2\/media?parent=574"}],"curies":[{"name":"wp","href":"https:\/\/api.w.org\/{rel}","templated":true}]}}

Peuples méconnus de Chine

<p><span style="font-size: 10pt;"><span style="font-family: arial, helvetica, sans-serif; color: #000080;"><strong><em><img loading="lazy" decoding="async" class="size-medium wp-image-575 alignleft" src="https://www.georgesnaef.com/wp-content/uploads/2019/01/chine-300x284.jpg" alt="" width="300" height="284" srcset="https://www.naef.douce-france.net/wp-content/uploads/2019/01/chine-300x284.jpg 300w, https://www.naef.douce-france.net/wp-content/uploads/2019/01/chine.jpg 475w" sizes="auto, (max-width: 300px) 100vw, 300px" />&nbsp;Marie-Thé Roux, Etienne Roux<br />
</em></strong></span></span><span style="font-family: arial, helvetica, sans-serif; font-size: 10pt;">Yunnan, Sichuan, Guizhou, trois provinces légendaires de la Chine profonde que Marie-Thé et Etienne Roux ont arpentées ces dernières années sur les traces des ethnies  » racine  » telles que les Miao, les Dong, les Yi, les Yao, les Buyi, ou encore les Zhuang. Parcourant les chemins abrupts et les routes empoussiérées, les Montagnes Fraîches ou les Monts Grêlés, ils ont découvert la richesse de ces populations qui portent encore le costume traditionnel, vénèrent leurs ancêtres ou recourent au chamanisme à chaque étape de la vie.&nbsp;<br />
Cavaliers émérites montant à cru sur de petits chevaux fougueux, fées brodeuses qui passent plus de trois ans à la confection de leur costume de mariage, danseurs imitant les évolutions des insectes et des oiseaux ou encore charpentiers funambules défiant les lois de la pesanteur, ce périple propose de saisissants documents qui contrastent avec notre quotidien de plus en plus voué à la standardisation.&nbsp;<br />
La vie s&rsquo;écoule lentement au rythme des fêtes et des saisons, des semailles et des moissons, des amours et de la mort. Un hymne à l&rsquo;authenticité des gestes, au lien profond entre la terre et l&rsquo;homme et à tout ce qui a élevé ces populations fières au rang de démiurges de la nature.</span></p>
<p><span style="font-family: arial, helvetica, sans-serif; font-size: 12pt;"><strong>€ 42.- &#8211;&nbsp; &nbsp;CHF 54.- &#8211;</strong></span></p>

<p>&nbsp;Marie-Thé Roux, Etienne Roux Yunnan, Sichuan, Guizhou, trois provinces légendaires de la Chine profonde que Marie-Thé et Etienne Roux ont arpentées ces dernières années sur les traces des ethnies  » racine  » telles que les Miao, les Dong, les Yi, les Yao, les Buyi, ou encore les Zhuang. Parcourant les chemins abrupts et les routes [&hellip;]</p>
