{"id":570,"date":"2019-01-07T15:22:12","date_gmt":"2019-01-07T14:22:12","guid":{"rendered":"https:\/\/www.georgesnaef.com\/?page_id=570"},"modified":"2019-01-07T15:22:12","modified_gmt":"2019-01-07T14:22:12","slug":"peuples-meconnus-de-linde-tribale","status":"publish","type":"page","link":"https:\/\/www.naef.douce-france.net\/index.php\/peuples-meconnus-de-linde-tribale\/","title":{"rendered":"Peuples m\u00e9connus de l&rsquo;Inde tribale"},"content":{"rendered":"<p><span style=\"font-size: 10pt;\"><span style=\"font-family: arial, helvetica, sans-serif; color: #000080;\"><strong><em><img loading=\"lazy\" decoding=\"async\" class=\"size-medium wp-image-571 alignleft\" src=\"https:\/\/www.georgesnaef.com\/wp-content\/uploads\/2019\/01\/inde-tribale-300x296.jpg\" alt=\"\" width=\"300\" height=\"296\" srcset=\"https:\/\/www.naef.douce-france.net\/wp-content\/uploads\/2019\/01\/inde-tribale-300x296.jpg 300w, https:\/\/www.naef.douce-france.net\/wp-content\/uploads\/2019\/01\/inde-tribale.jpg 475w\" sizes=\"auto, (max-width: 300px) 100vw, 300px\" \/>&nbsp;Eric Pringarbe<br \/>\n<\/em><\/strong><\/span><\/span><span style=\"font-family: arial, helvetica, sans-serif; font-size: 10pt;\">L&rsquo;Inde est un pays qui fascine. Au-del\u00e0 de ses richesses architecturales, cette nation continent charme surtout le voyageur par son formidable kal\u00e9idoscope de peuples, de religions, de langues qui constitue la richesse m\u00eame de son tissu culturel et dont les aborig\u00e8nes font partie int\u00e9grante. Apr\u00e8s le continent africain en effet, ce pays est celui dans lequel on retrouve le plus grand nombre d&rsquo;aborig\u00e8nes avec un total de plus de 400 tribus r\u00e9pertori\u00e9es.&nbsp;<br \/>\nAppel\u00e9s ici Adivasis, ces diff\u00e9rents groupes tribaux, m\u00eame s&rsquo;ils poss\u00e8dent parfois un grand nombre de caract\u00e9ristiques culturelles communes, ne constituent en aucune mani\u00e8re un ensemble homog\u00e8ne. D\u00e9poss\u00e9d\u00e9s de leurs for\u00eats, spoli\u00e9s de leurs terres, nombre d&rsquo;Adivasis tentent d\u00e9sormais de se prol\u00e9tariser en acceptant, eu \u00e9gard \u00e0 leur qualification, de p\u00e9nibles emplois pr\u00e9caires qui g\u00e9n\u00e8rent des revenus plus qu&rsquo;improbables.&nbsp;<br \/>\nCertains, imaginant les emplois plus nombreux en ville, s&rsquo;exilent pour tenter de trouver un nouveau sens \u00e0 leur vie&#8230;moins obsol\u00e8te ! Les traumatismes sont nombreux, les b\u00e9n\u00e9fices douteux mais l&rsquo;issue in\u00e9luctable : les traditions s&rsquo;effritent peu \u00e0 peu et la culture dispara\u00eet, dans l&rsquo;indiff\u00e9rence g\u00e9n\u00e9rale. Puis, il y a ceux qui, v\u00e9ritable volont\u00e9 ou hasard de l&rsquo;implantation g\u00e9ographique, conservent farouchement leurs traditions et leurs croyances.&nbsp;<br \/>\nCe sont les derniers repr\u00e9sentants d&rsquo;un univers d&rsquo;une \u00e9poustouflante diversit\u00e9 en train de dispara\u00eetre rapidement au profit d&rsquo;un monde o\u00f9 normalisation culturelle rime avec mondialisation. Combien de temps encore r\u00e9sisteront-ils ?<\/span><\/p>\n<p><span style=\"font-family: arial, helvetica, sans-serif; font-size: 12pt;\"><strong>\u20ac 42.- &#8211;&nbsp; &nbsp;CHF 54.- &#8211;<\/strong><\/span><\/p>\n","protected":false},"excerpt":{"rendered":"<p>&nbsp;Eric Pringarbe L&rsquo;Inde est un pays qui fascine. Au-del\u00e0 de ses richesses architecturales, cette nation continent charme surtout le voyageur par son formidable kal\u00e9idoscope de peuples, de religions, de langues qui constitue la richesse m\u00eame de son tissu culturel et dont les aborig\u00e8nes font partie int\u00e9grante. Apr\u00e8s le continent africain en effet, ce pays est [&hellip;]<\/p>\n","protected":false},"author":2,"featured_media":0,"parent":0,"menu_order":0,"comment_status":"closed","ping_status":"closed","template":"","meta":{"ngg_post_thumbnail":0,"footnotes":""},"class_list":["post-570","page","type-page","status-publish","hentry"],"_links":{"self":[{"href":"https:\/\/www.naef.douce-france.net\/index.php\/wp-json\/wp\/v2\/pages\/570","targetHints":{"allow":["GET"]}}],"collection":[{"href":"https:\/\/www.naef.douce-france.net\/index.php\/wp-json\/wp\/v2\/pages"}],"about":[{"href":"https:\/\/www.naef.douce-france.net\/index.php\/wp-json\/wp\/v2\/types\/page"}],"author":[{"embeddable":true,"href":"https:\/\/www.naef.douce-france.net\/index.php\/wp-json\/wp\/v2\/users\/2"}],"replies":[{"embeddable":true,"href":"https:\/\/www.naef.douce-france.net\/index.php\/wp-json\/wp\/v2\/comments?post=570"}],"version-history":[{"count":0,"href":"https:\/\/www.naef.douce-france.net\/index.php\/wp-json\/wp\/v2\/pages\/570\/revisions"}],"wp:attachment":[{"href":"https:\/\/www.naef.douce-france.net\/index.php\/wp-json\/wp\/v2\/media?parent=570"}],"curies":[{"name":"wp","href":"https:\/\/api.w.org\/{rel}","templated":true}]}}