{"id":551,"date":"2019-01-04T16:32:51","date_gmt":"2019-01-04T15:32:51","guid":{"rendered":"https:\/\/www.georgesnaef.com\/?page_id=551"},"modified":"2019-01-04T16:32:51","modified_gmt":"2019-01-04T15:32:51","slug":"rapa-nui-lile-de-paques-2","status":"publish","type":"page","link":"https:\/\/www.naef.douce-france.net\/index.php\/rapa-nui-lile-de-paques-2\/","title":{"rendered":"Rapa Nui, l&rsquo;\u00eele de P\u00e2ques"},"content":{"rendered":"<p><span style=\"font-size: 10pt;\"><span style=\"font-family: arial, helvetica, sans-serif; color: #000080;\"><strong><em><img loading=\"lazy\" decoding=\"async\" class=\"size-medium wp-image-307 alignleft\" src=\"https:\/\/www.georgesnaef.com\/wp-content\/uploads\/2018\/12\/Rapa-Nui-l\u00eele-de-P\u00e2ques-300x291.jpg\" alt=\"\" width=\"300\" height=\"291\">Natalie Brunner-Patthey,&nbsp;Olivier Brunner-Patthey,&nbsp;<br \/>\n<\/em><\/strong><\/span><\/span><span style=\"font-family: arial, helvetica, sans-serif; font-size: 10pt;\">Qui n&rsquo;a pas entendu parler des formidables statues de l&rsquo;\u00eele de P\u00e2ques ? Pourtant, Rapa Nui &#8211; le nom que les autochtones donnent \u00e0 leur \u00eele &#8211; est aussi c\u00e9l\u00e8bre que mal connue. M\u00eame si son pass\u00e9 a d\u00e9sormais livr\u00e9 nombre de ses secrets, l&rsquo;\u00eele a gard\u00e9 bien des myst\u00e8res et elle continue de fasciner les esprits curieux du monde entier. D&rsquo;o\u00f9 vient sa population ? Que reste-t-il de son pass\u00e9 ? Comment y vit-on aujourd&rsquo;hui ? Enthousiasm\u00e9s par un premier voyage sur cette \u00eele mythique, Natalie et Olivier Brunner-Patthey, photographes et conf\u00e9renciers, sont retourn\u00e9s y vivre plusieurs mois \u00e0 la fin de l&rsquo;hiver austral. Ils nous d\u00e9voilent Rapa Nui telle qu&rsquo;elle se pr\u00e9sente aujourd&rsquo;hui. Terre isol\u00e9e et sans v\u00e9ritables ressources naturelles, elle rayonne pourtant dans le vent et les embruns, par la magie \u00e9manant de ses colosses de pierre et la force d&rsquo;une communaut\u00e9 qui a retrouv\u00e9 sa dignit\u00e9.<\/span><\/p>\n<p><span style=\"font-family: arial, helvetica, sans-serif; font-size: 12pt;\"><strong>\u20ac 42.- &#8211;&nbsp; &nbsp;CHF 54.- &#8211;<\/strong><\/span><\/p>\n","protected":false},"excerpt":{"rendered":"<p>Natalie Brunner-Patthey,&nbsp;Olivier Brunner-Patthey,&nbsp; Qui n&rsquo;a pas entendu parler des formidables statues de l&rsquo;\u00eele de P\u00e2ques ? Pourtant, Rapa Nui &#8211; le nom que les autochtones donnent \u00e0 leur \u00eele &#8211; est aussi c\u00e9l\u00e8bre que mal connue. M\u00eame si son pass\u00e9 a d\u00e9sormais livr\u00e9 nombre de ses secrets, l&rsquo;\u00eele a gard\u00e9 bien des myst\u00e8res et elle [&hellip;]<\/p>\n","protected":false},"author":2,"featured_media":0,"parent":0,"menu_order":0,"comment_status":"closed","ping_status":"closed","template":"","meta":{"ngg_post_thumbnail":0,"footnotes":""},"class_list":["post-551","page","type-page","status-publish","hentry"],"_links":{"self":[{"href":"https:\/\/www.naef.douce-france.net\/index.php\/wp-json\/wp\/v2\/pages\/551","targetHints":{"allow":["GET"]}}],"collection":[{"href":"https:\/\/www.naef.douce-france.net\/index.php\/wp-json\/wp\/v2\/pages"}],"about":[{"href":"https:\/\/www.naef.douce-france.net\/index.php\/wp-json\/wp\/v2\/types\/page"}],"author":[{"embeddable":true,"href":"https:\/\/www.naef.douce-france.net\/index.php\/wp-json\/wp\/v2\/users\/2"}],"replies":[{"embeddable":true,"href":"https:\/\/www.naef.douce-france.net\/index.php\/wp-json\/wp\/v2\/comments?post=551"}],"version-history":[{"count":0,"href":"https:\/\/www.naef.douce-france.net\/index.php\/wp-json\/wp\/v2\/pages\/551\/revisions"}],"wp:attachment":[{"href":"https:\/\/www.naef.douce-france.net\/index.php\/wp-json\/wp\/v2\/media?parent=551"}],"curies":[{"name":"wp","href":"https:\/\/api.w.org\/{rel}","templated":true}]}}

Rapa Nui, l&rsquo;île de Pâques

<p><span style="font-size: 10pt;"><span style="font-family: arial, helvetica, sans-serif; color: #000080;"><strong><em><img loading="lazy" decoding="async" class="size-medium wp-image-307 alignleft" src="https://www.georgesnaef.com/wp-content/uploads/2018/12/Rapa-Nui-lîle-de-Pâques-300x291.jpg" alt="" width="300" height="291">Natalie Brunner-Patthey,&nbsp;Olivier Brunner-Patthey,&nbsp;<br />
</em></strong></span></span><span style="font-family: arial, helvetica, sans-serif; font-size: 10pt;">Qui n&rsquo;a pas entendu parler des formidables statues de l&rsquo;île de Pâques ? Pourtant, Rapa Nui &#8211; le nom que les autochtones donnent à leur île &#8211; est aussi célèbre que mal connue. Même si son passé a désormais livré nombre de ses secrets, l&rsquo;île a gardé bien des mystères et elle continue de fasciner les esprits curieux du monde entier. D&rsquo;où vient sa population ? Que reste-t-il de son passé ? Comment y vit-on aujourd&rsquo;hui ? Enthousiasmés par un premier voyage sur cette île mythique, Natalie et Olivier Brunner-Patthey, photographes et conférenciers, sont retournés y vivre plusieurs mois à la fin de l&rsquo;hiver austral. Ils nous dévoilent Rapa Nui telle qu&rsquo;elle se présente aujourd&rsquo;hui. Terre isolée et sans véritables ressources naturelles, elle rayonne pourtant dans le vent et les embruns, par la magie émanant de ses colosses de pierre et la force d&rsquo;une communauté qui a retrouvé sa dignité.</span></p>
<p><span style="font-family: arial, helvetica, sans-serif; font-size: 12pt;"><strong>€ 42.- &#8211;&nbsp; &nbsp;CHF 54.- &#8211;</strong></span></p>

<p>Natalie Brunner-Patthey,&nbsp;Olivier Brunner-Patthey,&nbsp; Qui n&rsquo;a pas entendu parler des formidables statues de l&rsquo;île de Pâques ? Pourtant, Rapa Nui &#8211; le nom que les autochtones donnent à leur île &#8211; est aussi célèbre que mal connue. Même si son passé a désormais livré nombre de ses secrets, l&rsquo;île a gardé bien des mystères et elle [&hellip;]</p>
