{"id":548,"date":"2019-01-04T16:27:12","date_gmt":"2019-01-04T15:27:12","guid":{"rendered":"https:\/\/www.georgesnaef.com\/?page_id=548"},"modified":"2019-01-04T16:27:12","modified_gmt":"2019-01-04T15:27:12","slug":"mongolie-espaces-infinis-2","status":"publish","type":"page","link":"https:\/\/www.naef.douce-france.net\/index.php\/mongolie-espaces-infinis-2\/","title":{"rendered":"Mongolie &#8211; Espaces infinis"},"content":{"rendered":"<p><span style=\"font-size: 10pt;\"><span style=\"font-family: arial, helvetica, sans-serif; color: #000080;\"><strong><em><img loading=\"lazy\" decoding=\"async\" class=\"size-medium wp-image-304 alignleft\" src=\"https:\/\/www.georgesnaef.com\/wp-content\/uploads\/2018\/12\/Mongolie-Espaces-infinis-300x285.jpg\" alt=\"\" width=\"300\" height=\"285\" srcset=\"https:\/\/www.naef.douce-france.net\/wp-content\/uploads\/2018\/12\/Mongolie-Espaces-infinis-300x285.jpg 300w, https:\/\/www.naef.douce-france.net\/wp-content\/uploads\/2018\/12\/Mongolie-Espaces-infinis.jpg 475w\" sizes=\"auto, (max-width: 300px) 100vw, 300px\" \/>Etienne Dehau<br \/>\n<\/em><\/strong><\/span><\/span><span style=\"font-family: arial, helvetica, sans-serif; font-size: 10pt;\">La Mongolie repr\u00e9sente l&rsquo;un des derniers bastions du nomadisme. Plus de la moiti\u00e9 de la population vit sous la yourte, se d\u00e9pla\u00e7ant au gr\u00e9 des saisons \u00e0 travers les immensit\u00e9s de la steppe, afin que les troupeaux disposent en permanence des meilleurs p\u00e2turages. Les Mongols perp\u00e9tuent ainsi au c\u0153ur de l&rsquo;Asie centrale des traditions dont les origines sont bien ant\u00e9rieures \u00e0 l&#8217;empire de Gengis Khan. Profond\u00e9ment impr\u00e9gn\u00e9s par les grands espaces \u00e0 travers lesquels ils ne cessent d&rsquo;\u00e9voluer, les \u00e9leveurs mongols poss\u00e8dent une vision du monde, un rapport \u00e0 la nature, au temps et \u00e0 l&rsquo;espace tout \u00e0 fait particuliers. L&rsquo;introduction du bouddhisme au XVIe si\u00e8cle par les Mandchous n&rsquo;a modifi\u00e9 que partiellement leurs croyances, bas\u00e9es essentiellement sur l&rsquo;animisme, le chamanisme et le culte des anc\u00eatres.<\/span><\/p>\n<p><span style=\"font-family: arial, helvetica, sans-serif; font-size: 12pt;\"><strong>\u20ac 42.- &#8211;&nbsp; &nbsp;CHF 54.- &#8211;<\/strong><\/span><\/p>\n","protected":false},"excerpt":{"rendered":"<p>Etienne Dehau La Mongolie repr\u00e9sente l&rsquo;un des derniers bastions du nomadisme. Plus de la moiti\u00e9 de la population vit sous la yourte, se d\u00e9pla\u00e7ant au gr\u00e9 des saisons \u00e0 travers les immensit\u00e9s de la steppe, afin que les troupeaux disposent en permanence des meilleurs p\u00e2turages. Les Mongols perp\u00e9tuent ainsi au c\u0153ur de l&rsquo;Asie centrale des [&hellip;]<\/p>\n","protected":false},"author":2,"featured_media":0,"parent":0,"menu_order":0,"comment_status":"closed","ping_status":"closed","template":"","meta":{"ngg_post_thumbnail":0,"footnotes":""},"class_list":["post-548","page","type-page","status-publish","hentry"],"_links":{"self":[{"href":"https:\/\/www.naef.douce-france.net\/index.php\/wp-json\/wp\/v2\/pages\/548","targetHints":{"allow":["GET"]}}],"collection":[{"href":"https:\/\/www.naef.douce-france.net\/index.php\/wp-json\/wp\/v2\/pages"}],"about":[{"href":"https:\/\/www.naef.douce-france.net\/index.php\/wp-json\/wp\/v2\/types\/page"}],"author":[{"embeddable":true,"href":"https:\/\/www.naef.douce-france.net\/index.php\/wp-json\/wp\/v2\/users\/2"}],"replies":[{"embeddable":true,"href":"https:\/\/www.naef.douce-france.net\/index.php\/wp-json\/wp\/v2\/comments?post=548"}],"version-history":[{"count":0,"href":"https:\/\/www.naef.douce-france.net\/index.php\/wp-json\/wp\/v2\/pages\/548\/revisions"}],"wp:attachment":[{"href":"https:\/\/www.naef.douce-france.net\/index.php\/wp-json\/wp\/v2\/media?parent=548"}],"curies":[{"name":"wp","href":"https:\/\/api.w.org\/{rel}","templated":true}]}}