{"id":531,"date":"2019-01-04T15:57:55","date_gmt":"2019-01-04T14:57:55","guid":{"rendered":"https:\/\/www.georgesnaef.com\/?page_id=531"},"modified":"2019-01-04T15:57:55","modified_gmt":"2019-01-04T14:57:55","slug":"touaregs-et-peuls-les-nomades-du-sahel-2","status":"publish","type":"page","link":"https:\/\/www.naef.douce-france.net\/index.php\/touaregs-et-peuls-les-nomades-du-sahel-2\/","title":{"rendered":"Touaregs et Peuls &#8211; Les nomades du Sahel"},"content":{"rendered":"<p><span style=\"font-size: 10pt;\"><span style=\"font-family: arial, helvetica, sans-serif; color: #000080;\"><strong><em><img loading=\"lazy\" decoding=\"async\" class=\"size-medium wp-image-313 alignleft\" src=\"https:\/\/www.georgesnaef.com\/wp-content\/uploads\/2018\/12\/Touaregs-et-Peuls-Les-nomades-du-Sahel-300x264.jpg\" alt=\"\" width=\"300\" height=\"264\" srcset=\"https:\/\/www.naef.douce-france.net\/wp-content\/uploads\/2018\/12\/Touaregs-et-Peuls-Les-nomades-du-Sahel-300x264.jpg 300w, https:\/\/www.naef.douce-france.net\/wp-content\/uploads\/2018\/12\/Touaregs-et-Peuls-Les-nomades-du-Sahel.jpg 475w\" sizes=\"auto, (max-width: 300px) 100vw, 300px\" \/>Dany Herbreteau<br \/>\n<\/em><\/strong><\/span><\/span><span style=\"font-family: arial, helvetica, sans-serif; font-size: 10pt;\">Des visages, des traditions, des f\u00eates, des march\u00e9s, des lieux de vie, souvent confidentiels et ferm\u00e9s aux regards \u00e9trangers\u2026cet ouvrage pourrait rev\u00eatir l&rsquo;habit de passeur pour \u00e9tablir un couloir entre l&rsquo;Ici et l&rsquo;Ailleurs en restituant les instants \u00e9blouissants d&rsquo;une exp\u00e9rience unique de vie aupr\u00e8s des Touaregs et des Peuls, nomades du Sahel, dont la voie de l&rsquo;errance a marqu\u00e9 toute leur histoire et dont le futur reste trac\u00e9 en pointill\u00e9\u2026<\/span><\/p>\n<p><span style=\"font-family: arial, helvetica, sans-serif; font-size: 12pt;\"><strong>\u20ac 48.- &#8211;&nbsp; &nbsp;CHF 59.- &#8211;<\/strong><\/span><\/p>\n","protected":false},"excerpt":{"rendered":"<p>Dany Herbreteau Des visages, des traditions, des f\u00eates, des march\u00e9s, des lieux de vie, souvent confidentiels et ferm\u00e9s aux regards \u00e9trangers\u2026cet ouvrage pourrait rev\u00eatir l&rsquo;habit de passeur pour \u00e9tablir un couloir entre l&rsquo;Ici et l&rsquo;Ailleurs en restituant les instants \u00e9blouissants d&rsquo;une exp\u00e9rience unique de vie aupr\u00e8s des Touaregs et des Peuls, nomades du Sahel, dont [&hellip;]<\/p>\n","protected":false},"author":2,"featured_media":0,"parent":0,"menu_order":0,"comment_status":"closed","ping_status":"closed","template":"","meta":{"ngg_post_thumbnail":0,"footnotes":""},"class_list":["post-531","page","type-page","status-publish","hentry"],"_links":{"self":[{"href":"https:\/\/www.naef.douce-france.net\/index.php\/wp-json\/wp\/v2\/pages\/531","targetHints":{"allow":["GET"]}}],"collection":[{"href":"https:\/\/www.naef.douce-france.net\/index.php\/wp-json\/wp\/v2\/pages"}],"about":[{"href":"https:\/\/www.naef.douce-france.net\/index.php\/wp-json\/wp\/v2\/types\/page"}],"author":[{"embeddable":true,"href":"https:\/\/www.naef.douce-france.net\/index.php\/wp-json\/wp\/v2\/users\/2"}],"replies":[{"embeddable":true,"href":"https:\/\/www.naef.douce-france.net\/index.php\/wp-json\/wp\/v2\/comments?post=531"}],"version-history":[{"count":0,"href":"https:\/\/www.naef.douce-france.net\/index.php\/wp-json\/wp\/v2\/pages\/531\/revisions"}],"wp:attachment":[{"href":"https:\/\/www.naef.douce-france.net\/index.php\/wp-json\/wp\/v2\/media?parent=531"}],"curies":[{"name":"wp","href":"https:\/\/api.w.org\/{rel}","templated":true}]}}

<p><span style="font-size: 10pt;"><span style="font-family: arial, helvetica, sans-serif; color: #000080;"><strong><em><img loading="lazy" decoding="async" class="size-medium wp-image-313 alignleft" src="https://www.georgesnaef.com/wp-content/uploads/2018/12/Touaregs-et-Peuls-Les-nomades-du-Sahel-300x264.jpg" alt="" width="300" height="264" srcset="https://www.naef.douce-france.net/wp-content/uploads/2018/12/Touaregs-et-Peuls-Les-nomades-du-Sahel-300x264.jpg 300w, https://www.naef.douce-france.net/wp-content/uploads/2018/12/Touaregs-et-Peuls-Les-nomades-du-Sahel.jpg 475w" sizes="auto, (max-width: 300px) 100vw, 300px" />Dany Herbreteau<br />
</em></strong></span></span><span style="font-family: arial, helvetica, sans-serif; font-size: 10pt;">Des visages, des traditions, des fêtes, des marchés, des lieux de vie, souvent confidentiels et fermés aux regards étrangers…cet ouvrage pourrait revêtir l&rsquo;habit de passeur pour établir un couloir entre l&rsquo;Ici et l&rsquo;Ailleurs en restituant les instants éblouissants d&rsquo;une expérience unique de vie auprès des Touaregs et des Peuls, nomades du Sahel, dont la voie de l&rsquo;errance a marqué toute leur histoire et dont le futur reste tracé en pointillé…</span></p>
<p><span style="font-family: arial, helvetica, sans-serif; font-size: 12pt;"><strong>€ 48.- &#8211;&nbsp; &nbsp;CHF 59.- &#8211;</strong></span></p>

<p>Dany Herbreteau Des visages, des traditions, des fêtes, des marchés, des lieux de vie, souvent confidentiels et fermés aux regards étrangers…cet ouvrage pourrait revêtir l&rsquo;habit de passeur pour établir un couloir entre l&rsquo;Ici et l&rsquo;Ailleurs en restituant les instants éblouissants d&rsquo;une expérience unique de vie auprès des Touaregs et des Peuls, nomades du Sahel, dont [&hellip;]</p>
