{"id":528,"date":"2019-01-04T15:53:30","date_gmt":"2019-01-04T14:53:30","guid":{"rendered":"https:\/\/www.georgesnaef.com\/?page_id=528"},"modified":"2019-01-04T15:53:30","modified_gmt":"2019-01-04T14:53:30","slug":"le-mekong-2-2","status":"publish","type":"page","link":"https:\/\/www.naef.douce-france.net\/index.php\/le-mekong-2-2\/","title":{"rendered":"Le M\u00e9kong"},"content":{"rendered":"<p><span style=\"font-size: 10pt;\"><span style=\"font-family: arial, helvetica, sans-serif; color: #000080;\"><strong><em><img loading=\"lazy\" decoding=\"async\" class=\"size-medium wp-image-209 alignleft\" src=\"https:\/\/www.georgesnaef.com\/wp-content\/uploads\/2018\/12\/Le-M\u00e9kong-300x273.jpg\" alt=\"\" width=\"300\" height=\"273\">Eric Pringarbe<br \/>\n<\/em><\/strong><\/span><\/span><span style=\"font-family: arial, helvetica, sans-serif; font-size: 10pt;\">La simple \u00e9vocation du M\u00e9kong fait na\u00eetre en chacun de nous quantit\u00e9 d&rsquo;images, de r\u00eaves, de fantasmes parfois. Rien en effet n&rsquo;\u00e9voque plus dans nos esprits l&rsquo;Orient que ce fleuve mythique rest\u00e9 longtemps inexplor\u00e9 et encore aujourd&rsquo;hui, dans une certaine mesure, indompt\u00e9. Du haut plateau tib\u00e9tain o\u00f9 il prend sa source, le M\u00e9kong nous invite \u00e0 d\u00e9couvrir l&rsquo;ensemble des pays qui jalonnent sa route : la Chine m\u00e9ridionale, le Myanmar (ex-Birmanie), le Laos, la Tha\u00eflande, le Cambodge et finalement le Vi\u00eatnam o\u00f9 ses eaux s&rsquo;alanguissent pour venir enfin, apr\u00e8s un tumultueux p\u00e9riple de pr\u00e8s de 4500 km, s&rsquo;accoupler \u00e0 l&rsquo;oc\u00e9ane immensit\u00e9.&nbsp;<br \/>\nIl nous permet ainsi, au fil de l&rsquo;eau, d&rsquo;aller \u00e0 la rencontre des populations qui vivent \u00e0 ses abords et de prendre la mesure des multiples visages d&rsquo;un des g\u00e9ants de l&rsquo;Asie. Tout n&rsquo;est ici qu&rsquo;\u00e9merveillement : le contraste des paysages, tous plus beaux les uns que les autres ; les villes prestigieuses grouillantes d&rsquo;activit\u00e9s ; les cit\u00e9s antiques, vestiges de civilisations mill\u00e9naires et enfin ces peuples, hommes de terres et d&rsquo;eaux, qui s&rsquo;\u00e9gr\u00e8nent tout le long de ce fleuve majestueux en formant une des plus extraordinaire mosa\u00efque ethnique.&nbsp;<br \/>\nDans cet espace pluriculturel en mutation, les quelques 300 millions de personnes d\u00e9pendant directement du fleuve pour survivre sauront-elles trouver, face aux enjeux \u00e9conomiques, les solutions d&rsquo;un d\u00e9veloppement durable qui permettent au fleuve de poursuivre son oeuvre nourrici\u00e8re ?<\/span><\/p>\n<p><span style=\"font-family: arial, helvetica, sans-serif; font-size: 12pt;\"><strong>\u20ac 48.- &#8211;&nbsp; &nbsp;CHF 59.- &#8211;<\/strong><\/span><\/p>\n","protected":false},"excerpt":{"rendered":"<p>Eric Pringarbe La simple \u00e9vocation du M\u00e9kong fait na\u00eetre en chacun de nous quantit\u00e9 d&rsquo;images, de r\u00eaves, de fantasmes parfois. Rien en effet n&rsquo;\u00e9voque plus dans nos esprits l&rsquo;Orient que ce fleuve mythique rest\u00e9 longtemps inexplor\u00e9 et encore aujourd&rsquo;hui, dans une certaine mesure, indompt\u00e9. Du haut plateau tib\u00e9tain o\u00f9 il prend sa source, le M\u00e9kong [&hellip;]<\/p>\n","protected":false},"author":2,"featured_media":0,"parent":0,"menu_order":0,"comment_status":"closed","ping_status":"closed","template":"","meta":{"ngg_post_thumbnail":0,"footnotes":""},"class_list":["post-528","page","type-page","status-publish","hentry"],"_links":{"self":[{"href":"https:\/\/www.naef.douce-france.net\/index.php\/wp-json\/wp\/v2\/pages\/528","targetHints":{"allow":["GET"]}}],"collection":[{"href":"https:\/\/www.naef.douce-france.net\/index.php\/wp-json\/wp\/v2\/pages"}],"about":[{"href":"https:\/\/www.naef.douce-france.net\/index.php\/wp-json\/wp\/v2\/types\/page"}],"author":[{"embeddable":true,"href":"https:\/\/www.naef.douce-france.net\/index.php\/wp-json\/wp\/v2\/users\/2"}],"replies":[{"embeddable":true,"href":"https:\/\/www.naef.douce-france.net\/index.php\/wp-json\/wp\/v2\/comments?post=528"}],"version-history":[{"count":0,"href":"https:\/\/www.naef.douce-france.net\/index.php\/wp-json\/wp\/v2\/pages\/528\/revisions"}],"wp:attachment":[{"href":"https:\/\/www.naef.douce-france.net\/index.php\/wp-json\/wp\/v2\/media?parent=528"}],"curies":[{"name":"wp","href":"https:\/\/api.w.org\/{rel}","templated":true}]}}

Le Mékong

<p><span style="font-size: 10pt;"><span style="font-family: arial, helvetica, sans-serif; color: #000080;"><strong><em><img loading="lazy" decoding="async" class="size-medium wp-image-209 alignleft" src="https://www.georgesnaef.com/wp-content/uploads/2018/12/Le-Mékong-300x273.jpg" alt="" width="300" height="273">Eric Pringarbe<br />
</em></strong></span></span><span style="font-family: arial, helvetica, sans-serif; font-size: 10pt;">La simple évocation du Mékong fait naître en chacun de nous quantité d&rsquo;images, de rêves, de fantasmes parfois. Rien en effet n&rsquo;évoque plus dans nos esprits l&rsquo;Orient que ce fleuve mythique resté longtemps inexploré et encore aujourd&rsquo;hui, dans une certaine mesure, indompté. Du haut plateau tibétain où il prend sa source, le Mékong nous invite à découvrir l&rsquo;ensemble des pays qui jalonnent sa route : la Chine méridionale, le Myanmar (ex-Birmanie), le Laos, la Thaïlande, le Cambodge et finalement le Viêtnam où ses eaux s&rsquo;alanguissent pour venir enfin, après un tumultueux périple de près de 4500 km, s&rsquo;accoupler à l&rsquo;océane immensité.&nbsp;<br />
Il nous permet ainsi, au fil de l&rsquo;eau, d&rsquo;aller à la rencontre des populations qui vivent à ses abords et de prendre la mesure des multiples visages d&rsquo;un des géants de l&rsquo;Asie. Tout n&rsquo;est ici qu&rsquo;émerveillement : le contraste des paysages, tous plus beaux les uns que les autres ; les villes prestigieuses grouillantes d&rsquo;activités ; les cités antiques, vestiges de civilisations millénaires et enfin ces peuples, hommes de terres et d&rsquo;eaux, qui s&rsquo;égrènent tout le long de ce fleuve majestueux en formant une des plus extraordinaire mosaïque ethnique.&nbsp;<br />
Dans cet espace pluriculturel en mutation, les quelques 300 millions de personnes dépendant directement du fleuve pour survivre sauront-elles trouver, face aux enjeux économiques, les solutions d&rsquo;un développement durable qui permettent au fleuve de poursuivre son oeuvre nourricière ?</span></p>
<p><span style="font-family: arial, helvetica, sans-serif; font-size: 12pt;"><strong>€ 48.- &#8211;&nbsp; &nbsp;CHF 59.- &#8211;</strong></span></p>

<p>Eric Pringarbe La simple évocation du Mékong fait naître en chacun de nous quantité d&rsquo;images, de rêves, de fantasmes parfois. Rien en effet n&rsquo;évoque plus dans nos esprits l&rsquo;Orient que ce fleuve mythique resté longtemps inexploré et encore aujourd&rsquo;hui, dans une certaine mesure, indompté. Du haut plateau tibétain où il prend sa source, le Mékong [&hellip;]</p>
