{"id":523,"date":"2019-01-04T15:46:58","date_gmt":"2019-01-04T14:46:58","guid":{"rendered":"https:\/\/www.georgesnaef.com\/?page_id=523"},"modified":"2019-01-04T15:46:58","modified_gmt":"2019-01-04T14:46:58","slug":"samarkand-la-magnifique-2","status":"publish","type":"page","link":"https:\/\/www.naef.douce-france.net\/index.php\/samarkand-la-magnifique-2\/","title":{"rendered":"Samarkand la Magnifique"},"content":{"rendered":"<p><span style=\"font-size: 10pt;\"><span style=\"font-family: arial, helvetica, sans-serif; color: #000080;\"><strong><em><img loading=\"lazy\" decoding=\"async\" class=\"size-medium wp-image-310 alignleft\" src=\"https:\/\/www.georgesnaef.com\/wp-content\/uploads\/2018\/12\/Samarkand-la-Magnifique-250x300.jpg\" alt=\"\" width=\"250\" height=\"300\" srcset=\"https:\/\/www.naef.douce-france.net\/wp-content\/uploads\/2018\/12\/Samarkand-la-Magnifique-250x300.jpg 250w, https:\/\/www.naef.douce-france.net\/wp-content\/uploads\/2018\/12\/Samarkand-la-Magnifique.jpg 417w\" sizes=\"auto, (max-width: 250px) 100vw, 250px\" \/>Fr\u00e9d\u00e9rique Beaupertuis-Bressand<br \/>\n<\/em><\/strong><\/span><\/span><span style=\"font-family: arial, helvetica, sans-serif; font-size: 10pt;\">A la crois\u00e9e des chemins d&rsquo;Alexandre, de Gengis Khan et de Tamerlan, \u00e9tape cl\u00e9 sur la route de la soie qui relia Constantinople puis Venise \u00e0 Xian, Samarkand redevient la source d&rsquo;une identit\u00e9 retrouv\u00e9e dans l&rsquo;Ouzb\u00e9kistan ind\u00e9pendant. Apr\u00e8s \u00a0\u00bb l&rsquo;Or Bleu de Samarkand \u00ab\u00a0, par les yeux et par la pens\u00e9e, Fr\u00e9d\u00e9rique Beaupertuis-Bressand nous invite donc \u00e0 une passionnante exploration de ces chemins d&rsquo;harmonie.&nbsp;<br \/>\nExploration tout d&rsquo;abord de la magnificence de l&rsquo;art et de l&rsquo;architecture qui font de Samarkand l&rsquo;un des joyaux du inonde. De la fresque des Ambassadeurs \u00e0 Afrasiab aux c\u00e9ramiques du tombeau de Tamerlan, des madrasas du Reghistan aux d\u00f4mes bleus de la Grande Mosqu\u00e9e Bibi Khanum, ce sont les fastes de la cour des Sogdiens, puis le raffinement des c\u00e9ramiques des palais de Tamerlan, et jusqu&rsquo;\u00e0 la soif d&rsquo;espaces \u00e9toil\u00e9s d&rsquo;Ulug Beg, le Prince astronome, qui revivent sous nos yeux.&nbsp;<br \/>\nMais cet art est aussi contemporain. L&rsquo;objectif de Fr\u00e9d\u00e9rique Beaupertuis-Bressand nous invite alors \u00e0 vagabonder dans les bazars, les ateliers et les kichlaks, ces villages o\u00f9 l&rsquo;argue est roi. A travers les si\u00e8cles, sous ces regards photographi\u00e9s avec tendresse, les tentures aux tons \u00e9clatants, les su zanis et les ikats r\u00e9pondent aux d\u00f4mes de c\u00e9ramique bleue : pour les femmes et les hommes d&rsquo;Asie centrale, Samarkand, la plus que jamais magnifique, est cette source toujours vive d&rsquo;harmonie et de cr\u00e9ation.<\/span><\/p>\n<p><span style=\"font-family: arial, helvetica, sans-serif; font-size: 12pt;\"><strong>\u20ac 48.- &#8211;&nbsp; &nbsp;CHF 59.- &#8211;<\/strong><\/span><\/p>\n","protected":false},"excerpt":{"rendered":"<p>Fr\u00e9d\u00e9rique Beaupertuis-Bressand A la crois\u00e9e des chemins d&rsquo;Alexandre, de Gengis Khan et de Tamerlan, \u00e9tape cl\u00e9 sur la route de la soie qui relia Constantinople puis Venise \u00e0 Xian, Samarkand redevient la source d&rsquo;une identit\u00e9 retrouv\u00e9e dans l&rsquo;Ouzb\u00e9kistan ind\u00e9pendant. Apr\u00e8s \u00a0\u00bb l&rsquo;Or Bleu de Samarkand \u00ab\u00a0, par les yeux et par la pens\u00e9e, Fr\u00e9d\u00e9rique Beaupertuis-Bressand [&hellip;]<\/p>\n","protected":false},"author":2,"featured_media":0,"parent":0,"menu_order":0,"comment_status":"closed","ping_status":"closed","template":"","meta":{"ngg_post_thumbnail":0,"footnotes":""},"class_list":["post-523","page","type-page","status-publish","hentry"],"_links":{"self":[{"href":"https:\/\/www.naef.douce-france.net\/index.php\/wp-json\/wp\/v2\/pages\/523","targetHints":{"allow":["GET"]}}],"collection":[{"href":"https:\/\/www.naef.douce-france.net\/index.php\/wp-json\/wp\/v2\/pages"}],"about":[{"href":"https:\/\/www.naef.douce-france.net\/index.php\/wp-json\/wp\/v2\/types\/page"}],"author":[{"embeddable":true,"href":"https:\/\/www.naef.douce-france.net\/index.php\/wp-json\/wp\/v2\/users\/2"}],"replies":[{"embeddable":true,"href":"https:\/\/www.naef.douce-france.net\/index.php\/wp-json\/wp\/v2\/comments?post=523"}],"version-history":[{"count":0,"href":"https:\/\/www.naef.douce-france.net\/index.php\/wp-json\/wp\/v2\/pages\/523\/revisions"}],"wp:attachment":[{"href":"https:\/\/www.naef.douce-france.net\/index.php\/wp-json\/wp\/v2\/media?parent=523"}],"curies":[{"name":"wp","href":"https:\/\/api.w.org\/{rel}","templated":true}]}}

<p><span style="font-size: 10pt;"><span style="font-family: arial, helvetica, sans-serif; color: #000080;"><strong><em><img loading="lazy" decoding="async" class="size-medium wp-image-310 alignleft" src="https://www.georgesnaef.com/wp-content/uploads/2018/12/Samarkand-la-Magnifique-250x300.jpg" alt="" width="250" height="300" srcset="https://www.naef.douce-france.net/wp-content/uploads/2018/12/Samarkand-la-Magnifique-250x300.jpg 250w, https://www.naef.douce-france.net/wp-content/uploads/2018/12/Samarkand-la-Magnifique.jpg 417w" sizes="auto, (max-width: 250px) 100vw, 250px" />Frédérique Beaupertuis-Bressand<br />
</em></strong></span></span><span style="font-family: arial, helvetica, sans-serif; font-size: 10pt;">A la croisée des chemins d&rsquo;Alexandre, de Gengis Khan et de Tamerlan, étape clé sur la route de la soie qui relia Constantinople puis Venise à Xian, Samarkand redevient la source d&rsquo;une identité retrouvée dans l&rsquo;Ouzbékistan indépendant. Après  » l&rsquo;Or Bleu de Samarkand « , par les yeux et par la pensée, Frédérique Beaupertuis-Bressand nous invite donc à une passionnante exploration de ces chemins d&rsquo;harmonie.&nbsp;<br />
Exploration tout d&rsquo;abord de la magnificence de l&rsquo;art et de l&rsquo;architecture qui font de Samarkand l&rsquo;un des joyaux du inonde. De la fresque des Ambassadeurs à Afrasiab aux céramiques du tombeau de Tamerlan, des madrasas du Reghistan aux dômes bleus de la Grande Mosquée Bibi Khanum, ce sont les fastes de la cour des Sogdiens, puis le raffinement des céramiques des palais de Tamerlan, et jusqu&rsquo;à la soif d&rsquo;espaces étoilés d&rsquo;Ulug Beg, le Prince astronome, qui revivent sous nos yeux.&nbsp;<br />
Mais cet art est aussi contemporain. L&rsquo;objectif de Frédérique Beaupertuis-Bressand nous invite alors à vagabonder dans les bazars, les ateliers et les kichlaks, ces villages où l&rsquo;argue est roi. A travers les siècles, sous ces regards photographiés avec tendresse, les tentures aux tons éclatants, les su zanis et les ikats répondent aux dômes de céramique bleue : pour les femmes et les hommes d&rsquo;Asie centrale, Samarkand, la plus que jamais magnifique, est cette source toujours vive d&rsquo;harmonie et de création.</span></p>
<p><span style="font-family: arial, helvetica, sans-serif; font-size: 12pt;"><strong>€ 48.- &#8211;&nbsp; &nbsp;CHF 59.- &#8211;</strong></span></p>

<p>Frédérique Beaupertuis-Bressand A la croisée des chemins d&rsquo;Alexandre, de Gengis Khan et de Tamerlan, étape clé sur la route de la soie qui relia Constantinople puis Venise à Xian, Samarkand redevient la source d&rsquo;une identité retrouvée dans l&rsquo;Ouzbékistan indépendant. Après  » l&rsquo;Or Bleu de Samarkand « , par les yeux et par la pensée, Frédérique Beaupertuis-Bressand [&hellip;]</p>
