{"id":510,"date":"2019-01-02T10:59:05","date_gmt":"2019-01-02T09:59:05","guid":{"rendered":"https:\/\/www.georgesnaef.com\/?page_id=510"},"modified":"2019-01-02T10:59:05","modified_gmt":"2019-01-02T09:59:05","slug":"mauritanie-terre-de-reve-et-daventure-2","status":"publish","type":"page","link":"https:\/\/www.naef.douce-france.net\/index.php\/mauritanie-terre-de-reve-et-daventure-2\/","title":{"rendered":"Mauritanie &#8211; Terre de r\u00eave et d&rsquo;aventure"},"content":{"rendered":"<p><span style=\"font-size: 10pt;\"><span style=\"font-family: arial, helvetica, sans-serif; color: #000080;\"><strong><em><img loading=\"lazy\" decoding=\"async\" class=\"size-medium wp-image-303 alignleft\" src=\"https:\/\/www.georgesnaef.com\/wp-content\/uploads\/2018\/12\/Mauritanie-Terre-de-r\u00eave-et-daventure-256x300.jpg\" alt=\"\" width=\"256\" height=\"300\">Patrick Vabre, C\u00e9cile Tr\u00e9al, Jean-Michel Ruiz<br \/>\n<\/em><\/strong><\/span><\/span><span style=\"font-family: arial, helvetica, sans-serif; font-size: 10pt;\">De l&rsquo;oc\u00e9an aux longs cordons dunaires orang\u00e9s, des fra\u00eeches oasis aux regs br\u00fblants de l&rsquo;Adrar, des march\u00e9s anim\u00e9s \u00e0 la sobre kha\u00efma des bergers, la Mauritanie est une terre de contrastes et de paradoxes. Dans une prairie occidentale du Sahara, monde min\u00e9ral ingrat mais admirable, une faune et une flore sp\u00e9cifiques ont su s&rsquo;adapter. Les nomades s&rsquo;y maintiennent en s&rsquo;appuyant sur leurs traditions ancestrales proches de la nature. Pays pauvre, la Mauritanie puise quelques ressources de ses montagnes de fer et de ses eaux poissonneuses. L&rsquo;occupation humaine a travers\u00e9 toutes les \u00e9poques, de la Pr\u00e9histoire aux riches vestiges, jusqu&rsquo;au Moyen Age marqu\u00e9 par l&rsquo;apog\u00e9e des villes saintes de Chinguetti et de Ouadane. Le visiteur se souvient longtemps de ce retour aux sources, de la convivialit\u00e9 du peuple des sables, et de l&rsquo;in\u00e9vitable c\u00e9r\u00e9monial des trois th\u00e9s. Ce pays est beau. Alors franchissez le pas, Inch&rsquo;Alllah.<\/span><\/p>\n<p><span style=\"font-family: arial, helvetica, sans-serif; font-size: 12pt;\"><strong>\u20ac 48.- &#8211;&nbsp; &nbsp;CHF 59.- &#8211;<\/strong><\/span><\/p>\n","protected":false},"excerpt":{"rendered":"<p>Patrick Vabre, C\u00e9cile Tr\u00e9al, Jean-Michel Ruiz De l&rsquo;oc\u00e9an aux longs cordons dunaires orang\u00e9s, des fra\u00eeches oasis aux regs br\u00fblants de l&rsquo;Adrar, des march\u00e9s anim\u00e9s \u00e0 la sobre kha\u00efma des bergers, la Mauritanie est une terre de contrastes et de paradoxes. Dans une prairie occidentale du Sahara, monde min\u00e9ral ingrat mais admirable, une faune et une [&hellip;]<\/p>\n","protected":false},"author":2,"featured_media":0,"parent":0,"menu_order":0,"comment_status":"closed","ping_status":"closed","template":"","meta":{"ngg_post_thumbnail":0,"footnotes":""},"class_list":["post-510","page","type-page","status-publish","hentry"],"_links":{"self":[{"href":"https:\/\/www.naef.douce-france.net\/index.php\/wp-json\/wp\/v2\/pages\/510","targetHints":{"allow":["GET"]}}],"collection":[{"href":"https:\/\/www.naef.douce-france.net\/index.php\/wp-json\/wp\/v2\/pages"}],"about":[{"href":"https:\/\/www.naef.douce-france.net\/index.php\/wp-json\/wp\/v2\/types\/page"}],"author":[{"embeddable":true,"href":"https:\/\/www.naef.douce-france.net\/index.php\/wp-json\/wp\/v2\/users\/2"}],"replies":[{"embeddable":true,"href":"https:\/\/www.naef.douce-france.net\/index.php\/wp-json\/wp\/v2\/comments?post=510"}],"version-history":[{"count":0,"href":"https:\/\/www.naef.douce-france.net\/index.php\/wp-json\/wp\/v2\/pages\/510\/revisions"}],"wp:attachment":[{"href":"https:\/\/www.naef.douce-france.net\/index.php\/wp-json\/wp\/v2\/media?parent=510"}],"curies":[{"name":"wp","href":"https:\/\/api.w.org\/{rel}","templated":true}]}}

Mauritanie &#8211; Terre de rêve et d&rsquo;aventure

<p><span style="font-size: 10pt;"><span style="font-family: arial, helvetica, sans-serif; color: #000080;"><strong><em><img loading="lazy" decoding="async" class="size-medium wp-image-303 alignleft" src="https://www.georgesnaef.com/wp-content/uploads/2018/12/Mauritanie-Terre-de-rêve-et-daventure-256x300.jpg" alt="" width="256" height="300">Patrick Vabre, Cécile Tréal, Jean-Michel Ruiz<br />
</em></strong></span></span><span style="font-family: arial, helvetica, sans-serif; font-size: 10pt;">De l&rsquo;océan aux longs cordons dunaires orangés, des fraîches oasis aux regs brûlants de l&rsquo;Adrar, des marchés animés à la sobre khaïma des bergers, la Mauritanie est une terre de contrastes et de paradoxes. Dans une prairie occidentale du Sahara, monde minéral ingrat mais admirable, une faune et une flore spécifiques ont su s&rsquo;adapter. Les nomades s&rsquo;y maintiennent en s&rsquo;appuyant sur leurs traditions ancestrales proches de la nature. Pays pauvre, la Mauritanie puise quelques ressources de ses montagnes de fer et de ses eaux poissonneuses. L&rsquo;occupation humaine a traversé toutes les époques, de la Préhistoire aux riches vestiges, jusqu&rsquo;au Moyen Age marqué par l&rsquo;apogée des villes saintes de Chinguetti et de Ouadane. Le visiteur se souvient longtemps de ce retour aux sources, de la convivialité du peuple des sables, et de l&rsquo;inévitable cérémonial des trois thés. Ce pays est beau. Alors franchissez le pas, Inch&rsquo;Alllah.</span></p>
<p><span style="font-family: arial, helvetica, sans-serif; font-size: 12pt;"><strong>€ 48.- &#8211;&nbsp; &nbsp;CHF 59.- &#8211;</strong></span></p>

<p>Patrick Vabre, Cécile Tréal, Jean-Michel Ruiz De l&rsquo;océan aux longs cordons dunaires orangés, des fraîches oasis aux regs brûlants de l&rsquo;Adrar, des marchés animés à la sobre khaïma des bergers, la Mauritanie est une terre de contrastes et de paradoxes. Dans une prairie occidentale du Sahara, monde minéral ingrat mais admirable, une faune et une [&hellip;]</p>
