{"id":496,"date":"2019-01-02T09:18:51","date_gmt":"2019-01-02T08:18:51","guid":{"rendered":"https:\/\/www.georgesnaef.com\/?page_id=496"},"modified":"2019-01-02T09:18:51","modified_gmt":"2019-01-02T08:18:51","slug":"patagonie","status":"publish","type":"page","link":"https:\/\/www.naef.douce-france.net\/index.php\/patagonie\/","title":{"rendered":"Patagonie et terre de feu"},"content":{"rendered":"<p><span style=\"font-family: arial, helvetica, sans-serif;\"><span style=\"font-size: 10pt;\"><span style=\"color: #000080;\"><strong><em><img loading=\"lazy\" decoding=\"async\" class=\"size-medium wp-image-337 alignleft\" src=\"https:\/\/www.georgesnaef.com\/wp-content\/uploads\/2018\/12\/Patagonie-et-Terre-de-feu-252x300.jpg\" alt=\"\" width=\"252\" height=\"300\" srcset=\"https:\/\/www.naef.douce-france.net\/wp-content\/uploads\/2018\/12\/Patagonie-et-Terre-de-feu-252x300.jpg 252w, https:\/\/www.naef.douce-france.net\/wp-content\/uploads\/2018\/12\/Patagonie-et-Terre-de-feu.jpg 420w\" sizes=\"auto, (max-width: 252px) 100vw, 252px\" \/>Richard Mas<br \/>\n<\/em><\/strong><\/span>Cet ouvrage vous emm\u00e8ne dans un p\u00e9riple empruntant la Carretera australe, une piste faite de terre, de pierres et de souffrances. Passant tour \u00e0 tour par de verdoyantes for\u00eats primitives, l&rsquo;aride et d\u00e9serte pampa argentine et les canaux chiliens, blottis entre les derniers assauts de la Cordill\u00e8re des Andes. Immense territoire qui s&rsquo;\u00e9vanouit en une multitude de petites \u00eeles comme de fr\u00eales traces de pas balay\u00e9es par les flots et les courants furieux de l&rsquo;incessant combat que se livrent les deux plus grands oc\u00e9ans de la plan\u00e8te.<br \/>\nTerre d&rsquo;aventure, \u00e0 cheval entre les 40es rugissants et les 50es hurlants, faite de glace et de feu, un univers o\u00f9 la nature a conserv\u00e9 toute sa puissance. Une r\u00e9gion o\u00f9 le vent, d&rsquo;une force inou\u00efe, r\u00e8gne en monarque. Chasseurs de phoques, chercheurs d&rsquo;or, grands navigateurs, aventuriers de toutes sortes et de tous horizons, depuis sa d\u00e9couverte en 1520 par Magellan, cette partie du monde attire et demeure fascinante.<br \/>\nPatagonie et Terre de Feu reste un voyage au-del\u00e0 des r\u00eaves pour tous les amoureux d&rsquo;espace et de libert\u00e9.<\/span><\/span><\/p>\n<p><span style=\"font-family: arial, helvetica, sans-serif; font-size: 12pt;\"><strong>\u20ac 48.- &#8211;&nbsp; &nbsp;CHF 59.- &#8211;<\/strong><\/span><\/p>\n","protected":false},"excerpt":{"rendered":"<p>Richard Mas Cet ouvrage vous emm\u00e8ne dans un p\u00e9riple empruntant la Carretera australe, une piste faite de terre, de pierres et de souffrances. Passant tour \u00e0 tour par de verdoyantes for\u00eats primitives, l&rsquo;aride et d\u00e9serte pampa argentine et les canaux chiliens, blottis entre les derniers assauts de la Cordill\u00e8re des Andes. Immense territoire qui s&rsquo;\u00e9vanouit [&hellip;]<\/p>\n","protected":false},"author":2,"featured_media":0,"parent":0,"menu_order":0,"comment_status":"closed","ping_status":"closed","template":"","meta":{"ngg_post_thumbnail":0,"footnotes":""},"class_list":["post-496","page","type-page","status-publish","hentry"],"_links":{"self":[{"href":"https:\/\/www.naef.douce-france.net\/index.php\/wp-json\/wp\/v2\/pages\/496","targetHints":{"allow":["GET"]}}],"collection":[{"href":"https:\/\/www.naef.douce-france.net\/index.php\/wp-json\/wp\/v2\/pages"}],"about":[{"href":"https:\/\/www.naef.douce-france.net\/index.php\/wp-json\/wp\/v2\/types\/page"}],"author":[{"embeddable":true,"href":"https:\/\/www.naef.douce-france.net\/index.php\/wp-json\/wp\/v2\/users\/2"}],"replies":[{"embeddable":true,"href":"https:\/\/www.naef.douce-france.net\/index.php\/wp-json\/wp\/v2\/comments?post=496"}],"version-history":[{"count":0,"href":"https:\/\/www.naef.douce-france.net\/index.php\/wp-json\/wp\/v2\/pages\/496\/revisions"}],"wp:attachment":[{"href":"https:\/\/www.naef.douce-france.net\/index.php\/wp-json\/wp\/v2\/media?parent=496"}],"curies":[{"name":"wp","href":"https:\/\/api.w.org\/{rel}","templated":true}]}}

<p><span style="font-family: arial, helvetica, sans-serif;"><span style="font-size: 10pt;"><span style="color: #000080;"><strong><em><img loading="lazy" decoding="async" class="size-medium wp-image-337 alignleft" src="https://www.georgesnaef.com/wp-content/uploads/2018/12/Patagonie-et-Terre-de-feu-252x300.jpg" alt="" width="252" height="300" srcset="https://www.naef.douce-france.net/wp-content/uploads/2018/12/Patagonie-et-Terre-de-feu-252x300.jpg 252w, https://www.naef.douce-france.net/wp-content/uploads/2018/12/Patagonie-et-Terre-de-feu.jpg 420w" sizes="auto, (max-width: 252px) 100vw, 252px" />Richard Mas<br />
</em></strong></span>Cet ouvrage vous emmène dans un périple empruntant la Carretera australe, une piste faite de terre, de pierres et de souffrances. Passant tour à tour par de verdoyantes forêts primitives, l&rsquo;aride et déserte pampa argentine et les canaux chiliens, blottis entre les derniers assauts de la Cordillère des Andes. Immense territoire qui s&rsquo;évanouit en une multitude de petites îles comme de frêles traces de pas balayées par les flots et les courants furieux de l&rsquo;incessant combat que se livrent les deux plus grands océans de la planète.<br />
Terre d&rsquo;aventure, à cheval entre les 40es rugissants et les 50es hurlants, faite de glace et de feu, un univers où la nature a conservé toute sa puissance. Une région où le vent, d&rsquo;une force inouïe, règne en monarque. Chasseurs de phoques, chercheurs d&rsquo;or, grands navigateurs, aventuriers de toutes sortes et de tous horizons, depuis sa découverte en 1520 par Magellan, cette partie du monde attire et demeure fascinante.<br />
Patagonie et Terre de Feu reste un voyage au-delà des rêves pour tous les amoureux d&rsquo;espace et de liberté.</span></span></p>
<p><span style="font-family: arial, helvetica, sans-serif; font-size: 12pt;"><strong>€ 48.- &#8211;&nbsp; &nbsp;CHF 59.- &#8211;</strong></span></p>

<p>Richard Mas Cet ouvrage vous emmène dans un périple empruntant la Carretera australe, une piste faite de terre, de pierres et de souffrances. Passant tour à tour par de verdoyantes forêts primitives, l&rsquo;aride et déserte pampa argentine et les canaux chiliens, blottis entre les derniers assauts de la Cordillère des Andes. Immense territoire qui s&rsquo;évanouit [&hellip;]</p>
