{"id":493,"date":"2019-01-02T09:11:18","date_gmt":"2019-01-02T08:11:18","guid":{"rendered":"https:\/\/www.georgesnaef.com\/?page_id=493"},"modified":"2019-01-02T09:11:18","modified_gmt":"2019-01-02T08:11:18","slug":"iran","status":"publish","type":"page","link":"https:\/\/www.naef.douce-france.net\/index.php\/iran\/","title":{"rendered":"Iran"},"content":{"rendered":"<p><span style=\"font-family: arial, helvetica, sans-serif;\"><span style=\"font-size: 10pt;\"><span style=\"color: #000080;\"><strong><em><img loading=\"lazy\" decoding=\"async\" class=\"size-medium wp-image-289 alignleft\" src=\"https:\/\/www.georgesnaef.com\/wp-content\/uploads\/2018\/12\/Iran-Eclat-et-splendeur-de-la-Perse-248x300.jpg\" alt=\"\" width=\"248\" height=\"300\" srcset=\"https:\/\/www.naef.douce-france.net\/wp-content\/uploads\/2018\/12\/Iran-Eclat-et-splendeur-de-la-Perse-248x300.jpg 248w, https:\/\/www.naef.douce-france.net\/wp-content\/uploads\/2018\/12\/Iran-Eclat-et-splendeur-de-la-Perse.jpg 413w\" sizes=\"auto, (max-width: 248px) 100vw, 248px\" \/>Catherine Firouzi &#8211; Alizera Firouzi<br \/>\n<\/em><\/strong><\/span>Sur les voies que les grands conqu\u00e9rants, tels Alexandre et les hordes mongoles emprunt\u00e8rent des si\u00e8cles auparavant, Ali Reza Firouzi a accompli \u00e0 son tour, durant de longues ann\u00e9es, un voyage magique. Il nous montre aussi bien les vestiges et les tr\u00e9sors de la Perse des Mille et Une Nuits que l&rsquo;Iran d&rsquo;aujourd&rsquo;hui, celui des jardins secrets et des bazars bruyants ; l&rsquo;Iran d&rsquo;Ispahan et de Shiraz, la ville des roses chant\u00e9e par les po\u00e8tes, de Pers\u00e9polis, dont le nom \u00e0 lui seul \u00e9voque des fastes r\u00e9volus, l&rsquo;Iran des religions aussi diverses que ses r\u00e9gions, celui d&rsquo;un artisanat ancestral et des somptueux tapis, l&rsquo;Iran des tentes de feutre o\u00f9 vivent les nomades, mais pour combien de temps encore ? l&rsquo;Iran des d\u00e9serts de terre sal\u00e9e et des villes oasis qui ne manquent jamais d&rsquo;eau, gr\u00e2ce \u00e0 l&rsquo;ing\u00e9niosit\u00e9 humaine. C&rsquo;est un parcours de 10 000 ans auquel nous sommes convi\u00e9s, sur des chemins que le temps, m\u00eame s&rsquo;il n&rsquo;en reste que des traces n&rsquo;a pas r\u00e9ussi \u00e0 effacer car, comme le disait Ren\u00e9 Char, \u00a0\u00bb Seules les traces nous font r\u00eaver \u00ab\u00a0<\/span><\/span><\/p>\n<p><span style=\"font-family: arial, helvetica, sans-serif; font-size: 12pt;\"><strong>\u20ac 48.- &#8211;&nbsp; &nbsp;CHF 59.- &#8211;<\/strong><\/span><\/p>\n","protected":false},"excerpt":{"rendered":"<p>Catherine Firouzi &#8211; Alizera Firouzi Sur les voies que les grands conqu\u00e9rants, tels Alexandre et les hordes mongoles emprunt\u00e8rent des si\u00e8cles auparavant, Ali Reza Firouzi a accompli \u00e0 son tour, durant de longues ann\u00e9es, un voyage magique. Il nous montre aussi bien les vestiges et les tr\u00e9sors de la Perse des Mille et Une Nuits [&hellip;]<\/p>\n","protected":false},"author":2,"featured_media":0,"parent":0,"menu_order":0,"comment_status":"closed","ping_status":"closed","template":"","meta":{"ngg_post_thumbnail":0,"footnotes":""},"class_list":["post-493","page","type-page","status-publish","hentry"],"_links":{"self":[{"href":"https:\/\/www.naef.douce-france.net\/index.php\/wp-json\/wp\/v2\/pages\/493","targetHints":{"allow":["GET"]}}],"collection":[{"href":"https:\/\/www.naef.douce-france.net\/index.php\/wp-json\/wp\/v2\/pages"}],"about":[{"href":"https:\/\/www.naef.douce-france.net\/index.php\/wp-json\/wp\/v2\/types\/page"}],"author":[{"embeddable":true,"href":"https:\/\/www.naef.douce-france.net\/index.php\/wp-json\/wp\/v2\/users\/2"}],"replies":[{"embeddable":true,"href":"https:\/\/www.naef.douce-france.net\/index.php\/wp-json\/wp\/v2\/comments?post=493"}],"version-history":[{"count":0,"href":"https:\/\/www.naef.douce-france.net\/index.php\/wp-json\/wp\/v2\/pages\/493\/revisions"}],"wp:attachment":[{"href":"https:\/\/www.naef.douce-france.net\/index.php\/wp-json\/wp\/v2\/media?parent=493"}],"curies":[{"name":"wp","href":"https:\/\/api.w.org\/{rel}","templated":true}]}}