{"id":433,"date":"2018-12-19T14:10:43","date_gmt":"2018-12-19T13:10:43","guid":{"rendered":"https:\/\/www.georgesnaef.com\/?page_id=433"},"modified":"2018-12-19T14:10:43","modified_gmt":"2018-12-19T13:10:43","slug":"forets-2","status":"publish","type":"page","link":"https:\/\/www.naef.douce-france.net\/index.php\/forets-2\/","title":{"rendered":"For\u00eats"},"content":{"rendered":"<p><span style=\"font-size: 10pt;\"><span style=\"font-family: arial, helvetica, sans-serif; color: #000080;\"><strong><em><img loading=\"lazy\" decoding=\"async\" class=\"size-medium wp-image-101 alignleft\" src=\"https:\/\/www.georgesnaef.com\/wp-content\/uploads\/2018\/12\/Forets-256x300.jpg\" alt=\"\" width=\"256\" height=\"300\" srcset=\"https:\/\/www.naef.douce-france.net\/wp-content\/uploads\/2018\/12\/Forets-256x300.jpg 256w, https:\/\/www.naef.douce-france.net\/wp-content\/uploads\/2018\/12\/Forets.jpg 426w\" sizes=\"auto, (max-width: 256px) 100vw, 256px\" \/>Antoine Lotgnier<br \/>\n<\/em><\/strong><\/span><\/span><span style=\"font-family: arial, helvetica, sans-serif; font-size: 10pt;\">La for\u00eat est, avec les oc\u00e9ans, l&rsquo;\u00e9cosyst\u00e8me le plus riche de la plan\u00e8te. Plus des deux tiers des esp\u00e8ces animales et v\u00e9g\u00e9tales y vivent. C&rsquo;est aussi un milieu fragile dans lequel tous les intervenants, du plus petit au plus gros, animal ou v\u00e9g\u00e9tal, sont li\u00e9s entre eux par un incroyable enchev\u00eatrement de relations d&rsquo;interd\u00e9pendance. Une vingtaine de sp\u00e9cialistes fran\u00e7ais ont particip\u00e9 \u00e0 la r\u00e9daction de FORETS. Botanistes, biologistes, anthropologues du CNRS (Centre National de la Recherche Scientifique), du Museum National d&rsquo;Histoire Naturelle ou des laboratoires de botanique des universit\u00e9s de Jussieu, Montpellier et Marseille, forestiers de l&rsquo;ONF (Office National des For\u00eats) et \u00e9lu minist\u00e8re de l&rsquo;agriculture, tous ont su expliquer avec passion ces m\u00e9canismes \u00e9tonnants qui r\u00e9gissent la vie de la for\u00eat. Des textes in\u00e9dits et d&rsquo;actualit\u00e9, au fait des d\u00e9couvertes r\u00e9centes, que nous avons voulu \u00e9tayer par une iconographie de dualit\u00e9, alliant \u00e0 la fois esth\u00e9tisme et valeur scientifique.<\/span><\/p>\n<p><span style=\"font-family: arial, helvetica, sans-serif; font-size: 12pt;\"><strong>\u20ac 48.- &#8211;&nbsp; &nbsp;CHF 59.- &#8211;<\/strong><\/span><\/p>\n","protected":false},"excerpt":{"rendered":"<p>Antoine Lotgnier La for\u00eat est, avec les oc\u00e9ans, l&rsquo;\u00e9cosyst\u00e8me le plus riche de la plan\u00e8te. Plus des deux tiers des esp\u00e8ces animales et v\u00e9g\u00e9tales y vivent. C&rsquo;est aussi un milieu fragile dans lequel tous les intervenants, du plus petit au plus gros, animal ou v\u00e9g\u00e9tal, sont li\u00e9s entre eux par un incroyable enchev\u00eatrement de relations [&hellip;]<\/p>\n","protected":false},"author":2,"featured_media":0,"parent":0,"menu_order":0,"comment_status":"closed","ping_status":"closed","template":"","meta":{"ngg_post_thumbnail":0,"footnotes":""},"class_list":["post-433","page","type-page","status-publish","hentry"],"_links":{"self":[{"href":"https:\/\/www.naef.douce-france.net\/index.php\/wp-json\/wp\/v2\/pages\/433","targetHints":{"allow":["GET"]}}],"collection":[{"href":"https:\/\/www.naef.douce-france.net\/index.php\/wp-json\/wp\/v2\/pages"}],"about":[{"href":"https:\/\/www.naef.douce-france.net\/index.php\/wp-json\/wp\/v2\/types\/page"}],"author":[{"embeddable":true,"href":"https:\/\/www.naef.douce-france.net\/index.php\/wp-json\/wp\/v2\/users\/2"}],"replies":[{"embeddable":true,"href":"https:\/\/www.naef.douce-france.net\/index.php\/wp-json\/wp\/v2\/comments?post=433"}],"version-history":[{"count":0,"href":"https:\/\/www.naef.douce-france.net\/index.php\/wp-json\/wp\/v2\/pages\/433\/revisions"}],"wp:attachment":[{"href":"https:\/\/www.naef.douce-france.net\/index.php\/wp-json\/wp\/v2\/media?parent=433"}],"curies":[{"name":"wp","href":"https:\/\/api.w.org\/{rel}","templated":true}]}}

Forêts

<p><span style="font-size: 10pt;"><span style="font-family: arial, helvetica, sans-serif; color: #000080;"><strong><em><img loading="lazy" decoding="async" class="size-medium wp-image-101 alignleft" src="https://www.georgesnaef.com/wp-content/uploads/2018/12/Forets-256x300.jpg" alt="" width="256" height="300" srcset="https://www.naef.douce-france.net/wp-content/uploads/2018/12/Forets-256x300.jpg 256w, https://www.naef.douce-france.net/wp-content/uploads/2018/12/Forets.jpg 426w" sizes="auto, (max-width: 256px) 100vw, 256px" />Antoine Lotgnier<br />
</em></strong></span></span><span style="font-family: arial, helvetica, sans-serif; font-size: 10pt;">La forêt est, avec les océans, l&rsquo;écosystème le plus riche de la planète. Plus des deux tiers des espèces animales et végétales y vivent. C&rsquo;est aussi un milieu fragile dans lequel tous les intervenants, du plus petit au plus gros, animal ou végétal, sont liés entre eux par un incroyable enchevêtrement de relations d&rsquo;interdépendance. Une vingtaine de spécialistes français ont participé à la rédaction de FORETS. Botanistes, biologistes, anthropologues du CNRS (Centre National de la Recherche Scientifique), du Museum National d&rsquo;Histoire Naturelle ou des laboratoires de botanique des universités de Jussieu, Montpellier et Marseille, forestiers de l&rsquo;ONF (Office National des Forêts) et élu ministère de l&rsquo;agriculture, tous ont su expliquer avec passion ces mécanismes étonnants qui régissent la vie de la forêt. Des textes inédits et d&rsquo;actualité, au fait des découvertes récentes, que nous avons voulu étayer par une iconographie de dualité, alliant à la fois esthétisme et valeur scientifique.</span></p>
<p><span style="font-family: arial, helvetica, sans-serif; font-size: 12pt;"><strong>€ 48.- &#8211;&nbsp; &nbsp;CHF 59.- &#8211;</strong></span></p>

<p>Antoine Lotgnier La forêt est, avec les océans, l&rsquo;écosystème le plus riche de la planète. Plus des deux tiers des espèces animales et végétales y vivent. C&rsquo;est aussi un milieu fragile dans lequel tous les intervenants, du plus petit au plus gros, animal ou végétal, sont liés entre eux par un incroyable enchevêtrement de relations [&hellip;]</p>
