{"id":426,"date":"2018-12-19T14:02:03","date_gmt":"2018-12-19T13:02:03","guid":{"rendered":"https:\/\/www.georgesnaef.com\/?page_id=426"},"modified":"2018-12-19T14:02:03","modified_gmt":"2018-12-19T13:02:03","slug":"vagues-lenergie-magnifique","status":"publish","type":"page","link":"https:\/\/www.naef.douce-france.net\/index.php\/vagues-lenergie-magnifique\/","title":{"rendered":"Vagues l&rsquo;\u00e9nergie magnifique"},"content":{"rendered":"<p style=\"text-align: justify;\"><span style=\"font-size: 10pt;\"><span style=\"font-family: arial, helvetica, sans-serif; color: #000080;\"><strong><em><img loading=\"lazy\" decoding=\"async\" class=\"size-medium wp-image-428 alignleft\" src=\"https:\/\/www.georgesnaef.com\/wp-content\/uploads\/2018\/12\/Vagues-LEnergie-Magnifique-300x300.jpg\" alt=\"\" width=\"300\" height=\"300\" srcset=\"https:\/\/www.naef.douce-france.net\/wp-content\/uploads\/2018\/12\/Vagues-LEnergie-Magnifique-300x300.jpg 300w, https:\/\/www.naef.douce-france.net\/wp-content\/uploads\/2018\/12\/Vagues-LEnergie-Magnifique-150x150.jpg 150w, https:\/\/www.naef.douce-france.net\/wp-content\/uploads\/2018\/12\/Vagues-LEnergie-Magnifique.jpg 400w\" sizes=\"auto, (max-width: 300px) 100vw, 300px\" \/>Paul Robin<br \/>\n<\/em><\/strong><\/span><\/span><span style=\"font-family: arial, helvetica, sans-serif; font-size: 10pt;\"><em><strong>VAGUES, l&rsquo;\u00e9nergie magnifique d\u00e9crit avec pr\u00e9cision et superbement ces masses mouvantes qui ne cessent de nous fasciner<\/strong>.<\/em><br \/>\nL&rsquo;auteur, Paul Robin, journaliste sp\u00e9cialis\u00e9 et universellement reconnu, d\u00e9crit avec pr\u00e9cision la vie des vagues, leur hauteur, leur longueur d&rsquo;onde et leur \u00e9nergie mais aussi leur \u00e9vocation po\u00e9tique et m\u00e9taphysique.<br \/>\nLes plus grands photographes am\u00e9ricains de surf comme Warren Bolster, Jeff Divine, et bien d&rsquo;autres, ont, par de magnifiques clich\u00e9s, restitu\u00e9 toute la richesse et l&rsquo;\u00e9clat des jeux de lumi\u00e8re de la surface instable de la mer.<br \/>\nLes sp\u00e9cialistes de l&rsquo;IFREMER et de METEOMER ont enrichi cet ouvrage en abordant les plus r\u00e9centes observations et d\u00e9couvertes sur :<br \/>\n&#8211; L&rsquo;apport consid\u00e9rable des satellites dans l&rsquo;observation et la connaissance de ce que les oc\u00e9anographes appellent \u00ab\u00a0les spectres des vagues\u00a0\u00bb.<br \/>\n&#8211; Le ph\u00e9nom\u00e8ne rare, inattendu et d&rsquo;autant plus monstrueux : les \u00ab\u00a0vagues sc\u00e9l\u00e9rates\u00a0\u00bb. Leurs d\u00e9ferlements gigantesque sont capanle de mettre \u00e0 mal un porte-avions am\u00e9ricains.<\/span><\/p>\n<p>&nbsp;<\/p>\n<p style=\"text-align: justify;\"><span style=\"font-family: arial, helvetica, sans-serif; font-size: 10pt;\">179 pages &#8211; 40 photos couleurs<\/span><\/p>\n<p>&nbsp;<\/p>\n<p><span style=\"font-family: arial, helvetica, sans-serif; font-size: 12pt;\"><strong>\u20ac 48.- &#8211;&nbsp; &nbsp;CHF 59.- &#8211;<\/strong><\/span><\/p>\n","protected":false},"excerpt":{"rendered":"<p>Paul Robin VAGUES, l&rsquo;\u00e9nergie magnifique d\u00e9crit avec pr\u00e9cision et superbement ces masses mouvantes qui ne cessent de nous fasciner. L&rsquo;auteur, Paul Robin, journaliste sp\u00e9cialis\u00e9 et universellement reconnu, d\u00e9crit avec pr\u00e9cision la vie des vagues, leur hauteur, leur longueur d&rsquo;onde et leur \u00e9nergie mais aussi leur \u00e9vocation po\u00e9tique et m\u00e9taphysique. Les plus grands photographes am\u00e9ricains de [&hellip;]<\/p>\n","protected":false},"author":2,"featured_media":0,"parent":0,"menu_order":0,"comment_status":"closed","ping_status":"closed","template":"","meta":{"ngg_post_thumbnail":0,"footnotes":""},"class_list":["post-426","page","type-page","status-publish","hentry"],"_links":{"self":[{"href":"https:\/\/www.naef.douce-france.net\/index.php\/wp-json\/wp\/v2\/pages\/426","targetHints":{"allow":["GET"]}}],"collection":[{"href":"https:\/\/www.naef.douce-france.net\/index.php\/wp-json\/wp\/v2\/pages"}],"about":[{"href":"https:\/\/www.naef.douce-france.net\/index.php\/wp-json\/wp\/v2\/types\/page"}],"author":[{"embeddable":true,"href":"https:\/\/www.naef.douce-france.net\/index.php\/wp-json\/wp\/v2\/users\/2"}],"replies":[{"embeddable":true,"href":"https:\/\/www.naef.douce-france.net\/index.php\/wp-json\/wp\/v2\/comments?post=426"}],"version-history":[{"count":0,"href":"https:\/\/www.naef.douce-france.net\/index.php\/wp-json\/wp\/v2\/pages\/426\/revisions"}],"wp:attachment":[{"href":"https:\/\/www.naef.douce-france.net\/index.php\/wp-json\/wp\/v2\/media?parent=426"}],"curies":[{"name":"wp","href":"https:\/\/api.w.org\/{rel}","templated":true}]}}

Vagues l&rsquo;énergie magnifique

<p style="text-align: justify;"><span style="font-size: 10pt;"><span style="font-family: arial, helvetica, sans-serif; color: #000080;"><strong><em><img loading="lazy" decoding="async" class="size-medium wp-image-428 alignleft" src="https://www.georgesnaef.com/wp-content/uploads/2018/12/Vagues-LEnergie-Magnifique-300x300.jpg" alt="" width="300" height="300" srcset="https://www.naef.douce-france.net/wp-content/uploads/2018/12/Vagues-LEnergie-Magnifique-300x300.jpg 300w, https://www.naef.douce-france.net/wp-content/uploads/2018/12/Vagues-LEnergie-Magnifique-150x150.jpg 150w, https://www.naef.douce-france.net/wp-content/uploads/2018/12/Vagues-LEnergie-Magnifique.jpg 400w" sizes="auto, (max-width: 300px) 100vw, 300px" />Paul Robin<br />
</em></strong></span></span><span style="font-family: arial, helvetica, sans-serif; font-size: 10pt;"><em><strong>VAGUES, l&rsquo;énergie magnifique décrit avec précision et superbement ces masses mouvantes qui ne cessent de nous fasciner</strong>.</em><br />
L&rsquo;auteur, Paul Robin, journaliste spécialisé et universellement reconnu, décrit avec précision la vie des vagues, leur hauteur, leur longueur d&rsquo;onde et leur énergie mais aussi leur évocation poétique et métaphysique.<br />
Les plus grands photographes américains de surf comme Warren Bolster, Jeff Divine, et bien d&rsquo;autres, ont, par de magnifiques clichés, restitué toute la richesse et l&rsquo;éclat des jeux de lumière de la surface instable de la mer.<br />
Les spécialistes de l&rsquo;IFREMER et de METEOMER ont enrichi cet ouvrage en abordant les plus récentes observations et découvertes sur :<br />
&#8211; L&rsquo;apport considérable des satellites dans l&rsquo;observation et la connaissance de ce que les océanographes appellent « les spectres des vagues ».<br />
&#8211; Le phénomène rare, inattendu et d&rsquo;autant plus monstrueux : les « vagues scélérates ». Leurs déferlements gigantesque sont capanle de mettre à mal un porte-avions américains.</span></p>
<p>&nbsp;</p>
<p style="text-align: justify;"><span style="font-family: arial, helvetica, sans-serif; font-size: 10pt;">179 pages &#8211; 40 photos couleurs</span></p>
<p>&nbsp;</p>
<p><span style="font-family: arial, helvetica, sans-serif; font-size: 12pt;"><strong>€ 48.- &#8211;&nbsp; &nbsp;CHF 59.- &#8211;</strong></span></p>

<p>Paul Robin VAGUES, l&rsquo;énergie magnifique décrit avec précision et superbement ces masses mouvantes qui ne cessent de nous fasciner. L&rsquo;auteur, Paul Robin, journaliste spécialisé et universellement reconnu, décrit avec précision la vie des vagues, leur hauteur, leur longueur d&rsquo;onde et leur énergie mais aussi leur évocation poétique et métaphysique. Les plus grands photographes américains de [&hellip;]</p>
