{"id":418,"date":"2018-12-19T13:37:23","date_gmt":"2018-12-19T12:37:23","guid":{"rendered":"https:\/\/www.georgesnaef.com\/?page_id=418"},"modified":"2018-12-19T13:37:23","modified_gmt":"2018-12-19T12:37:23","slug":"nicolas-poussin-1594-1665-catalogue-raisonne-des-dessins","status":"publish","type":"page","link":"https:\/\/www.naef.douce-france.net\/index.php\/nicolas-poussin-1594-1665-catalogue-raisonne-des-dessins\/","title":{"rendered":"Nicolas Poussin. 1594-1665. Catalogue raisonn\u00e9 des dessins"},"content":{"rendered":"<p><span style=\"font-size: 10pt;\"><span style=\"font-family: arial, helvetica, sans-serif; color: #000080;\"><strong><em><img loading=\"lazy\" decoding=\"async\" class=\"size-medium wp-image-653 alignleft\" src=\"https:\/\/www.georgesnaef.com\/wp-content\/uploads\/2019\/01\/nicolas-poussin-263x300.jpg\" alt=\"\" width=\"263\" height=\"300\">Pierre Rosenberg et Louis Antoine Prat<br \/>\n<\/em><\/strong><\/span><\/span><span style=\"font-family: arial, helvetica, sans-serif; font-size: 10pt;\"><strong>(2 volumes)<\/strong><br \/>\nAlfred Livre rare. Catalogue raisonn\u00e9 des dessins de Nicolas Poussin. Deux volumes.Tome I : Dessins originaux. 382 num\u00e9ros. Tome II : Dessins d&rsquo;atelier, dessins rejet\u00e9s, dessins connus par une gravure, dessins connus par une mention Bibliographie, index, expositions. Tr\u00e8s nombreuses reproductions en couleurs.<\/span><\/p>\n<p><span style=\"font-family: arial, helvetica, sans-serif; font-size: 12pt;\"><strong>\u20ac 198.- &#8211;&nbsp; &nbsp;CHF 239.- &#8211; (Coffret 2 volumes)<\/strong><\/span><\/p>\n","protected":false},"excerpt":{"rendered":"<p>Pierre Rosenberg et Louis Antoine Prat (2 volumes) Alfred Livre rare. Catalogue raisonn\u00e9 des dessins de Nicolas Poussin. Deux volumes.Tome I : Dessins originaux. 382 num\u00e9ros. Tome II : Dessins d&rsquo;atelier, dessins rejet\u00e9s, dessins connus par une gravure, dessins connus par une mention Bibliographie, index, expositions. Tr\u00e8s nombreuses reproductions en couleurs. \u20ac 198.- &#8211;&nbsp; &nbsp;CHF [&hellip;]<\/p>\n","protected":false},"author":2,"featured_media":0,"parent":0,"menu_order":0,"comment_status":"closed","ping_status":"closed","template":"","meta":{"ngg_post_thumbnail":0,"footnotes":""},"class_list":["post-418","page","type-page","status-publish","hentry"],"_links":{"self":[{"href":"https:\/\/www.naef.douce-france.net\/index.php\/wp-json\/wp\/v2\/pages\/418","targetHints":{"allow":["GET"]}}],"collection":[{"href":"https:\/\/www.naef.douce-france.net\/index.php\/wp-json\/wp\/v2\/pages"}],"about":[{"href":"https:\/\/www.naef.douce-france.net\/index.php\/wp-json\/wp\/v2\/types\/page"}],"author":[{"embeddable":true,"href":"https:\/\/www.naef.douce-france.net\/index.php\/wp-json\/wp\/v2\/users\/2"}],"replies":[{"embeddable":true,"href":"https:\/\/www.naef.douce-france.net\/index.php\/wp-json\/wp\/v2\/comments?post=418"}],"version-history":[{"count":0,"href":"https:\/\/www.naef.douce-france.net\/index.php\/wp-json\/wp\/v2\/pages\/418\/revisions"}],"wp:attachment":[{"href":"https:\/\/www.naef.douce-france.net\/index.php\/wp-json\/wp\/v2\/media?parent=418"}],"curies":[{"name":"wp","href":"https:\/\/api.w.org\/{rel}","templated":true}]}}

Nicolas Poussin. 1594-1665. Catalogue raisonné des dessins

<p><span style="font-size: 10pt;"><span style="font-family: arial, helvetica, sans-serif; color: #000080;"><strong><em><img loading="lazy" decoding="async" class="size-medium wp-image-653 alignleft" src="https://www.georgesnaef.com/wp-content/uploads/2019/01/nicolas-poussin-263x300.jpg" alt="" width="263" height="300">Pierre Rosenberg et Louis Antoine Prat<br />
</em></strong></span></span><span style="font-family: arial, helvetica, sans-serif; font-size: 10pt;"><strong>(2 volumes)</strong><br />
Alfred Livre rare. Catalogue raisonné des dessins de Nicolas Poussin. Deux volumes.Tome I : Dessins originaux. 382 numéros. Tome II : Dessins d&rsquo;atelier, dessins rejetés, dessins connus par une gravure, dessins connus par une mention Bibliographie, index, expositions. Très nombreuses reproductions en couleurs.</span></p>
<p><span style="font-family: arial, helvetica, sans-serif; font-size: 12pt;"><strong>€ 198.- &#8211;&nbsp; &nbsp;CHF 239.- &#8211; (Coffret 2 volumes)</strong></span></p>

<p>Pierre Rosenberg et Louis Antoine Prat (2 volumes) Alfred Livre rare. Catalogue raisonné des dessins de Nicolas Poussin. Deux volumes.Tome I : Dessins originaux. 382 numéros. Tome II : Dessins d&rsquo;atelier, dessins rejetés, dessins connus par une gravure, dessins connus par une mention Bibliographie, index, expositions. Très nombreuses reproductions en couleurs. € 198.- &#8211;&nbsp; &nbsp;CHF [&hellip;]</p>
