{"id":406,"date":"2018-12-19T12:55:31","date_gmt":"2018-12-19T11:55:31","guid":{"rendered":"https:\/\/www.georgesnaef.com\/?page_id=406"},"modified":"2025-08-02T11:48:59","modified_gmt":"2025-08-02T11:48:59","slug":"alexandre-le-grand-lhomme-dieu-2","status":"publish","type":"page","link":"https:\/\/www.naef.douce-france.net\/index.php\/alexandre-le-grand-lhomme-dieu-2\/","title":{"rendered":"Alexandre le Grand &#8211; L&rsquo;Homme-Dieu"},"content":{"rendered":"<p><span style=\"font-size: 10pt;\"><span style=\"font-family: arial, helvetica, sans-serif; color: #000080;\"><strong><em><img loading=\"lazy\" decoding=\"async\" class=\"size-medium wp-image-91 alignleft\" src=\"http:\/\/www.naef.douce-france.net\/wp-content\/uploads\/2018\/12\/alexandre-le-Grand-LHomme-Dieu.jpg\" alt=\"\" width=\"248\" height=\"300\" srcset=\"https:\/\/www.naef.douce-france.net\/wp-content\/uploads\/2018\/12\/alexandre-le-Grand-LHomme-Dieu.jpg 414w, https:\/\/www.naef.douce-france.net\/wp-content\/uploads\/2018\/12\/alexandre-le-Grand-LHomme-Dieu-248x300.jpg 248w\" sizes=\"auto, (max-width: 248px) 100vw, 248px\" \/>Maurice Dessemond<br \/>\n<\/em><\/strong><\/span><\/span><span style=\"font-family: arial, helvetica, sans-serif; font-size: 10pt;\">Riche d&rsquo;une iconographie parcourant plus de deux mille ans d&rsquo;art consacr\u00e9 \u00e0 Alexandre le Grand, cet ouvrage raconte, \u00e0 la mani\u00e8re d&rsquo;un roman d&rsquo;aventures, l&rsquo;\u00e9pop\u00e9e mythique du conqu\u00e9rant mac\u00e9donien immortalis\u00e9 en pleine gloire, au destin historique exceptionnel, celui du h\u00e9ros invaincu. Entra\u00eenant derri\u00e8re lui entre 30 000 et 100 000 hommes qui l&rsquo;adulent, Alexandre parcourt des dizaines de milliers de kilom\u00e8tres, fonde plus de 70 villes dont Alexandrie d&rsquo;Egypte qui restera jusqu&rsquo;au XIX\u00e8me si\u00e8cle l&rsquo;un des centres intellectuels les plus respect\u00e9s de l&rsquo;Occident et de l&rsquo;Orient, ouvre la route de la soie mille ans avant Marco Polo, met en place un syst\u00e8me de gouvernement aussi dynamique que ceux de nos r\u00e9publiques contemporaines. Ainsi, en dix ann\u00e9es, entour\u00e9 de savants (g\u00e9ographes, astronomes et m\u00e9decins), d&rsquo;ing\u00e9nieurs, d&rsquo;artistes et de po\u00e8tes, il a conquis la presque totalit\u00e9 des terres connues et a organis\u00e9 le plus grand empire du monde en for\u00e7ant l&rsquo;admiration des vaincus respect\u00e9s par les vainqueurs. A 20 ans, il est roi de Mac\u00e9doine. A 22 ans, il part \u00e0 la conqu\u00eate de l&#8217;empire perse, le plus grand empire du monde. A 25 ans, il est pharaon d&rsquo;Egypte et ma\u00eetre de l&#8217;empire perse. A 30 ans, il conquiert l&rsquo;Inde occidentale et atteint \u00ab\u00a0l&rsquo;extr\u00e9mit\u00e9 du monde\u00a0\u00bb. A 33 ans, alors qu&rsquo;il s&rsquo;appr\u00eate \u00e0 contourner l&rsquo;Arabie et l&rsquo;Afrique pour rentrer par les 296 Colonnes d&rsquo;Hercule, il meurt invaincu, en pleine gloire. Ainsi se pr\u00e9sente Alexandre le Grand, l&rsquo;Homme-Dieu.<\/span><\/p>\n<p><strong><span style=\"font-family: arial, helvetica, sans-serif;\">\u20ac 48.&#8211;&nbsp; &nbsp;CHF 59.&#8211;<\/span><\/strong><\/p>\n","protected":false},"excerpt":{"rendered":"<p>Maurice Dessemond Riche d&rsquo;une iconographie parcourant plus de deux mille ans d&rsquo;art consacr\u00e9 \u00e0 Alexandre le Grand, cet ouvrage raconte, \u00e0 la mani\u00e8re d&rsquo;un roman d&rsquo;aventures, l&rsquo;\u00e9pop\u00e9e mythique du conqu\u00e9rant mac\u00e9donien immortalis\u00e9 en pleine gloire, au destin historique exceptionnel, celui du h\u00e9ros invaincu. Entra\u00eenant derri\u00e8re lui entre 30 000 et 100 000 hommes qui l&rsquo;adulent, [&hellip;]<\/p>\n","protected":false},"author":2,"featured_media":0,"parent":0,"menu_order":0,"comment_status":"closed","ping_status":"closed","template":"","meta":{"ngg_post_thumbnail":0,"footnotes":""},"class_list":["post-406","page","type-page","status-publish","hentry"],"_links":{"self":[{"href":"https:\/\/www.naef.douce-france.net\/index.php\/wp-json\/wp\/v2\/pages\/406","targetHints":{"allow":["GET"]}}],"collection":[{"href":"https:\/\/www.naef.douce-france.net\/index.php\/wp-json\/wp\/v2\/pages"}],"about":[{"href":"https:\/\/www.naef.douce-france.net\/index.php\/wp-json\/wp\/v2\/types\/page"}],"author":[{"embeddable":true,"href":"https:\/\/www.naef.douce-france.net\/index.php\/wp-json\/wp\/v2\/users\/2"}],"replies":[{"embeddable":true,"href":"https:\/\/www.naef.douce-france.net\/index.php\/wp-json\/wp\/v2\/comments?post=406"}],"version-history":[{"count":1,"href":"https:\/\/www.naef.douce-france.net\/index.php\/wp-json\/wp\/v2\/pages\/406\/revisions"}],"predecessor-version":[{"id":2075,"href":"https:\/\/www.naef.douce-france.net\/index.php\/wp-json\/wp\/v2\/pages\/406\/revisions\/2075"}],"wp:attachment":[{"href":"https:\/\/www.naef.douce-france.net\/index.php\/wp-json\/wp\/v2\/media?parent=406"}],"curies":[{"name":"wp","href":"https:\/\/api.w.org\/{rel}","templated":true}]}}