{"id":401,"date":"2018-12-19T12:50:13","date_gmt":"2018-12-19T11:50:13","guid":{"rendered":"https:\/\/www.georgesnaef.com\/?page_id=401"},"modified":"2018-12-19T12:50:13","modified_gmt":"2018-12-19T11:50:13","slug":"victor-hugo-le-genie-sans-frontieres","status":"publish","type":"page","link":"https:\/\/www.naef.douce-france.net\/index.php\/victor-hugo-le-genie-sans-frontieres\/","title":{"rendered":"Victor Hugo le g\u00e9nie sans fronti\u00e8res"},"content":{"rendered":"<p><span style=\"font-size: 10pt;\"><span style=\"font-family: arial, helvetica, sans-serif; color: #000080;\"><strong><em><img loading=\"lazy\" decoding=\"async\" class=\"size-medium wp-image-402 alignleft\" src=\"https:\/\/www.georgesnaef.com\/wp-content\/uploads\/2018\/12\/victor-hugo-251x300.jpg\" alt=\"\" width=\"251\" height=\"300\" srcset=\"https:\/\/www.naef.douce-france.net\/wp-content\/uploads\/2018\/12\/victor-hugo-251x300.jpg 251w, https:\/\/www.naef.douce-france.net\/wp-content\/uploads\/2018\/12\/victor-hugo.jpg 401w\" sizes=\"auto, (max-width: 251px) 100vw, 251px\" \/>Maurice Dessemond<br \/>\n<\/em><\/strong><\/span><\/span><span style=\"font-family: arial, helvetica, sans-serif; font-size: 10pt;\">Cet album richement illustr\u00e9, grand format, propose une biographie intime, c&rsquo;est-\u00e0-dire la vie de l&rsquo;homme Hugo, depuis le fils prodigue jusqu&rsquo;au grand-p\u00e8re v\u00e9n\u00e9r\u00e9 en passant par l&rsquo;amant plein de fougue, etc. L&rsquo;auteur a choisi d&rsquo;apporter, par touches successives intercal\u00e9es dans le r\u00e9cit chronologique, des pi\u00e8ces de vers et de prose, quelquefois oubli\u00e9es du grand po\u00e8te. Parmi les six chapitres citons: l&rsquo;enfant sublime, l&rsquo;h\u00e9ritier de Chateaubriand et le proscrit visionnaire.<\/span><\/p>\n<p><span style=\"font-family: arial, helvetica, sans-serif; font-size: 12pt;\"><strong>\u20ac 48.- &#8211;&nbsp; &nbsp;CHF 59.- &#8211;<\/strong><\/span><\/p>\n","protected":false},"excerpt":{"rendered":"<p>Maurice Dessemond Cet album richement illustr\u00e9, grand format, propose une biographie intime, c&rsquo;est-\u00e0-dire la vie de l&rsquo;homme Hugo, depuis le fils prodigue jusqu&rsquo;au grand-p\u00e8re v\u00e9n\u00e9r\u00e9 en passant par l&rsquo;amant plein de fougue, etc. L&rsquo;auteur a choisi d&rsquo;apporter, par touches successives intercal\u00e9es dans le r\u00e9cit chronologique, des pi\u00e8ces de vers et de prose, quelquefois oubli\u00e9es du [&hellip;]<\/p>\n","protected":false},"author":2,"featured_media":0,"parent":0,"menu_order":0,"comment_status":"closed","ping_status":"closed","template":"","meta":{"ngg_post_thumbnail":0,"footnotes":""},"class_list":["post-401","page","type-page","status-publish","hentry"],"_links":{"self":[{"href":"https:\/\/www.naef.douce-france.net\/index.php\/wp-json\/wp\/v2\/pages\/401","targetHints":{"allow":["GET"]}}],"collection":[{"href":"https:\/\/www.naef.douce-france.net\/index.php\/wp-json\/wp\/v2\/pages"}],"about":[{"href":"https:\/\/www.naef.douce-france.net\/index.php\/wp-json\/wp\/v2\/types\/page"}],"author":[{"embeddable":true,"href":"https:\/\/www.naef.douce-france.net\/index.php\/wp-json\/wp\/v2\/users\/2"}],"replies":[{"embeddable":true,"href":"https:\/\/www.naef.douce-france.net\/index.php\/wp-json\/wp\/v2\/comments?post=401"}],"version-history":[{"count":0,"href":"https:\/\/www.naef.douce-france.net\/index.php\/wp-json\/wp\/v2\/pages\/401\/revisions"}],"wp:attachment":[{"href":"https:\/\/www.naef.douce-france.net\/index.php\/wp-json\/wp\/v2\/media?parent=401"}],"curies":[{"name":"wp","href":"https:\/\/api.w.org\/{rel}","templated":true}]}}

Victor Hugo le génie sans frontières

<p><span style="font-size: 10pt;"><span style="font-family: arial, helvetica, sans-serif; color: #000080;"><strong><em><img loading="lazy" decoding="async" class="size-medium wp-image-402 alignleft" src="https://www.georgesnaef.com/wp-content/uploads/2018/12/victor-hugo-251x300.jpg" alt="" width="251" height="300" srcset="https://www.naef.douce-france.net/wp-content/uploads/2018/12/victor-hugo-251x300.jpg 251w, https://www.naef.douce-france.net/wp-content/uploads/2018/12/victor-hugo.jpg 401w" sizes="auto, (max-width: 251px) 100vw, 251px" />Maurice Dessemond<br />
</em></strong></span></span><span style="font-family: arial, helvetica, sans-serif; font-size: 10pt;">Cet album richement illustré, grand format, propose une biographie intime, c&rsquo;est-à-dire la vie de l&rsquo;homme Hugo, depuis le fils prodigue jusqu&rsquo;au grand-père vénéré en passant par l&rsquo;amant plein de fougue, etc. L&rsquo;auteur a choisi d&rsquo;apporter, par touches successives intercalées dans le récit chronologique, des pièces de vers et de prose, quelquefois oubliées du grand poète. Parmi les six chapitres citons: l&rsquo;enfant sublime, l&rsquo;héritier de Chateaubriand et le proscrit visionnaire.</span></p>
<p><span style="font-family: arial, helvetica, sans-serif; font-size: 12pt;"><strong>€ 48.- &#8211;&nbsp; &nbsp;CHF 59.- &#8211;</strong></span></p>

<p>Maurice Dessemond Cet album richement illustré, grand format, propose une biographie intime, c&rsquo;est-à-dire la vie de l&rsquo;homme Hugo, depuis le fils prodigue jusqu&rsquo;au grand-père vénéré en passant par l&rsquo;amant plein de fougue, etc. L&rsquo;auteur a choisi d&rsquo;apporter, par touches successives intercalées dans le récit chronologique, des pièces de vers et de prose, quelquefois oubliées du [&hellip;]</p>
