{"id":386,"date":"2018-12-19T10:47:32","date_gmt":"2018-12-19T09:47:32","guid":{"rendered":"https:\/\/www.georgesnaef.com\/?page_id=386"},"modified":"2018-12-19T10:47:32","modified_gmt":"2018-12-19T09:47:32","slug":"la-merveilleuse-bretagne-des-peintres-2","status":"publish","type":"page","link":"https:\/\/www.naef.douce-france.net\/index.php\/la-merveilleuse-bretagne-des-peintres-2\/","title":{"rendered":"La merveilleuse Bretagne des peintres"},"content":{"rendered":"<p><span style=\"font-size: 10pt;\"><span style=\"font-family: arial, helvetica, sans-serif; color: #000080;\"><strong><em><img loading=\"lazy\" decoding=\"async\" class=\"size-medium wp-image-293 alignleft\" src=\"https:\/\/www.georgesnaef.com\/wp-content\/uploads\/2018\/12\/La-merveilleuse-Bretagne-des-peintres-248x300.jpg\" alt=\"\" width=\"248\" height=\"300\" srcset=\"https:\/\/www.naef.douce-france.net\/wp-content\/uploads\/2018\/12\/La-merveilleuse-Bretagne-des-peintres-248x300.jpg 248w, https:\/\/www.naef.douce-france.net\/wp-content\/uploads\/2018\/12\/La-merveilleuse-Bretagne-des-peintres.jpg 413w\" sizes=\"auto, (max-width: 248px) 100vw, 248px\" \/>Bertrand Fr\u00e9laut<br \/>\n<\/em><\/strong><\/span><\/span><span style=\"font-family: arial, helvetica, sans-serif; font-size: 10pt;\">Il y a peu de pays qui aient autant attir\u00e9 et s\u00e9duit les peintres que la Bretagne et, gr\u00e2ce \u00e0 eux, nous avons la chance d&rsquo;avoir une extraordinaire collection de chefs-d&rsquo;\u0153uvre qui nous en montrent les aspects les plus merveilleux. Si les l\u00e9gendes et l&rsquo;histoire de cette r\u00e9gion si particuli\u00e8re ont inspir\u00e9 les artistes, ce sont d&rsquo;abord ses paysages harmonieux, son littoral sauvage, ses f\u00eates, ses monuments ou ses costumes qui ont fascin\u00e9 les premiers voyageurs comme Turner, Lalaysse, Corot, Boudin, Renoir, Monet et, bient\u00f4t, la Bretagne est devenue un lieu de s\u00e9jour privil\u00e9gi\u00e9 et les th\u00e8mes bretons connaissent un tel succ\u00e8s que les peintres arrivent par dizaines, venant de plusieurs pays d&rsquo;Europe et m\u00eame des Etats-Unis, pour trouver le pittoresque et le d\u00e9paysement. Quand, apr\u00e8s bien d&rsquo;autres, Paul Gauguin se rend en Bretagne, il entreprend un voyage initiatique qui va r\u00e9volutionner l&rsquo;art moderne. A Pont-Aven et au Pouldu, avec Emile Bernard, S\u00e9rusier, Maufra, Moret, Jourdan, Verkade, Filiger, S\u00e9guin, Denis, il jette les bases du synth\u00e9tisme et de la peinture contemporaine. Ce livre est une invitation \u00e0 la d\u00e9couverte des in\u00e9puisables beaut\u00e9s d&rsquo;un pays qui ne cesse d&rsquo;\u00e9mouvoir et les quelques 200 reproductions de peintures qui l&rsquo;illustrent vont vous faire partager les \u00e9motions de ce voyage extraordinaire.<\/span><\/p>\n<p><span style=\"font-family: arial, helvetica, sans-serif; font-size: 12pt;\"><strong>\u20ac 48.- &#8211;&nbsp; &nbsp;CHF 59.- &#8211;<\/strong><\/span><\/p>\n","protected":false},"excerpt":{"rendered":"<p>Bertrand Fr\u00e9laut Il y a peu de pays qui aient autant attir\u00e9 et s\u00e9duit les peintres que la Bretagne et, gr\u00e2ce \u00e0 eux, nous avons la chance d&rsquo;avoir une extraordinaire collection de chefs-d&rsquo;\u0153uvre qui nous en montrent les aspects les plus merveilleux. Si les l\u00e9gendes et l&rsquo;histoire de cette r\u00e9gion si particuli\u00e8re ont inspir\u00e9 les [&hellip;]<\/p>\n","protected":false},"author":2,"featured_media":0,"parent":0,"menu_order":0,"comment_status":"closed","ping_status":"closed","template":"","meta":{"ngg_post_thumbnail":0,"footnotes":""},"class_list":["post-386","page","type-page","status-publish","hentry"],"_links":{"self":[{"href":"https:\/\/www.naef.douce-france.net\/index.php\/wp-json\/wp\/v2\/pages\/386","targetHints":{"allow":["GET"]}}],"collection":[{"href":"https:\/\/www.naef.douce-france.net\/index.php\/wp-json\/wp\/v2\/pages"}],"about":[{"href":"https:\/\/www.naef.douce-france.net\/index.php\/wp-json\/wp\/v2\/types\/page"}],"author":[{"embeddable":true,"href":"https:\/\/www.naef.douce-france.net\/index.php\/wp-json\/wp\/v2\/users\/2"}],"replies":[{"embeddable":true,"href":"https:\/\/www.naef.douce-france.net\/index.php\/wp-json\/wp\/v2\/comments?post=386"}],"version-history":[{"count":0,"href":"https:\/\/www.naef.douce-france.net\/index.php\/wp-json\/wp\/v2\/pages\/386\/revisions"}],"wp:attachment":[{"href":"https:\/\/www.naef.douce-france.net\/index.php\/wp-json\/wp\/v2\/media?parent=386"}],"curies":[{"name":"wp","href":"https:\/\/api.w.org\/{rel}","templated":true}]}}

<p><span style="font-size: 10pt;"><span style="font-family: arial, helvetica, sans-serif; color: #000080;"><strong><em><img loading="lazy" decoding="async" class="size-medium wp-image-293 alignleft" src="https://www.georgesnaef.com/wp-content/uploads/2018/12/La-merveilleuse-Bretagne-des-peintres-248x300.jpg" alt="" width="248" height="300" srcset="https://www.naef.douce-france.net/wp-content/uploads/2018/12/La-merveilleuse-Bretagne-des-peintres-248x300.jpg 248w, https://www.naef.douce-france.net/wp-content/uploads/2018/12/La-merveilleuse-Bretagne-des-peintres.jpg 413w" sizes="auto, (max-width: 248px) 100vw, 248px" />Bertrand Frélaut<br />
</em></strong></span></span><span style="font-family: arial, helvetica, sans-serif; font-size: 10pt;">Il y a peu de pays qui aient autant attiré et séduit les peintres que la Bretagne et, grâce à eux, nous avons la chance d&rsquo;avoir une extraordinaire collection de chefs-d&rsquo;œuvre qui nous en montrent les aspects les plus merveilleux. Si les légendes et l&rsquo;histoire de cette région si particulière ont inspiré les artistes, ce sont d&rsquo;abord ses paysages harmonieux, son littoral sauvage, ses fêtes, ses monuments ou ses costumes qui ont fasciné les premiers voyageurs comme Turner, Lalaysse, Corot, Boudin, Renoir, Monet et, bientôt, la Bretagne est devenue un lieu de séjour privilégié et les thèmes bretons connaissent un tel succès que les peintres arrivent par dizaines, venant de plusieurs pays d&rsquo;Europe et même des Etats-Unis, pour trouver le pittoresque et le dépaysement. Quand, après bien d&rsquo;autres, Paul Gauguin se rend en Bretagne, il entreprend un voyage initiatique qui va révolutionner l&rsquo;art moderne. A Pont-Aven et au Pouldu, avec Emile Bernard, Sérusier, Maufra, Moret, Jourdan, Verkade, Filiger, Séguin, Denis, il jette les bases du synthétisme et de la peinture contemporaine. Ce livre est une invitation à la découverte des inépuisables beautés d&rsquo;un pays qui ne cesse d&rsquo;émouvoir et les quelques 200 reproductions de peintures qui l&rsquo;illustrent vont vous faire partager les émotions de ce voyage extraordinaire.</span></p>
<p><span style="font-family: arial, helvetica, sans-serif; font-size: 12pt;"><strong>€ 48.- &#8211;&nbsp; &nbsp;CHF 59.- &#8211;</strong></span></p>

<p>Bertrand Frélaut Il y a peu de pays qui aient autant attiré et séduit les peintres que la Bretagne et, grâce à eux, nous avons la chance d&rsquo;avoir une extraordinaire collection de chefs-d&rsquo;œuvre qui nous en montrent les aspects les plus merveilleux. Si les légendes et l&rsquo;histoire de cette région si particulière ont inspiré les [&hellip;]</p>
