{"id":353,"date":"2018-12-19T08:16:57","date_gmt":"2018-12-19T07:16:57","guid":{"rendered":"https:\/\/www.georgesnaef.com\/?page_id=353"},"modified":"2018-12-19T08:16:57","modified_gmt":"2018-12-19T07:16:57","slug":"alfred-manessier-1911-1993","status":"publish","type":"page","link":"https:\/\/www.naef.douce-france.net\/index.php\/alfred-manessier-1911-1993\/","title":{"rendered":"Alfred Manessier (1911-1993)"},"content":{"rendered":"<p><span style=\"font-size: 10pt;\"><span style=\"font-family: arial, helvetica, sans-serif; color: #000080;\"><strong><em><img loading=\"lazy\" decoding=\"async\" class=\"size-medium wp-image-92 alignleft\" src=\"https:\/\/www.georgesnaef.com\/wp-content\/uploads\/2018\/12\/Alfred-Manessie-248x300.jpg\" alt=\"\" width=\"248\" height=\"300\" srcset=\"https:\/\/www.naef.douce-france.net\/wp-content\/uploads\/2018\/12\/Alfred-Manessie-248x300.jpg 248w, https:\/\/www.naef.douce-france.net\/wp-content\/uploads\/2018\/12\/Alfred-Manessie.jpg 413w\" sizes=\"auto, (max-width: 248px) 100vw, 248px\" \/>Bernard Biard<br \/>\n<\/em><\/strong><\/span><\/span><span style=\"font-family: arial, helvetica, sans-serif; font-size: 10pt;\">Alfred Manessier (1911-1993), n\u00e9 \u00e0 Saint-Ouen dans la Somme, a acquis une r\u00e9putation internationale par ses nombreuses oeuvres expos\u00e9es aussi bien en France : Retrospective Alfred Manessier, Paris, Galeries Nationales du Grand Palais, 7 octobre-4 janvier 1992-93, qu&rsquo;en Italie, Hongrie, et dans de nombreux autre pays. Il a particip\u00e9 a plusieurs accrochages avec Hartung, Poliakoff, Soulages, Zao Wou-Ki. En 1953, il obtint le Prix International de peinture \u00e0 l&rsquo;exposition de Valencia au V\u00e9n\u00e9zu\u00e9la, le Premier prix de peinture \u00e0 la Biennale de Sao Paulo, le Premier prix international de Peinture contemporaine \u00e0 l&rsquo;Institut Carnegie \u00e0 Pittsburg en 1955 et celui de la Biennale de Venise en 1962. Il est plus souvent connu pour ses oeuvres d&rsquo;inspiration religieuse mais cette r\u00e9putation est trop restrictive car ses tableaux montrent aussi un artiste pr\u00e9occup\u00e9 par des faits de soci\u00e9t\u00e9 et tr\u00e8s engag\u00e9 au nom des id\u00e9es de libert\u00e9.&nbsp;<\/span><br \/>\n<span style=\"font-family: arial, helvetica, sans-serif; font-size: 10pt;\">Il fut \u00e9galement un peintre inspir\u00e9 par les paysages de nombreux pays qu&rsquo;il visita, mais en restant toujours attir\u00e9 par son pays d&rsquo;origine : la Picardie et la Baie de Somme. Artiste complet, son talent s&rsquo;\u00e9tendit aussi bien \u00e0 la peinture qu&rsquo;au dessin, \u00e0 l&rsquo;aquarelle, aux lithographies, \u00e0 la tapisserie ou aux vitraux dont ceux d&rsquo;Abbeville furent l&rsquo;aboutissement.<\/span><\/p>\n<p><span style=\"font-family: arial, helvetica, sans-serif; font-size: 12pt;\"><strong>\u20ac 42.&#8211;&nbsp; &nbsp;CHF 54.&#8211;<\/strong><\/span><\/p>\n","protected":false},"excerpt":{"rendered":"<p>Bernard Biard Alfred Manessier (1911-1993), n\u00e9 \u00e0 Saint-Ouen dans la Somme, a acquis une r\u00e9putation internationale par ses nombreuses oeuvres expos\u00e9es aussi bien en France : Retrospective Alfred Manessier, Paris, Galeries Nationales du Grand Palais, 7 octobre-4 janvier 1992-93, qu&rsquo;en Italie, Hongrie, et dans de nombreux autre pays. Il a particip\u00e9 a plusieurs accrochages avec [&hellip;]<\/p>\n","protected":false},"author":2,"featured_media":0,"parent":0,"menu_order":0,"comment_status":"closed","ping_status":"closed","template":"","meta":{"ngg_post_thumbnail":0,"footnotes":""},"class_list":["post-353","page","type-page","status-publish","hentry"],"_links":{"self":[{"href":"https:\/\/www.naef.douce-france.net\/index.php\/wp-json\/wp\/v2\/pages\/353","targetHints":{"allow":["GET"]}}],"collection":[{"href":"https:\/\/www.naef.douce-france.net\/index.php\/wp-json\/wp\/v2\/pages"}],"about":[{"href":"https:\/\/www.naef.douce-france.net\/index.php\/wp-json\/wp\/v2\/types\/page"}],"author":[{"embeddable":true,"href":"https:\/\/www.naef.douce-france.net\/index.php\/wp-json\/wp\/v2\/users\/2"}],"replies":[{"embeddable":true,"href":"https:\/\/www.naef.douce-france.net\/index.php\/wp-json\/wp\/v2\/comments?post=353"}],"version-history":[{"count":0,"href":"https:\/\/www.naef.douce-france.net\/index.php\/wp-json\/wp\/v2\/pages\/353\/revisions"}],"wp:attachment":[{"href":"https:\/\/www.naef.douce-france.net\/index.php\/wp-json\/wp\/v2\/media?parent=353"}],"curies":[{"name":"wp","href":"https:\/\/api.w.org\/{rel}","templated":true}]}}

<p><span style="font-size: 10pt;"><span style="font-family: arial, helvetica, sans-serif; color: #000080;"><strong><em><img loading="lazy" decoding="async" class="size-medium wp-image-92 alignleft" src="https://www.georgesnaef.com/wp-content/uploads/2018/12/Alfred-Manessie-248x300.jpg" alt="" width="248" height="300" srcset="https://www.naef.douce-france.net/wp-content/uploads/2018/12/Alfred-Manessie-248x300.jpg 248w, https://www.naef.douce-france.net/wp-content/uploads/2018/12/Alfred-Manessie.jpg 413w" sizes="auto, (max-width: 248px) 100vw, 248px" />Bernard Biard<br />
</em></strong></span></span><span style="font-family: arial, helvetica, sans-serif; font-size: 10pt;">Alfred Manessier (1911-1993), né à Saint-Ouen dans la Somme, a acquis une réputation internationale par ses nombreuses oeuvres exposées aussi bien en France : Retrospective Alfred Manessier, Paris, Galeries Nationales du Grand Palais, 7 octobre-4 janvier 1992-93, qu&rsquo;en Italie, Hongrie, et dans de nombreux autre pays. Il a participé a plusieurs accrochages avec Hartung, Poliakoff, Soulages, Zao Wou-Ki. En 1953, il obtint le Prix International de peinture à l&rsquo;exposition de Valencia au Vénézuéla, le Premier prix de peinture à la Biennale de Sao Paulo, le Premier prix international de Peinture contemporaine à l&rsquo;Institut Carnegie à Pittsburg en 1955 et celui de la Biennale de Venise en 1962. Il est plus souvent connu pour ses oeuvres d&rsquo;inspiration religieuse mais cette réputation est trop restrictive car ses tableaux montrent aussi un artiste préoccupé par des faits de société et très engagé au nom des idées de liberté.&nbsp;</span><br />
<span style="font-family: arial, helvetica, sans-serif; font-size: 10pt;">Il fut également un peintre inspiré par les paysages de nombreux pays qu&rsquo;il visita, mais en restant toujours attiré par son pays d&rsquo;origine : la Picardie et la Baie de Somme. Artiste complet, son talent s&rsquo;étendit aussi bien à la peinture qu&rsquo;au dessin, à l&rsquo;aquarelle, aux lithographies, à la tapisserie ou aux vitraux dont ceux d&rsquo;Abbeville furent l&rsquo;aboutissement.</span></p>
<p><span style="font-family: arial, helvetica, sans-serif; font-size: 12pt;"><strong>€ 42.&#8211;&nbsp; &nbsp;CHF 54.&#8211;</strong></span></p>

<p>Bernard Biard Alfred Manessier (1911-1993), né à Saint-Ouen dans la Somme, a acquis une réputation internationale par ses nombreuses oeuvres exposées aussi bien en France : Retrospective Alfred Manessier, Paris, Galeries Nationales du Grand Palais, 7 octobre-4 janvier 1992-93, qu&rsquo;en Italie, Hongrie, et dans de nombreux autre pays. Il a participé a plusieurs accrochages avec [&hellip;]</p>
