{"id":273,"date":"2018-12-17T16:16:05","date_gmt":"2018-12-17T15:16:05","guid":{"rendered":"https:\/\/www.georgesnaef.com\/?page_id=273"},"modified":"2018-12-17T16:16:05","modified_gmt":"2018-12-17T15:16:05","slug":"aventure-du-monde","status":"publish","type":"page","link":"https:\/\/www.naef.douce-france.net\/index.php\/aventure-du-monde\/","title":{"rendered":"L&rsquo;Aventure du Monde"},"content":{"rendered":"<table class=\" aligncenter\">\n<thead>\n<tr>\n<th align=\"left\"><a href=\"https:\/\/www.georgesnaef.com\/vagues-lenergie-magnifique\/\"><img loading=\"lazy\" decoding=\"async\" class=\"alignnone size-thumbnail wp-image-428\" src=\"https:\/\/www.georgesnaef.com\/wp-content\/uploads\/2018\/12\/Vagues-LEnergie-Magnifique-150x150.jpg\" alt=\"\" width=\"100\" height=\"100\" srcset=\"https:\/\/www.naef.douce-france.net\/wp-content\/uploads\/2018\/12\/Vagues-LEnergie-Magnifique-150x150.jpg 150w, https:\/\/www.naef.douce-france.net\/wp-content\/uploads\/2018\/12\/Vagues-LEnergie-Magnifique-300x300.jpg 300w, https:\/\/www.naef.douce-france.net\/wp-content\/uploads\/2018\/12\/Vagues-LEnergie-Magnifique.jpg 400w\" sizes=\"auto, (max-width: 100px) 100vw, 100px\" \/><br>Vagues l&rsquo;\u00e9nergie <br>magnifique<\/a><\/th>\n<th style=\"vertical-align: top;\"><a href=\"https:\/\/www.georgesnaef.com\/forets\/\"><img loading=\"lazy\" decoding=\"async\" class=\"alignnone size-thumbnail wp-image-101\" src=\"https:\/\/www.georgesnaef.com\/wp-content\/uploads\/2018\/12\/Forets-150x150.jpg\" alt=\"\" width=\"100\" height=\"100\"><br>For\u00eats<\/a><\/th>\n<th style=\"vertical-align: top;\"><a href=\"https:\/\/www.georgesnaef.com\/le-passage-du-nord-ouest\/\"><img loading=\"lazy\" decoding=\"async\" class=\"alignnone size-thumbnail wp-image-296\" src=\"https:\/\/www.georgesnaef.com\/wp-content\/uploads\/2018\/12\/Le-Passage-du-Nord-Ouest-150x150.jpg\" alt=\"\" width=\"100\" height=\"100\"><br>Passage du <br>Nord-Ouest<\/a><\/th>\n<th style=\"vertical-align: top;\"><a href=\"https:\/\/www.georgesnaef.com\/les-papous\/\"><img loading=\"lazy\" decoding=\"async\" class=\"alignnone size-thumbnail wp-image-299\" src=\"https:\/\/www.georgesnaef.com\/wp-content\/uploads\/2018\/12\/Les-Papous-150x150.jpg\" alt=\"\" width=\"100\" height=\"100\"><br>Les Papous<\/a><\/th>\n<th style=\"vertical-align: top;\"><a href=\"https:\/\/www.georgesnaef.com\/chevaux-traditions-equestres-en-asie\/\"><img loading=\"lazy\" decoding=\"async\" class=\"alignnone size-thumbnail wp-image-98\" src=\"https:\/\/www.georgesnaef.com\/wp-content\/uploads\/2018\/12\/Chevaux-traditions-\u00e9questres-en-Asie-150x150.jpg\" alt=\"\" width=\"100\" height=\"100\"><br>Chevaux <br>&amp; traditions<\/a><\/th>\n<\/tr>\n<\/thead>\n<tbody>\n<tr>\n<td style=\"vertical-align: top;\"><a href=\"https:\/\/www.georgesnaef.com\/iran\/\"><img loading=\"lazy\" decoding=\"async\" class=\"alignnone size-thumbnail wp-image-289\" src=\"https:\/\/www.georgesnaef.com\/wp-content\/uploads\/2018\/12\/Iran-Eclat-et-splendeur-de-la-Perse-150x150.jpg\" alt=\"\" width=\"100\" height=\"100\"><br>Iran<\/a><\/td>\n<td style=\"vertical-align: top;\"><a href=\"https:\/\/www.georgesnaef.com\/patagonie\/\"><img loading=\"lazy\" decoding=\"async\" class=\"alignnone size-thumbnail wp-image-337\" src=\"https:\/\/www.georgesnaef.com\/wp-content\/uploads\/2018\/12\/Patagonie-et-Terre-de-feu-150x150.jpg\" alt=\"\" width=\"100\" height=\"100\"><br>Patagonie<\/a><\/td>\n<td style=\"vertical-align: top;\"><a href=\"https:\/\/www.georgesnaef.com\/rajasthan\/\"><img loading=\"lazy\" decoding=\"async\" class=\"alignnone size-thumbnail wp-image-306\" src=\"https:\/\/www.georgesnaef.com\/wp-content\/uploads\/2018\/12\/R\u00e2jasth\u00e2n-Terre-des-seigneurs-150x150.jpg\" alt=\"\" width=\"100\" height=\"100\"><br>Rajasthan<\/a><\/td>\n<td style=\"vertical-align: top;\"><a href=\"https:\/\/www.georgesnaef.com\/nepal-art-et-civilisation-des-ranas\/\"><img loading=\"lazy\" decoding=\"async\" class=\"alignnone size-full wp-image-1274\" src=\"http:\/\/www.naef.douce-france.net\/wp-content\/uploads\/2019\/02\/Nepal.-Art-et-civilisation-des-Ranas-vignette.jpg\" alt=\"\" width=\"100\" height=\"100\"><br>N\u00e9pal<\/a><\/td>\n<td><a href=\"https:\/\/www.georgesnaef.com\/nepal-art-et-civilisation-des-ranas\/\"><img loading=\"lazy\" decoding=\"async\" class=\"alignnone size-thumbnail wp-image-742\" src=\"https:\/\/www.georgesnaef.com\/wp-content\/uploads\/2019\/01\/nepal-anglais-150x150.jpg\" alt=\"\" width=\"100\" height=\"100\"><br>The Ranas <br>of Nepal<\/a><\/td>\n<\/tr>\n<tr>\n<td><a href=\"https:\/\/www.georgesnaef.com\/eternelle-algerie\/\"><img loading=\"lazy\" decoding=\"async\" class=\"alignnone size-thumbnail wp-image-100\" src=\"https:\/\/www.georgesnaef.com\/wp-content\/uploads\/2018\/12\/Eternelle-Alg\u00e9rie-150x150.jpg\" alt=\"\" width=\"100\" height=\"100\"><br>Alg\u00e9rie<\/a><\/td>\n<td><a href=\"https:\/\/www.georgesnaef.com\/indonesie\/\"><img loading=\"lazy\" decoding=\"async\" class=\"alignnone size-thumbnail wp-image-288\" src=\"https:\/\/www.georgesnaef.com\/wp-content\/uploads\/2018\/12\/Indon\u00e9sie-150x150.jpg\" alt=\"\" width=\"100\" height=\"100\"><br>Indon\u00e9sie<\/a><\/td>\n<td><a href=\"https:\/\/www.georgesnaef.com\/samarkand-la-magnifique\/\"><img loading=\"lazy\" decoding=\"async\" class=\"alignnone size-thumbnail wp-image-310\" src=\"https:\/\/www.georgesnaef.com\/wp-content\/uploads\/2018\/12\/Samarkand-la-Magnifique-150x150.jpg\" alt=\"\" width=\"100\" height=\"100\"><br>Samarkand<\/a><\/td>\n<td><a href=\"https:\/\/www.georgesnaef.com\/le-mekong-2\/\"><img loading=\"lazy\" decoding=\"async\" class=\"alignnone size-thumbnail wp-image-209\" src=\"https:\/\/www.georgesnaef.com\/wp-content\/uploads\/2018\/12\/Le-M\u00e9kong-150x150.jpg\" alt=\"\" width=\"100\" height=\"100\"><br>Le M\u00e9kong<\/a><\/td>\n<td><a href=\"https:\/\/www.georgesnaef.com\/touaregs-et-peuls-les-nomades-du-sahel\/\"><img loading=\"lazy\" decoding=\"async\" class=\"alignnone size-thumbnail wp-image-313\" src=\"https:\/\/www.georgesnaef.com\/wp-content\/uploads\/2018\/12\/Touaregs-et-Peuls-Les-nomades-du-Sahel-150x150.jpg\" alt=\"\" width=\"100\" height=\"100\"><br>Touaregs<\/a><\/td>\n<\/tr>\n<tr>\n<td style=\"vertical-align: top;\"><a href=\"https:\/\/www.georgesnaef.com\/essaouira-perle-de-latlantique\/\"><img loading=\"lazy\" decoding=\"async\" class=\"alignnone size-thumbnail wp-image-545\" src=\"https:\/\/www.georgesnaef.com\/wp-content\/uploads\/2019\/01\/Essaouira-150x150.jpg\" alt=\"\" width=\"100\" height=\"100\"><br>Essaouira<\/a><\/td>\n<td style=\"vertical-align: top;\"><a href=\"https:\/\/www.georgesnaef.com\/venise\/\"><img loading=\"lazy\" decoding=\"async\" class=\"alignnone size-thumbnail wp-image-255\" src=\"https:\/\/www.georgesnaef.com\/wp-content\/uploads\/2018\/12\/venise-entre-ciel-et-mer-150x150.jpg\" alt=\"\" width=\"100\" height=\"100\"><br>Venise<\/a><\/td>\n<td style=\"vertical-align: top;\"><a href=\"https:\/\/www.georgesnaef.com\/mauritanie-terre-de-reve-et-daventure\/\"><img loading=\"lazy\" decoding=\"async\" class=\"alignnone size-thumbnail wp-image-303\" src=\"https:\/\/www.georgesnaef.com\/wp-content\/uploads\/2018\/12\/Mauritanie-Terre-de-r\u00eave-et-daventure-150x150.jpg\" alt=\"\" width=\"100\" height=\"100\"><br>Mauritanie<\/a><\/td>\n<td style=\"vertical-align: top;\"><a href=\"https:\/\/www.georgesnaef.com\/camargue-maritime\/\"><img loading=\"lazy\" decoding=\"async\" class=\"alignnone  wp-image-290\" src=\"http:\/\/www.naef.douce-france.net\/wp-content\/uploads\/2021\/06\/CAMARGUE.jpg\" alt=\"\" width=\"113\" height=\"102\"><br>Camargues<br><\/a><a href=\"https:\/\/www.georgesnaef.com\/camargue-maritime\/\">maritime<\/a><\/td>\n<td style=\"vertical-align: top;\">\n<p><a href=\"https:\/\/www.georgesnaef.com\/nos-nouveautes\/atlantide-couverture\/\"><img loading=\"lazy\" decoding=\"async\" class=\"alignnone wp-image-1985\" src=\"https:\/\/www.georgesnaef.com\/wp-content\/uploads\/2025\/01\/atlantide-couverture-237x300.jpg\" alt=\"\" width=\"95\" height=\"120\" srcset=\"https:\/\/www.naef.douce-france.net\/wp-content\/uploads\/2025\/01\/atlantide-couverture-237x300.jpg 237w, https:\/\/www.naef.douce-france.net\/wp-content\/uploads\/2025\/01\/atlantide-couverture.jpg 555w\" sizes=\"auto, (max-width: 95px) 100vw, 95px\" \/><\/a><br><a href=\"https:\/\/www.georgesnaef.com\/atlantide-lutopie-retrouvee\/\">Atlantide<\/a><br><a href=\"https:\/\/www.georgesnaef.com\/atlantide-lutopie-retrouvee\/\">L\u2019utopie retrouv\u00e9<\/a><\/p>\n<\/td>\n<\/tr>\n<\/tbody>\n<\/table>\n\n\n<div class=\"flipbook\"><iframe loading=\"lazy\" style=\"width: 100%; height: 100%;\" src=\"https:\/\/www.georgesnaef.com\/wp-content\/uploads\/fliphtml5\/19\/book.html\" scrolling=\"no\" seamless=\"seamless\" allowfullscreen=\"allowfullscreen\" width=\"700\" height=\"400\" frameborder=\"0\"><\/iframe><\/div>\n","protected":false},"excerpt":{"rendered":"<p>Vagues l&rsquo;\u00e9nergie magnifique For\u00eats Passage du Nord-Ouest Les Papous Chevaux &amp; traditions Iran Patagonie Rajasthan N\u00e9pal The Ranas of Nepal Alg\u00e9rie Indon\u00e9sie Samarkand Le M\u00e9kong Touaregs Essaouira Venise Mauritanie Camarguesmaritime AtlantideL\u2019utopie retrouv\u00e9<\/p>\n","protected":false},"author":2,"featured_media":0,"parent":0,"menu_order":0,"comment_status":"closed","ping_status":"closed","template":"","meta":{"ngg_post_thumbnail":0,"footnotes":""},"class_list":["post-273","page","type-page","status-publish","hentry"],"_links":{"self":[{"href":"https:\/\/www.naef.douce-france.net\/index.php\/wp-json\/wp\/v2\/pages\/273","targetHints":{"allow":["GET"]}}],"collection":[{"href":"https:\/\/www.naef.douce-france.net\/index.php\/wp-json\/wp\/v2\/pages"}],"about":[{"href":"https:\/\/www.naef.douce-france.net\/index.php\/wp-json\/wp\/v2\/types\/page"}],"author":[{"embeddable":true,"href":"https:\/\/www.naef.douce-france.net\/index.php\/wp-json\/wp\/v2\/users\/2"}],"replies":[{"embeddable":true,"href":"https:\/\/www.naef.douce-france.net\/index.php\/wp-json\/wp\/v2\/comments?post=273"}],"version-history":[{"count":0,"href":"https:\/\/www.naef.douce-france.net\/index.php\/wp-json\/wp\/v2\/pages\/273\/revisions"}],"wp:attachment":[{"href":"https:\/\/www.naef.douce-france.net\/index.php\/wp-json\/wp\/v2\/media?parent=273"}],"curies":[{"name":"wp","href":"https:\/\/api.w.org\/{rel}","templated":true}]}}