{"id":1989,"date":"2025-01-24T10:18:06","date_gmt":"2025-01-24T09:18:06","guid":{"rendered":"https:\/\/www.georgesnaef.com\/?page_id=1989"},"modified":"2025-01-24T10:18:06","modified_gmt":"2025-01-24T09:18:06","slug":"merveilleux-salins-du-midi","status":"publish","type":"page","link":"https:\/\/www.naef.douce-france.net\/index.php\/merveilleux-salins-du-midi\/","title":{"rendered":"Merveilleux Salins du Midi"},"content":{"rendered":"\n<p class=\"has-text-align-left\"><strong>L&rsquo;\u00e9pop\u00e9e du sel de Camargue<\/strong><\/p>\n\n\n\n<p><\/p>\n\n\n<p><span style=\"font-size: 10pt;\"><span style=\"font-family: arial, helvetica, sans-serif; color: #000080;\"><strong><em><a href=\"https:\/\/www.georgesnaef.com\/nos-nouveautes\/couverture-salin\/\"><img loading=\"lazy\" decoding=\"async\" class=\"wp-image-1984  alignleft\" src=\"https:\/\/www.georgesnaef.com\/wp-content\/uploads\/2025\/01\/couverture-salin-150x150.jpg\" alt=\"sal;ins du midi\" width=\"178\" height=\"178\"><\/a><\/em><\/strong><\/span><\/span><span style=\"font-family: arial, helvetica, sans-serif; font-size: 10pt;\"><span style=\"color: #000080;\"><span style=\"color: #000000;\"><strong><em><span style=\"color: #333399;\"><span style=\"font-family: arial, helvetica, sans-serif;\">Ariane FORNIA \u2022 Sylvie BRUNEL<\/span><br><\/span><\/em><\/strong><span style=\"font-family: arial, helvetica, sans-serif;\">La Camargue et le sel, c\u2019est une longue histoire\u2026<\/span><br><span style=\"font-family: arial, helvetica, sans-serif;\">N\u00e9e sous le signe du sel, \u00e0 l\u2019ouest du delta du Rh\u00f4ne, l\u2019\u00e9pop\u00e9e du sel est<\/span><br><span style=\"font-family: arial, helvetica, sans-serif;\">romaine et m\u00e9di\u00e9vale.<\/span><br><span style=\"font-family: arial, helvetica, sans-serif;\">Depuis la nuit des temps, Aigues-Morte, d\u2019o\u00f9 partirent les croisades, est<\/span><br><span style=\"font-family: arial, helvetica, sans-serif;\">la ville du sel. Le petit village des Salin-de-Giraud, au bout du monde, qui<\/span><br><span style=\"font-family: arial, helvetica, sans-serif;\">rend amoureux tous ceux qui font souche, a \u00e9t\u00e9 fond\u00e9 pour le sel.<\/span><br><span style=\"font-family: arial, helvetica, sans-serif;\">Ce livre retrace cette merveilleuse aventure qu\u2019est le sel de Camargue.<br>Les diamants de la mer<br>Avec ses cristaux blancs qui font scintiller la Camargue, le sel peut \u00eatre une menace<br>et une b\u00e9n\u00e9diction.<br>Une menace, quand il remonte et envahit cette Atlantide amphibie qui doit affronter<br>la mont\u00e9e de la mer.<br>Une b\u00e9n\u00e9diction, quand les hommes savent le dompter pour en tirer le meilleur.<br>Notre sant\u00e9 d\u00e9pend du sel. Notre alimentation d\u00e9pend du sel. Lutter contre les<br>exc\u00e8s du climat demande du sel. Celui du d\u00e9neigement et celui de la transition<br>\u00e9cologique. Venu du pass\u00e9, le sel incarne l\u2019avenir.<\/span><br><span style=\"color: #ff0000;\"><strong>Parution : Mai 2025<\/strong><\/span><\/span><\/span><\/span><\/p>\n<p>Format 22 x 28 &#8211; 208 pages<\/p>\n<p><span style=\"font-family: arial, helvetica, sans-serif; font-size: 12pt;\"><strong>\u20ac 35&nbsp; CHF 38<\/strong><\/span><\/p>\n<hr>\n<p><a href=\"https:\/\/www.georgesnaef.com\/produit\/merveilleux-salins-du-midi\/\"><span style=\"font-size: 14pt; color: #ff0000;\"><strong>ACHETER (Mai 2025)<\/strong><\/span><\/a><\/p>","protected":false},"excerpt":{"rendered":"<p>L&rsquo;\u00e9pop\u00e9e du sel de Camargue Ariane FORNIA \u2022 Sylvie BRUNELLa Camargue et le sel, c\u2019est une longue histoire\u2026N\u00e9e sous le signe du sel, \u00e0 l\u2019ouest du delta du Rh\u00f4ne, l\u2019\u00e9pop\u00e9e du sel estromaine et m\u00e9di\u00e9vale.Depuis la nuit des temps, Aigues-Morte, d\u2019o\u00f9 partirent les croisades, estla ville du sel. Le petit village des Salin-de-Giraud, au bout [&hellip;]<\/p>\n","protected":false},"author":2,"featured_media":0,"parent":0,"menu_order":0,"comment_status":"closed","ping_status":"closed","template":"","meta":{"ngg_post_thumbnail":0,"footnotes":""},"class_list":["post-1989","page","type-page","status-publish","hentry"],"_links":{"self":[{"href":"https:\/\/www.naef.douce-france.net\/index.php\/wp-json\/wp\/v2\/pages\/1989","targetHints":{"allow":["GET"]}}],"collection":[{"href":"https:\/\/www.naef.douce-france.net\/index.php\/wp-json\/wp\/v2\/pages"}],"about":[{"href":"https:\/\/www.naef.douce-france.net\/index.php\/wp-json\/wp\/v2\/types\/page"}],"author":[{"embeddable":true,"href":"https:\/\/www.naef.douce-france.net\/index.php\/wp-json\/wp\/v2\/users\/2"}],"replies":[{"embeddable":true,"href":"https:\/\/www.naef.douce-france.net\/index.php\/wp-json\/wp\/v2\/comments?post=1989"}],"version-history":[{"count":0,"href":"https:\/\/www.naef.douce-france.net\/index.php\/wp-json\/wp\/v2\/pages\/1989\/revisions"}],"wp:attachment":[{"href":"https:\/\/www.naef.douce-france.net\/index.php\/wp-json\/wp\/v2\/media?parent=1989"}],"curies":[{"name":"wp","href":"https:\/\/api.w.org\/{rel}","templated":true}]}}

<p class="has-text-align-left"><strong>L&rsquo;épopée du sel de Camargue</strong></p>



<p></p>


<p><span style="font-size: 10pt;"><span style="font-family: arial, helvetica, sans-serif; color: #000080;"><strong><em><a href="https://www.georgesnaef.com/nos-nouveautes/couverture-salin/"><img loading="lazy" decoding="async" class="wp-image-1984  alignleft" src="https://www.georgesnaef.com/wp-content/uploads/2025/01/couverture-salin-150x150.jpg" alt="sal;ins du midi" width="178" height="178"></a></em></strong></span></span><span style="font-family: arial, helvetica, sans-serif; font-size: 10pt;"><span style="color: #000080;"><span style="color: #000000;"><strong><em><span style="color: #333399;"><span style="font-family: arial, helvetica, sans-serif;">Ariane FORNIA • Sylvie BRUNEL</span><br></span></em></strong><span style="font-family: arial, helvetica, sans-serif;">La Camargue et le sel, c’est une longue histoire…</span><br><span style="font-family: arial, helvetica, sans-serif;">Née sous le signe du sel, à l’ouest du delta du Rhône, l’épopée du sel est</span><br><span style="font-family: arial, helvetica, sans-serif;">romaine et médiévale.</span><br><span style="font-family: arial, helvetica, sans-serif;">Depuis la nuit des temps, Aigues-Morte, d’où partirent les croisades, est</span><br><span style="font-family: arial, helvetica, sans-serif;">la ville du sel. Le petit village des Salin-de-Giraud, au bout du monde, qui</span><br><span style="font-family: arial, helvetica, sans-serif;">rend amoureux tous ceux qui font souche, a été fondé pour le sel.</span><br><span style="font-family: arial, helvetica, sans-serif;">Ce livre retrace cette merveilleuse aventure qu’est le sel de Camargue.<br>Les diamants de la mer<br>Avec ses cristaux blancs qui font scintiller la Camargue, le sel peut être une menace<br>et une bénédiction.<br>Une menace, quand il remonte et envahit cette Atlantide amphibie qui doit affronter<br>la montée de la mer.<br>Une bénédiction, quand les hommes savent le dompter pour en tirer le meilleur.<br>Notre santé dépend du sel. Notre alimentation dépend du sel. Lutter contre les<br>excès du climat demande du sel. Celui du déneigement et celui de la transition<br>écologique. Venu du passé, le sel incarne l’avenir.</span><br><span style="color: #ff0000;"><strong>Parution : Mai 2025</strong></span></span></span></span></p>
<p>Format 22 x 28 &#8211; 208 pages</p>
<p><span style="font-family: arial, helvetica, sans-serif; font-size: 12pt;"><strong>€ 35&nbsp; CHF 38</strong></span></p>
<hr>
<p><a href="https://www.georgesnaef.com/produit/merveilleux-salins-du-midi/"><span style="font-size: 14pt; color: #ff0000;"><strong>ACHETER (Mai 2025)</strong></span></a></p>

<p>L&rsquo;épopée du sel de Camargue Ariane FORNIA • Sylvie BRUNELLa Camargue et le sel, c’est une longue histoire…Née sous le signe du sel, à l’ouest du delta du Rhône, l’épopée du sel estromaine et médiévale.Depuis la nuit des temps, Aigues-Morte, d’où partirent les croisades, estla ville du sel. Le petit village des Salin-de-Giraud, au bout [&hellip;]</p>
