{"id":183,"date":"2018-12-16T11:43:54","date_gmt":"2018-12-16T10:43:54","guid":{"rendered":"https:\/\/www.georgesnaef.com\/?page_id=183"},"modified":"2018-12-16T11:43:54","modified_gmt":"2018-12-16T10:43:54","slug":"yemen","status":"publish","type":"page","link":"https:\/\/www.naef.douce-france.net\/index.php\/yemen\/","title":{"rendered":"Y\u00e9men"},"content":{"rendered":"<p><span style=\"font-size: 10pt;\"><img loading=\"lazy\" decoding=\"async\" class=\"size-medium wp-image-70 alignleft\" src=\"https:\/\/www.georgesnaef.com\/wp-content\/uploads\/2018\/12\/Y\u00e9men-Lunes-dArabie-251x300.jpg\" alt=\"\" width=\"251\" height=\"300\"><span style=\"font-family: arial, helvetica, sans-serif; color: #000080;\"><strong><em>Pascal Mar\u00e9chaux, Maria Mar\u00e9chaux, Dominique Champault<\/em><\/strong><\/span><\/span><\/p>\n<p><span style=\"font-size: 10pt; font-family: arial, helvetica, sans-serif;\">Pr\u00e9serv\u00e9 \u00e0 l&rsquo;abri de ses d\u00e9serts et de ses montagnes, le Y\u00e9men constitue, encore en ce d\u00e9but du XXI\u00e8me si\u00e8cle, un monde d&rsquo;harmonie et d&rsquo;\u00e9quilibre. Fruit d&rsquo;un lent partage, ce recueil d&rsquo;images glan\u00e9es lunes apr\u00e8s lunes, ann\u00e9es apr\u00e8s ann\u00e9es, constitue un t\u00e9moignage irrempla\u00e7able : la m\u00e9moire d&rsquo;un monde que l&rsquo;on croyait oubli\u00e9. Les auteurs ont r\u00e9ussi \u00e0 s&rsquo;introduire dans l&rsquo;intimit\u00e9 de la vie des familles, ils ont partag\u00e9s les arcanes du monde tribal et d\u00e9couvert les richesses ignor\u00e9es d&rsquo;un art plein de ma\u00eetrise et de libert\u00e9.<\/span><\/p>\n","protected":false},"excerpt":{"rendered":"<p>Pascal Mar\u00e9chaux, Maria Mar\u00e9chaux, Dominique Champault Pr\u00e9serv\u00e9 \u00e0 l&rsquo;abri de ses d\u00e9serts et de ses montagnes, le Y\u00e9men constitue, encore en ce d\u00e9but du XXI\u00e8me si\u00e8cle, un monde d&rsquo;harmonie et d&rsquo;\u00e9quilibre. Fruit d&rsquo;un lent partage, ce recueil d&rsquo;images glan\u00e9es lunes apr\u00e8s lunes, ann\u00e9es apr\u00e8s ann\u00e9es, constitue un t\u00e9moignage irrempla\u00e7able : la m\u00e9moire d&rsquo;un monde que [&hellip;]<\/p>\n","protected":false},"author":2,"featured_media":0,"parent":0,"menu_order":0,"comment_status":"closed","ping_status":"closed","template":"","meta":{"ngg_post_thumbnail":0,"footnotes":""},"class_list":["post-183","page","type-page","status-publish","hentry"],"_links":{"self":[{"href":"https:\/\/www.naef.douce-france.net\/index.php\/wp-json\/wp\/v2\/pages\/183","targetHints":{"allow":["GET"]}}],"collection":[{"href":"https:\/\/www.naef.douce-france.net\/index.php\/wp-json\/wp\/v2\/pages"}],"about":[{"href":"https:\/\/www.naef.douce-france.net\/index.php\/wp-json\/wp\/v2\/types\/page"}],"author":[{"embeddable":true,"href":"https:\/\/www.naef.douce-france.net\/index.php\/wp-json\/wp\/v2\/users\/2"}],"replies":[{"embeddable":true,"href":"https:\/\/www.naef.douce-france.net\/index.php\/wp-json\/wp\/v2\/comments?post=183"}],"version-history":[{"count":0,"href":"https:\/\/www.naef.douce-france.net\/index.php\/wp-json\/wp\/v2\/pages\/183\/revisions"}],"wp:attachment":[{"href":"https:\/\/www.naef.douce-france.net\/index.php\/wp-json\/wp\/v2\/media?parent=183"}],"curies":[{"name":"wp","href":"https:\/\/api.w.org\/{rel}","templated":true}]}}

Yémen

<p><span style="font-size: 10pt;"><img loading="lazy" decoding="async" class="size-medium wp-image-70 alignleft" src="https://www.georgesnaef.com/wp-content/uploads/2018/12/Yémen-Lunes-dArabie-251x300.jpg" alt="" width="251" height="300"><span style="font-family: arial, helvetica, sans-serif; color: #000080;"><strong><em>Pascal Maréchaux, Maria Maréchaux, Dominique Champault</em></strong></span></span></p>
<p><span style="font-size: 10pt; font-family: arial, helvetica, sans-serif;">Préservé à l&rsquo;abri de ses déserts et de ses montagnes, le Yémen constitue, encore en ce début du XXIème siècle, un monde d&rsquo;harmonie et d&rsquo;équilibre. Fruit d&rsquo;un lent partage, ce recueil d&rsquo;images glanées lunes après lunes, années après années, constitue un témoignage irremplaçable : la mémoire d&rsquo;un monde que l&rsquo;on croyait oublié. Les auteurs ont réussi à s&rsquo;introduire dans l&rsquo;intimité de la vie des familles, ils ont partagés les arcanes du monde tribal et découvert les richesses ignorées d&rsquo;un art plein de maîtrise et de liberté.</span></p>

<p>Pascal Maréchaux, Maria Maréchaux, Dominique Champault Préservé à l&rsquo;abri de ses déserts et de ses montagnes, le Yémen constitue, encore en ce début du XXIème siècle, un monde d&rsquo;harmonie et d&rsquo;équilibre. Fruit d&rsquo;un lent partage, ce recueil d&rsquo;images glanées lunes après lunes, années après années, constitue un témoignage irremplaçable : la mémoire d&rsquo;un monde que [&hellip;]</p>
