{"id":1226,"date":"2019-02-18T16:22:53","date_gmt":"2019-02-18T15:22:53","guid":{"rendered":"https:\/\/www.georgesnaef.com\/?page_id=1226"},"modified":"2019-02-18T16:22:53","modified_gmt":"2019-02-18T15:22:53","slug":"jaime-la-suisse-2","status":"publish","type":"page","link":"https:\/\/www.naef.douce-france.net\/index.php\/jaime-la-suisse-2\/","title":{"rendered":"J&rsquo;aime la suisse"},"content":{"rendered":"<p><span style=\"font-size: 10pt;\"><span style=\"font-family: arial, helvetica, sans-serif; color: #000080;\"><strong><em><img loading=\"lazy\" decoding=\"async\" class=\"size-full wp-image-290 alignleft\" src=\"http:\/\/www.naef.douce-france.net\/wp-content\/uploads\/2018\/12\/Jaime-la-Suisse.jpg\" alt=\"\" width=\"475\" height=\"336\" srcset=\"https:\/\/www.naef.douce-france.net\/wp-content\/uploads\/2018\/12\/Jaime-la-Suisse.jpg 475w, https:\/\/www.naef.douce-france.net\/wp-content\/uploads\/2018\/12\/Jaime-la-Suisse-300x212.jpg 300w\" sizes=\"auto, (max-width: 475px) 100vw, 475px\" \/>Daniel Lanoux, Anselm Zurfluh<br \/>\n<\/em><\/strong><\/span><\/span><span style=\"font-family: arial, helvetica, sans-serif; font-size: 10pt;\">D\u00e9couverte ou red\u00e9couverte des 26 cantons et leurs capitales, leurs histoires, les femmes et les hommes qui ont fa\u00e7onn\u00e9 ce pays aux multiples facettes, les chiffres cl\u00e9s et tout cela argument\u00e9 d&rsquo;aquarelles repr\u00e9sentant la diversit\u00e9 des paysages de cette Suisse que nous aimons tant.<\/span><\/p>\n<p><span style=\"font-family: arial, helvetica, sans-serif; font-size: 12pt;\"><strong>\u20ac 29.&#8211;&nbsp; &nbsp;CHF 34.&#8211;<\/strong><\/span><\/p>\n","protected":false},"excerpt":{"rendered":"<p>Daniel Lanoux, Anselm Zurfluh D\u00e9couverte ou red\u00e9couverte des 26 cantons et leurs capitales, leurs histoires, les femmes et les hommes qui ont fa\u00e7onn\u00e9 ce pays aux multiples facettes, les chiffres cl\u00e9s et tout cela argument\u00e9 d&rsquo;aquarelles repr\u00e9sentant la diversit\u00e9 des paysages de cette Suisse que nous aimons tant. \u20ac 29.&#8211;&nbsp; &nbsp;CHF 34.&#8211;<\/p>\n","protected":false},"author":2,"featured_media":0,"parent":0,"menu_order":0,"comment_status":"closed","ping_status":"closed","template":"","meta":{"ngg_post_thumbnail":0,"footnotes":""},"class_list":["post-1226","page","type-page","status-publish","hentry"],"_links":{"self":[{"href":"https:\/\/www.naef.douce-france.net\/index.php\/wp-json\/wp\/v2\/pages\/1226","targetHints":{"allow":["GET"]}}],"collection":[{"href":"https:\/\/www.naef.douce-france.net\/index.php\/wp-json\/wp\/v2\/pages"}],"about":[{"href":"https:\/\/www.naef.douce-france.net\/index.php\/wp-json\/wp\/v2\/types\/page"}],"author":[{"embeddable":true,"href":"https:\/\/www.naef.douce-france.net\/index.php\/wp-json\/wp\/v2\/users\/2"}],"replies":[{"embeddable":true,"href":"https:\/\/www.naef.douce-france.net\/index.php\/wp-json\/wp\/v2\/comments?post=1226"}],"version-history":[{"count":0,"href":"https:\/\/www.naef.douce-france.net\/index.php\/wp-json\/wp\/v2\/pages\/1226\/revisions"}],"wp:attachment":[{"href":"https:\/\/www.naef.douce-france.net\/index.php\/wp-json\/wp\/v2\/media?parent=1226"}],"curies":[{"name":"wp","href":"https:\/\/api.w.org\/{rel}","templated":true}]}}